000
CXUS56 KTFX 231205
CF6LWT
PRELIMINARY LOCAL CLIMATOLOGICAL DATA (WS FORM: F-6)

                                          STATION:   LEWISTOWN MT
                                          MONTH:     JULY
                                          YEAR:      2016
                                          LATITUDE:   47  2 N
                                          LONGITUDE: 109 28 W

  TEMPERATURE IN F:       :PCPN:    SNOW:  WIND      :SUNSHINE: SKY     :PK WND
================================================================================
1   2   3   4   5  6A  6B    7    8   9   10  11  12  13   14  15   16   17  18
                                     12Z  AVG MX 2MIN
DY MAX MIN AVG DEP HDD CDD  WTR  SNW DPTH SPD SPD DIR MIN PSBL S-S WX    SPD DR
================================================================================

 1  86  55  71   9   0   6 0.00    M    0  6.0 13 120   M    M   1        18 300
 2  87  56  72  10   0   7 0.00    M    0  6.5 20 300   M    M   1        28 290
 3  88  55  72   9   0   7 0.02    M    0  9.1 23 300   M    M   1 3      30 290
 4  84  47  66   3   0   1 0.00    M    0  7.9 17 360   M    M   1        22 340
 5  78  46  62  -1   3   0 0.00    M    0  7.6 15 360   M    M   1        19 360
 6  69  46  58  -6   7   0 0.02    M    0  7.7 28 310   M    M   5 3      42 310
 7  76  43  60  -4   5   0 0.00    M    0  6.0 17 270   M    M   1        22 280
 8  93  53  73   9   0   8 0.11    M    0  7.3 28 270   M    M   2        35 270
 9  85  54  70   6   0   5 0.13    M    0  5.4 32 190   M    M   1 3      42 190
10  69  53  61  -4   4   0 0.70    M    0  7.3 39 300   M    M   6 13     53 300
11  67  49  58  -7   7   0 1.43    M    0 20.4 35 280   M    M   9 13     43 270
12  74  46  60  -5   5   0 0.00    M    0 12.0 22 300   M    M   3        30 300
13  72  49  61  -4   4   0 0.19    M    0  6.7 20 270   M    M   3 3      25 300
14  75  46  61  -5   4   0 0.00    M    0  6.8 16 300   M    M   1        20 350
15  81  48  65  -1   0   0 0.32    M    0 11.5 41 260   M    M   1 13     52 260
16  72  52  62  -4   3   0 0.10    M    0  5.9 15 280   M    M   4 1      19 290
17  77  46  62  -4   3   0 0.30    M    0  7.4 23  70   M    M   3 3      41 260
18  84  55  70   4   0   5 0.00    M    0 12.9 24  90   M    M   1        29 110
19  92  56  74   8   0   9 0.00    M    0  6.0 21 110   M    M   0        28 120
20  88  52  70   3   0   5 0.00    M    0  4.7 16 360   M    M   0        21 360
21  88  55  72   5   0   7 0.00  0.0    0  5.4 12 140   M    M   2        14  10
22  94  57  76   9   0  11 0.07  0.0    0 12.0 40 230   M    M   0 3      50 260
================================================================================
SM 1779 1119        45  71  3.39     0.0 182.5          M       47
================================================================================
AV 80.9 50.9                               8.3 FASTST   M    M   2    MAX(MPH)
                                 MISC ---->  # 41 260               # 53  300
================================================================================
NOTES:
# LAST OF SEVERAL OCCURRENCES

COLUMN 17 PEAK WIND IN M.P.H.

PRELIMINARY LOCAL CLIMATOLOGICAL DATA (WS FORM: F-6) , PAGE 2

                                          STATION:  LEWISTOWN MT
                                          MONTH:    JULY
                                          YEAR:     2016
                                          LATITUDE:   47  2 N
                                          LONGITUDE: 109 28 W

[TEMPERATURE DATA]      [PRECIPITATION DATA]       SYMBOLS USED IN COLUMN 16

AVERAGE MONTHLY: 65.9   TOTAL FOR MONTH:   3.39    1 = FOG OR MIST
DPTR FM NORMAL:   1.0   DPTR FM NORMAL:    1.93    2 = FOG REDUCING VISIBILITY
HIGHEST:    94 ON 22    GRTST 24HR  2.09 ON 10-11      TO 1/4 MILE OR LESS
LOWEST:     43 ON  7                               3 = THUNDER
                        SNOW, ICE PELLETS, HAIL    4 = ICE PELLETS
                        TOTAL MONTH:   0.0 INCH    5 = HAIL
                        GRTST 24HR     0.0         6 = FREEZING RAIN OR DRIZZLE
                        GRTST DEPTH:   0           7 = DUSTSTORM OR SANDSTORM:
                                                       VSBY 1/2 MILE OR LESS
                                                   8 = SMOKE OR HAZE
[NO. OF DAYS WITH]      [WEATHER - DAYS WITH]      9 = BLOWING SNOW
                                                   X = TORNADO
MAX 32 OR BELOW:   0    0.01 INCH OR MORE:  11
MAX 90 OR ABOVE:   3    0.10 INCH OR MORE:   8
MIN 32 OR BELOW:   0    0.50 INCH OR MORE:   2
MIN  0 OR BELOW:   0    1.00 INCH OR MORE:   1

[HDD (BASE 65) ]
TOTAL THIS MO.    45    CLEAR  (SCALE 0-3)  16
DPTR FM NORMAL   -16    PTCLDY (SCALE 4-7)   5
TOTAL FM JUL 1    45    CLOUDY (SCALE 8-10)  1
DPTR FM NORMAL   -16

[CDD (BASE 65) ]
TOTAL THIS MO.    71
DPTR FM NORMAL    15    [PRESSURE DATA]
TOTAL FM JAN 1   128    HIGHEST SLP M ON M
DPTR FM NORMAL    50    LOWEST  SLP 29.59 ON 10

[REMARKS]
