000
CXUS55 KEAX 190736
CF6LXT
PRELIMINARY LOCAL CLIMATOLOGICAL DATA (WS FORM: F-6)

                                          STATION:   Lee`s Summit MO
                                          MONTH:     FEBRUARY
                                          YEAR:      2017
                                          LATITUDE:   38 57 N
                                          LONGITUDE:  94 22 W

  TEMPERATURE IN F:       :PCPN:    SNOW:  WIND      :SUNSHINE: SKY     :PK WND
================================================================================
1   2   3   4   5  6A  6B    7    8   9   10  11  12  13   14  15   16   17  18
                                     12Z  AVG MX 2MIN
DY MAX MIN AVG DEP HDD CDD  WTR  SNW DPTH SPD SPD DIR MIN PSBL S-S WX    SPD DR
================================================================================

 1  43  29  36   6  29   0 0.00    M    M 12.5 21  20   M    M   0        25  10
 2  33  20  27  -3  38   0 0.00    M    M 10.5 21 350   M    M   1        24 350
 3  35  22  29  -2  36   0 0.00    M    M  7.2 15 360   M    M   4        19 340
 4  46  24  35   4  30   0 0.00    M    M 16.2 30 210   M    M   2        39 190
 5  50  30  40   9  25   0 0.00    M    M  6.3 16 220   M    M   0        21 210
 6  58  31  45  14  20   0 0.00    M    M  6.4 14 190   M    M   6 18     18 190
 7  56  30  43  11  22   0 0.00    M    M 11.6 20 320   M    M   5 1      29 310
 8  30  18  24  -8  41   0    T    M    M 13.3 25  20   M    M   6        32 360
 9  36  16  26  -6  39   0 0.00    M    M  8.1 14  20   M    M   1        19 150
10  68  31  50  18  15   0 0.00    M    M 18.8 29 220   M    M   0        39 230
11  73  48  61  28   4   0 0.00    M    M  8.1 18  10   M    M   1 1      22  10
12  53  35  44  11  21   0 0.00    M    M 12.7 25 360   M    M   0        32  20
13  50  30  40   7  25   0 0.00    M    M  3.7 14 200   M    M   5        16 200
14  54  35  45  11  20   0 0.00    M    M  9.1 18 350   M    M   1        22 350
15  52  30  41   7  24   0 0.00    M    M  9.1 21 340   M    M   0        24 350
16  71  38  55  21  10   0 0.00    M    M 15.7 29 230   M    M   0        36 240
17  75  43  59  25   6   0 0.00    M    M 15.2 25 210   M    M   0        30 220
18  71  44  58  23   7   0 0.00    M    M  7.2 13 200   M    M   0        22 210
================================================================================
SM  954  554       412   0    T     M    191.7          M       32
================================================================================
AV 53.0 30.8                              10.7 FASTST   M    M   2    MAX(MPH)
                                 MISC ---->  # 30 210               # 39  190
================================================================================
NOTES:
# LAST OF SEVERAL OCCURRENCES

COLUMN 17 PEAK WIND IN M.P.H.

PRELIMINARY LOCAL CLIMATOLOGICAL DATA (WS FORM: F-6) , PAGE 2

                                          STATION:  Lee`s Summit MO
                                          MONTH:    FEBRUARY
                                          YEAR:     2017
                                          LATITUDE:   38 57 N
                                          LONGITUDE:  94 22 W

[TEMPERATURE DATA]      [PRECIPITATION DATA]       SYMBOLS USED IN COLUMN 16

AVERAGE MONTHLY: 41.9   TOTAL FOR MONTH:      T    1 = FOG OR MIST
DPTR FM NORMAL:   9.6   DPTR FM NORMAL:   -0.96    2 = FOG REDUCING VISIBILITY
HIGHEST:    75 ON 17    GRTST 24HR    T  ON  8- 8      TO 1/4 MILE OR LESS
LOWEST:     16 ON  9                               3 = THUNDER
                        SNOW, ICE PELLETS, HAIL    4 = ICE PELLETS
                        TOTAL MONTH:    M          5 = HAIL
                        GRTST 24HR    M  ON   M    6 = FREEZING RAIN OR DRIZZLE
                        GRTST DEPTH:  M  ON   M    7 = DUSTSTORM OR SANDSTORM:
                                                       VSBY 1/2 MILE OR LESS
                                                   8 = SMOKE OR HAZE
[NO. OF DAYS WITH]      [WEATHER - DAYS WITH]      9 = BLOWING SNOW
                                                   X = TORNADO
MAX 32 OR BELOW:   1    0.01 INCH OR MORE:   0
MAX 90 OR ABOVE:   0    0.10 INCH OR MORE:   0
MIN 32 OR BELOW:  12    0.50 INCH OR MORE:   0
MIN  0 OR BELOW:   0    1.00 INCH OR MORE:   0

[HDD (BASE 65) ]
TOTAL THIS MO.   412    CLEAR  (SCALE 0-3)  13
DPTR FM NORMAL  -176    PTCLDY (SCALE 4-7)   5
TOTAL FM JUL 1  2879    CLOUDY (SCALE 8-10)  0
DPTR FM NORMAL  -796

[CDD (BASE 65) ]
TOTAL THIS MO.     0
DPTR FM NORMAL     0    [PRESSURE DATA]
TOTAL FM JAN 1     0    HIGHEST SLP  0.00 ON M
DPTR FM NORMAL     0    LOWEST  SLP  0.00 ON M

[REMARKS]
