000
CXUS55 KPUB 161059
CF6LXV
PRELIMINARY LOCAL CLIMATOLOGICAL DATA (WS FORM: F-6)

                                          STATION:   LEADVILLE CO
                                          MONTH:     AUGUST
                                          YEAR:      2017
                                          LATITUDE:   39 15 N
                                          LONGITUDE: 106 18 W

  TEMPERATURE IN F:       :PCPN:    SNOW:  WIND      :SUNSHINE: SKY     :PK WND
================================================================================
1   2   3   4   5  6A  6B    7    8   9   10  11  12  13   14  15   16   17  18
                                     12Z  AVG MX 2MIN
DY MAX MIN AVG DEP HDD CDD  WTR  SNW DPTH SPD SPD DIR MIN PSBL S-S WX    SPD DR
================================================================================

 1  68  36  52  -2  13   0 0.04  0.0    0  3.0 16  60   M    M   2 13     22  70
 2  69  34  52  -2  13   0 0.01  0.0    0  5.9 32  10   M    M   3 3      43 320
 3  68  39  54   0  11   0 0.01  0.0    0  7.4 29 360   M    M   4        41 360
 4  70  35  53  -1  12   0    T  0.0    0  7.9 24 300   M    M   3        32 290
 5  69  42  56   2   9   0    T  0.0    0  7.8 22 340   M    M   1 3      30 330
 6  68  37  53  -1  12   0 0.00  0.0    0  5.0 18 190   M    M   2        24 200
 7  58  43  51  -3  14   0 0.68  0.0    0  5.5 16 170   M    M   8 13     21 200
 8  63  38  51  -3  14   0 0.13  0.0    0  5.7 23  10   M    M   7 13     32 280
 9  65  35  50  -4  15   0 0.00  0.0    0  7.0 18 260   M    M   3 3      27 280
10  65  40  53  -1  12   0 0.28  0.0    0  5.1 29 350   M    M   5 13     40 360
11  67  39  53   0  12   0    T  0.0    0  5.8 24 320   M    M   4        34 320
12  68  36  52  -1  13   0 0.01  0.0    0  5.8 30 350   M    M   2 3      40 350
13  66  39  53   0  12   0    T  0.0    0  6.6 18 350   M    M   2 3      29 330
14  66  36  51  -2  14   0 0.19  0.0    0  5.0 29 170   M    M   2 13     40 150
15  62  34  48  -5  17   0 0.00  0.0    0  4.5 18 290   M    M   4        23 290
================================================================================
SM  992  563       193   0  1.35     0.0  88.0          M       52
================================================================================
AV 66.1 37.5                               5.9 FASTST   M    M   3    MAX(MPH)
                                 MISC ---->  # 32  10               # 43  320
================================================================================
NOTES:
# LAST OF SEVERAL OCCURRENCES

COLUMN 17 PEAK WIND IN M.P.H.

PRELIMINARY LOCAL CLIMATOLOGICAL DATA (WS FORM: F-6) , PAGE 2

                                          STATION:  LEADVILLE CO
                                          MONTH:    AUGUST
                                          YEAR:     2017
                                          LATITUDE:   39 15 N
                                          LONGITUDE: 106 18 W

[TEMPERATURE DATA]      [PRECIPITATION DATA]       SYMBOLS USED IN COLUMN 16

AVERAGE MONTHLY: 51.8   TOTAL FOR MONTH:   1.35    1 = FOG OR MIST
DPTR FM NORMAL:  -1.8   DPTR FM NORMAL:    0.32    2 = FOG REDUCING VISIBILITY
HIGHEST:    70 ON  4    GRTST 24HR  0.68 ON  7- 7      TO 1/4 MILE OR LESS
LOWEST:     34 ON 15, 2                            3 = THUNDER
                        SNOW, ICE PELLETS, HAIL    4 = ICE PELLETS
                        TOTAL MONTH:   0.0 INCH    5 = HAIL
                        GRTST 24HR     0.0         6 = FREEZING RAIN OR DRIZZLE
                        GRTST DEPTH:   0           7 = DUSTSTORM OR SANDSTORM:
                                                       VSBY 1/2 MILE OR LESS
                                                   8 = SMOKE OR HAZE
[NO. OF DAYS WITH]      [WEATHER - DAYS WITH]      9 = BLOWING SNOW
                                                   X = TORNADO
MAX 32 OR BELOW:   0    0.01 INCH OR MORE:   8
MAX 90 OR ABOVE:   0    0.10 INCH OR MORE:   4
MIN 32 OR BELOW:   0    0.50 INCH OR MORE:   1
MIN  0 OR BELOW:   0    1.00 INCH OR MORE:   0

[HDD (BASE 65) ]
TOTAL THIS MO.   193    CLEAR  (SCALE 0-3)   7
DPTR FM NORMAL    23    PTCLDY (SCALE 4-7)   8
TOTAL FM JUL 1   453    CLOUDY (SCALE 8-10)  0
DPTR FM NORMAL   -53

[CDD (BASE 65) ]
TOTAL THIS MO.     0
DPTR FM NORMAL     0    [PRESSURE DATA]
TOTAL FM JAN 1     0    HIGHEST SLP M ON M
DPTR FM NORMAL     0    LOWEST  SLP 29.79 ON 14

[REMARKS]
