000
CXUS51 KRNK 210928
CF6LYH
PRELIMINARY LOCAL CLIMATOLOGICAL DATA (WS FORM: F-6)

                                          STATION:   LYNCHBURG VA
                                          MONTH:     FEBRUARY
                                          YEAR:      2018
                                          LATITUDE:   37 19 N
                                          LONGITUDE:  79 12 W

  TEMPERATURE IN F:       :PCPN:    SNOW:  WIND      :SUNSHINE: SKY     :PK WND
================================================================================
1   2   3   4   5  6A  6B    7    8   9   10  11  12  13   14  15   16   17  18
                                     12Z  AVG MX 2MIN
DY MAX MIN AVG DEP HDD CDD  WTR  SNW DPTH SPD SPD DIR MIN PSBL S-S WX    SPD DR
================================================================================

 1  54  27  41   5  24   0    T  0.0    0  8.9 16 200   M    M   3        22 200
 2  44  14  29  -7  36   0    T  0.0    0  7.0 17 270   M    M   2        27 240
 3  37  10  24 -12  41   0 0.00  0.0    0  4.6 14 190   M    M   2        18 200
 4  34  29  32  -4  33   0 0.93  0.2    T  4.3 10  20   M    M   9 146    16 180
 5  40  23  32  -4  33   0 0.00  0.0    0  4.1 12 270   M    M   1 1      19 280
 6  50  22  36  -1  29   0 0.00  0.0    0  3.8 15  40   M    M   7        18  40
 7  43  31  37   0  28   0 0.61  0.0    0  5.7 16  40   M    M   9 16     19  40
 8  44  26  35  -2  30   0 0.00  0.0    0  3.9 13 260   M    M   1        20 280
 9  53  22  38   1  27   0 0.00  0.0    0  4.7 16 190   M    M   0        20 190
10  47  33  40   3  25   0 1.68  0.0    0  1.7  8 190   M    M  10 12      9 200
11  65  46  56  19   9   0 2.04  0.0    0  6.9 16 200   M    M   9 1      21 200
12  61  36  49  11  16   0    T  0.0    0  5.3 14  60   M    M   7 1      18 340
13  40  28  34  -4  31   0 0.02  0.0    0  4.2 14  60   M    M   8        17  40
14  51  27  39   1  26   0 0.03  0.0    0  6.1 14 190   M    M   2 1      18 200
15  70  46  58  20   7   0 0.01  0.0    0 10.3 20 190   M    M   3 1      24 210
16  64  45  55  17  10   0 0.03  0.0    0  5.8 15 300   M    M   7 1      23 320
17  45  33  39   1  26   0 0.13  0.0    0  4.9  9  60   M    M   6 1      11  10
18  56  32  44   5  21   0 0.00  0.0    0  4.6 12 140   M    M   2 12     14 140
19  50  39  45   6  20   0 0.20  0.0    0  3.4  9 170   M    M   9 1      13 140
20  73  46  60  21   5   0 0.00  0.0    0  8.0 25 200   M    M   6 12     32 180
================================================================================
SM 1021  615       477   0  5.68     0.2 108.2          M      103
================================================================================
AV 51.1 30.8                               5.4 FASTST   M    M   5    MAX(MPH)
                                 MISC ---->  # 25 200               # 32  180
================================================================================
NOTES:
# LAST OF SEVERAL OCCURRENCES

COLUMN 17 PEAK WIND IN M.P.H.

PRELIMINARY LOCAL CLIMATOLOGICAL DATA (WS FORM: F-6) , PAGE 2

                                          STATION:  LYNCHBURG VA
                                          MONTH:    FEBRUARY
                                          YEAR:     2018
                                          LATITUDE:   37 19 N
                                          LONGITUDE:  79 12 W

[TEMPERATURE DATA]      [PRECIPITATION DATA]       SYMBOLS USED IN COLUMN 16

AVERAGE MONTHLY: 40.9   TOTAL FOR MONTH:   5.68    1 = FOG OR MIST
DPTR FM NORMAL:   3.6   DPTR FM NORMAL:    3.59    2 = FOG REDUCING VISIBILITY
HIGHEST:    73 ON 20    GRTST 24HR  2.04 ON 11-11      TO 1/4 MILE OR LESS
LOWEST:     10 ON  3                               3 = THUNDER
                        SNOW, ICE PELLETS, HAIL    4 = ICE PELLETS
                        TOTAL MONTH:   0.2 INCH    5 = HAIL
                        GRTST 24HR   0.2 ON  4- 4  6 = FREEZING RAIN OR DRIZZLE
                        GRTST DEPTH:   T           7 = DUSTSTORM OR SANDSTORM:
                                                       VSBY 1/2 MILE OR LESS
                                                   8 = SMOKE OR HAZE
[NO. OF DAYS WITH]      [WEATHER - DAYS WITH]      9 = BLOWING SNOW
                                                   X = TORNADO
MAX 32 OR BELOW:   0    0.01 INCH OR MORE:  10
MAX 90 OR ABOVE:   0    0.10 INCH OR MORE:   6
MIN 32 OR BELOW:  12    0.50 INCH OR MORE:   4
MIN  0 OR BELOW:   0    1.00 INCH OR MORE:   2

[HDD (BASE 65) ]
TOTAL THIS MO.   477    CLEAR  (SCALE 0-3)   9
DPTR FM NORMAL   -76    PTCLDY (SCALE 4-7)   5
TOTAL FM JUL 1  3133    CLOUDY (SCALE 8-10)  6
DPTR FM NORMAL   -92

[CDD (BASE 65) ]
TOTAL THIS MO.     0
DPTR FM NORMAL     0    [PRESSURE DATA]
TOTAL FM JAN 1     0    HIGHEST SLP M ON M
DPTR FM NORMAL     0    LOWEST  SLP 29.74 ON 16

[REMARKS]
