000
CXUS54 KLZK 281130
CF6LZK
PRELIMINARY LOCAL CLIMATOLOGICAL DATA (WS FORM: F-6)

                                          STATION:   North Little Rock
                                          MONTH:     JUNE
                                          YEAR:      2017
                                          LATITUDE:   34 50 N
                                          LONGITUDE:  92 16 W

  TEMPERATURE IN F:       :PCPN:    SNOW:  WIND      :SUNSHINE: SKY     :PK WND
================================================================================
1   2   3   4   5  6A  6B    7    8   9   10  11  12  13   14  15   16   17  18
                                     12Z  AVG MX 2MIN
DY MAX MIN AVG DEP HDD CDD  WTR  SNW DPTH SPD SPD DIR MIN PSBL S-S WX    SPD DR
================================================================================

 1  84  67  76   1   0  11 0.51  0.0    0  2.7  9 110   M    M   0        17 110
 2  82  66  74  -2   0   9 0.00  0.0    0  4.4 10  90   M    M   0        24  90
 3  84  69  77   1   0  12 1.65  0.0    0  2.7  9 110   M    M   0        20 360
 4  80  71  76   0   0  11 0.13  0.0    0  1.8  6 140   M    M   0         M  M
 5  78  69  74  -2   0   9 1.31  0.0    0  2.6  6  50   M    M   0         M  M
 6  88  68  78   1   0  13 0.00  0.0    0  6.8  9  50   M    M   0        20  70
 7  81  63  72  -5   0   7 0.00  0.0    0  4.7  7  50   M    M   0         M  M
 8  79  62  71  -6   0   6 0.00  0.0    0  4.3  7  50   M    M   0         M  M
 9  83  60  72  -5   0   7 0.00  0.0    0  1.7  6 160   M    M   0         M  M
10  85  65  75  -3   0  10 0.00  0.0    0  4.9  8 200   M    M   0        18 200
11  88  70  79   1   0  14 0.00  0.0    0  5.8  9 180   M    M   0        17 160
12  88  72  80   2   0  15 0.01  0.0    0  5.8  8 180   M    M   0 1      18 180
13  86  71  79   1   0  14 0.13  0.0    0  4.8  7 140   M    M   0         M  M
14  89  73  81   2   0  16 0.00  0.0    0  5.6  7 220   M    M   0         M  M
15  87  70  79   0   0  14 0.01  0.0    0  3.2  9  50   M    M   0        25  50
16  90  72  81   2   0  16 0.00  0.0    0  3.3  9 140   M    M   0         M  M
17  88  70  79   0   0  14 0.01  0.0    0  5.9  8 200   M    M   0        16 200
18  83  69  76  -4   0  11 0.68  0.0    0  3.6  7 320   M    M   0 13      M  M
19  86  63  75  -5   0  10 0.34  0.0    0  3.0  6  50   M    M   0         M  M
20  89  69  79  -1   0  14 0.00  0.0    0  3.2  6  90   M    M   0         M  M
21  87  69  78  -2   0  13    T  0.0    0  8.2 13 110   M    M   0        21  90
22  85  73  79  -1   0  14 0.77  0.0    0  7.8  9 140   M    M   0        27 140
23  88  69  79  -1   0  14 0.51  0.0    0  4.3 10 140   M    M   0 13     33 360
24  81  68  75  -6   0  10    T  0.0    M  5.1  7  20   M    M   0         M  M
25  85  65  75  -6   0  10 0.00  0.0    0  3.4  6  90   M    M   0         M  M
26  84  68  76  -5   0  11    T  0.0    0  2.0  5 160   M    M   0         M  M
27  84  63  74  -7   0   9 0.00  0.0    0  4.1  8  90   M    M   0         M  M
================================================================================
SM 2292 1834         0 314  6.06     0.0 115.7          M        0
================================================================================
AV 84.9 67.9                               4.3 FASTST   M    M   0    MAX(MPH)
                                 MISC ---->  # 13 110               # 33  360
================================================================================
NOTES:
# LAST OF SEVERAL OCCURRENCES

COLUMN 17 PEAK WIND IN M.P.H.

PRELIMINARY LOCAL CLIMATOLOGICAL DATA (WS FORM: F-6) , PAGE 2

                                          STATION:  North Little Rock
                                          MONTH:    JUNE
                                          YEAR:     2017
                                          LATITUDE:   34 50 N
                                          LONGITUDE:  92 16 W

[TEMPERATURE DATA]      [PRECIPITATION DATA]       SYMBOLS USED IN COLUMN 16

AVERAGE MONTHLY: 76.4   TOTAL FOR MONTH:   6.06    1 = FOG OR MIST
DPTR FM NORMAL:  -2.1   DPTR FM NORMAL:    3.08    2 = FOG REDUCING VISIBILITY
HIGHEST:    90 ON 16    GRTST 24HR  1.65 ON  3- 3      TO 1/4 MILE OR LESS
LOWEST:     60 ON  9                               3 = THUNDER
                        SNOW, ICE PELLETS, HAIL    4 = ICE PELLETS
                        TOTAL MONTH:   0.0 INCH    5 = HAIL
                        GRTST 24HR     0.0         6 = FREEZING RAIN OR DRIZZLE
                        GRTST DEPTH:   0           7 = DUSTSTORM OR SANDSTORM:
                                                       VSBY 1/2 MILE OR LESS
                                                   8 = SMOKE OR HAZE
[NO. OF DAYS WITH]      [WEATHER - DAYS WITH]      9 = BLOWING SNOW
                                                   X = TORNADO
MAX 32 OR BELOW:   0    0.01 INCH OR MORE:  12
MAX 90 OR ABOVE:   1    0.10 INCH OR MORE:   9
MIN 32 OR BELOW:   0    0.50 INCH OR MORE:   6
MIN  0 OR BELOW:   0    1.00 INCH OR MORE:   2

[HDD (BASE 65) ]
TOTAL THIS MO.     0    CLEAR  (SCALE 0-3)  27
DPTR FM NORMAL     0    PTCLDY (SCALE 4-7)   0
TOTAL FM JUL 1  2198    CLOUDY (SCALE 8-10)  0
DPTR FM NORMAL  -807

[CDD (BASE 65) ]
TOTAL THIS MO.   314
DPTR FM NORMAL   -50    [PRESSURE DATA]
TOTAL FM JAN 1   617    HIGHEST SLP M ON M
DPTR FM NORMAL   -43    LOWEST  SLP M ON M

[REMARKS]
