000
CXUS56 KHNX 281146
CF6MAE
PRELIMINARY LOCAL CLIMATOLOGICAL DATA (WS FORM: F-6)

                                          STATION:   MADERA CA AIRPORT
                                          MONTH:     FEBRUARY
                                          YEAR:      2015
                                          LATITUDE:   36 58 N
                                          LONGITUDE: 120  7 W

  TEMPERATURE IN F:       :PCPN:    SNOW:  WIND      :SUNSHINE: SKY     :PK WND
================================================================================
1   2   3   4   5  6A  6B    7    8   9   10  11  12  13   14  15   16   17  18
                                     12Z  AVG MX 2MIN
DY MAX MIN AVG DEP HDD CDD  WTR  SNW DPTH SPD SPD DIR MIN PSBL S-S WX    SPD DR
================================================================================

 1  68  39  54   6  11   0 0.00  0.0    0  3.5  8 340   M    M   0 18     23 150
 2  68  41  55   7  10   0 0.00  0.0    0  1.2  7 280   M    M   2 128    43 330
 3  69  40  55   7  10   0 0.00  0.0    0  3.3  8 170   M    M   1 128    11 160
 4  76  43  60  12   5   0 0.00  0.0    0  4.9 10 140   M    M   0 18     13 160
 5  72  42  57   8   8   0 0.00  0.0    0  5.1 12 120   M    M   0 18     18  60
 6  72  57  65  16   0   0    T  0.0    0 11.0 23 210   M    M   3 3      33 220
 7  69  56  63  14   2   0 0.37  0.0    0 12.8 17 140   M    M   8 1      22 120
 8  74  59  67  18   0   2 0.08  0.0    0 15.2 25 150   M    M   8 1      30 150
 9  69  52  61  11   4   0 0.00  0.0    0  9.0 17 320   M    M   1        23 320
10  61  42  52   2  13   0 0.00  0.0    0  3.7 15 300   M    M   1 12     20 310
11  68  38  53   3  12   0 0.00  0.0    0  1.8  7  20   M    M   1 128     8 360
12  72  41  57   7   8   0 0.00  0.0    0  1.9  8 280   M    M   3 128    23  30
13  75  42  59   9   6   0 0.00  0.0    0  2.8  8 260   M    M   1 128    10 300
14  75  42  59   9   6   0 0.00  0.0    0  3.4  9 350   M    M   1 128    10 360
15  74  42  58   7   7   0 0.00  0.0    0  1.6  7 250   M    M   2 128     9 280
16  75  42  59   8   6   0 0.00  0.0    0  2.6  9 340   M    M   1 128    12 350
17  73  42  58   7   7   0 0.00  0.0    0  4.3  9 300   M    M   1 128     M  M
18  67  44  56   5   9   0 0.00  0.0    0  5.2 12  20   M    M   3 128    30  80
19  68  43  56   5   9   0 0.00  0.0    0  4.8 14 340   M    M   5 128    17 330
20  54  49  52   0  13   0 0.00  0.0    0  3.8 10 350   M    M  10 128    12 340
21  59  42  51  -1  14   0 0.00  0.0    0  2.2  7  40   M    M   7 128     9  80
22  58  43  51  -1  14   0 0.08  0.0    0  3.1  9 350   M    M   9 128    11 360
23  59  39  49  -3  16   0 0.01  0.0    0  6.1 16  80   M    M   7 18     19  80
24  65  33  49  -3  16   0 0.00  0.0    0  1.9  7  80   M    M   0 1      21 150
25  67  36  52   0  13   0 0.00  0.0    0  2.7 10 300   M    M   0 1      15 310
26  67  39  53   1  12   0 0.00  0.0    0  3.6 12 330   M    M   0 1      17 330
27  67  39  53   0  12   0 0.00  0.0    0   M   M   M   M    M   2 18      M  M
================================================================================
SM 1841 1167       243   2  0.54     0.0 121.5          M       77
================================================================================
AV 68.2 43.2                               4.7 FASTST   M    M   3    MAX(MPH)
                                 MISC ---->  # 25 150               # 43  330
================================================================================
NOTES:
# LAST OF SEVERAL OCCURRENCES

COLUMN 17 PEAK WIND IN M.P.H.

PRELIMINARY LOCAL CLIMATOLOGICAL DATA (WS FORM: F-6) , PAGE 2

                                          STATION:  MADERA CA AIRPORT
                                          MONTH:    FEBRUARY
                                          YEAR:     2015
                                          LATITUDE:   36 58 N
                                          LONGITUDE: 120  7 W

[TEMPERATURE DATA]      [PRECIPITATION DATA]       SYMBOLS USED IN COLUMN 16

AVERAGE MONTHLY: 55.7   TOTAL FOR MONTH:   0.54    1 = FOG OR MIST
DPTR FM NORMAL:   5.3   DPTR FM NORMAL:   -1.51    2 = FOG REDUCING VISIBILITY
HIGHEST:    76 ON  4    GRTST 24HR  0.37 ON  7- 7      TO 1/4 MILE OR LESS
LOWEST:     33 ON 24                               3 = THUNDER
                        SNOW, ICE PELLETS, HAIL    4 = ICE PELLETS
                        TOTAL MONTH:   0.0 INCH    5 = HAIL
                        GRTST 24HR     0.0         6 = FREEZING RAIN OR DRIZZLE
                        GRTST DEPTH:   0           7 = DUSTSTORM OR SANDSTORM:
                                                       VSBY 1/2 MILE OR LESS
                                                   8 = SMOKE OR HAZE
[NO. OF DAYS WITH]      [WEATHER - DAYS WITH]      9 = BLOWING SNOW
                                                   X = TORNADO
MAX 32 OR BELOW:   0    0.01 INCH OR MORE:   4
MAX 90 OR ABOVE:   0    0.10 INCH OR MORE:   1
MIN 32 OR BELOW:   0    0.50 INCH OR MORE:   0
MIN  0 OR BELOW:   0    1.00 INCH OR MORE:   0

[HDD (BASE 65) ]
TOTAL THIS MO.   243    CLEAR  (SCALE 0-3)  17
DPTR FM NORMAL  -151    PTCLDY (SCALE 4-7)   7
TOTAL FM JUL 1  1436    CLOUDY (SCALE 8-10)  3
DPTR FM NORMAL  -634

[CDD (BASE 65) ]
TOTAL THIS MO.     2
DPTR FM NORMAL     2    [PRESSURE DATA]
TOTAL FM JAN 1     2    HIGHEST SLP M ON M
DPTR FM NORMAL     2    LOWEST  SLP 29.71 ON 27

[REMARKS]
