000
CXUS53 KDTX 240800
CF6MBS
PRELIMINARY LOCAL CLIMATOLOGICAL DATA (WS FORM: F-6)

                                          STATION:   TRI CITIES MI
                                          MONTH:     OCTOBER
                                          YEAR:      2014
                                          LATITUDE:   43 31 N
                                          LONGITUDE:  84  5 W

  TEMPERATURE IN F:       :PCPN:    SNOW:  WIND      :SUNSHINE: SKY     :PK WND
================================================================================
1   2   3   4   5  6A  6B    7    8   9   10  11  12  13   14  15   16   17  18
                                     12Z  AVG MX 2MIN
DY MAX MIN AVG DEP HDD CDD  WTR  SNW DPTH SPD SPD DIR MIN PSBL S-S WX    SPD DR
================================================================================

 1  69  52  61   6   4   0 0.01  0.0    0  5.7 14 160   M    M   8 128    19 140
 2  69  52  61   6   4   0 0.16  0.0    0  8.6 16 180   M    M   7 138    21 170
 3  68  50  59   5   6   0 0.63  0.0    0 14.2 28 250   M    M   9 13     35 280
 4  51  43  47  -7  18   0 0.06  0.0    0 13.9 25 240   M    M   8 18     34 240
 5  55  44  50  -4  15   0    T  0.0    0 10.4 26 250   M    M   9        33 250
 6  65  47  56   3   9   0 0.15  0.0    0  9.3 20 250   M    M   7 1      26 270
 7  66  45  56   3   9   0 0.05  0.0    0 11.1 25 220   M    M   4 3      32 220
 8  59  39  49  -3  16   0 0.00  0.0    0 14.4 32 260   M    M   3        39 260
 9  59  36  48  -4  17   0 0.00  0.0    0  8.9 20 260   M    M   1        23 270
10  58  36  47  -5  18   0 0.00  0.0    0  5.9 14 280   M    M   4        18 270
11  58  33  46  -5  19   0 0.00  0.0    0  4.4 12 270   M    M   1        15 260
12  62  34  48  -3  17   0 0.00  0.0    0  7.1 17 150   M    M   0        22 140
13  71  48  60   9   5   0 0.07    M    0  7.8 21 160   M    M   8 18     27 170
14  72  60  66  16   0   1 0.77  0.0    0 11.6 26 170   M    M   7 1      34 170
15  66  54  60  10   5   0 0.01  0.0    0  6.3 12  50   M    M   9 12     15 140
16  64  54  59   9   6   0 0.01  0.0    0  7.4 13 280   M    M   9 1      16  40
17  63  47  55   6  10   0 0.07  0.0    0 13.5 26 260   M    M  10 1      34 260
18  49  37  43  -6  22   0    T  0.0    0 12.7 23 340   M    M   8        26 350
19  53  30  42  -7  23   0 0.00  0.0    0  7.7 14 230   M    M   2        18 260
20  59  48  54   6  11   0 0.05  0.0    0  9.1 18 340   M    M  10        22 340
21  50  40  45  -3  20   0    T  0.0    0 12.1 18  30   M    M   8 1      27 350
22  49  37  43  -5  22   0 0.00  0.0    0  6.2 13 340   M    M   9        14 340
23  53  29  41  -6  24   0 0.00  0.0    0  3.1 10 270   M    M   3 12     15 280
================================================================================
SM 1388  995       300   1  2.04     0.0 211.4          M      144
================================================================================
AV 60.3 43.3                               9.2 FASTST   M    M   6    MAX(MPH)
                                 MISC ---->  # 32 260               # 39  260
================================================================================
NOTES:
# LAST OF SEVERAL OCCURRENCES

COLUMN 17 PEAK WIND IN M.P.H.

PRELIMINARY LOCAL CLIMATOLOGICAL DATA (WS FORM: F-6) , PAGE 2

                                          STATION:  TRI CITIES MI
                                          MONTH:    OCTOBER
                                          YEAR:     2014
                                          LATITUDE:   43 31 N
                                          LONGITUDE:  84  5 W

[TEMPERATURE DATA]      [PRECIPITATION DATA]       SYMBOLS USED IN COLUMN 16

AVERAGE MONTHLY: 51.8   TOTAL FOR MONTH:   2.04    1 = FOG OR MIST
DPTR FM NORMAL:   0.7   DPTR FM NORMAL:    0.08    2 = FOG REDUCING VISIBILITY
HIGHEST:    72 ON 14    GRTST 24HR  0.79 ON  2- 3      TO 1/4 MILE OR LESS
LOWEST:     29 ON 23                               3 = THUNDER
                        SNOW, ICE PELLETS, HAIL    4 = ICE PELLETS
                        TOTAL MONTH:   0.0 INCH    5 = HAIL
                        GRTST 24HR     0.0         6 = FREEZING RAIN OR DRIZZLE
                        GRTST DEPTH:   0           7 = DUSTSTORM OR SANDSTORM:
                                                       VSBY 1/2 MILE OR LESS
                                                   8 = SMOKE OR HAZE
[NO. OF DAYS WITH]      [WEATHER - DAYS WITH]      9 = BLOWING SNOW
                                                   X = TORNADO
MAX 32 OR BELOW:   0    0.01 INCH OR MORE:  12
MAX 90 OR ABOVE:   0    0.10 INCH OR MORE:   4
MIN 32 OR BELOW:   2    0.50 INCH OR MORE:   2
MIN  0 OR BELOW:   0    1.00 INCH OR MORE:   0

[HDD (BASE 65) ]
TOTAL THIS MO.   300    CLEAR  (SCALE 0-3)   6
DPTR FM NORMAL   -25    PTCLDY (SCALE 4-7)   9
TOTAL FM JUL 1   466    CLOUDY (SCALE 8-10)  8
DPTR FM NORMAL   -58

[CDD (BASE 65) ]
TOTAL THIS MO.     1
DPTR FM NORMAL    -1    [PRESSURE DATA]
TOTAL FM JAN 1   539    HIGHEST SLP M ON M
DPTR FM NORMAL   -15    LOWEST  SLP 29.38 ON  3

[REMARKS]
