000
CXUS55 KLIX 181000
CF6MCB
PRELIMINARY LOCAL CLIMATOLOGICAL DATA (WS FORM: F-6)

                                          STATION:   MCCOMB
                                          MONTH:     NOVEMBER
                                          YEAR:      2017
                                          LATITUDE:   31 10 N
                                          LONGITUDE:  90 28 W

  TEMPERATURE IN F:       :PCPN:    SNOW:  WIND      :SUNSHINE: SKY     :PK WND
================================================================================
1   2   3   4   5  6A  6B    7    8   9   10  11  12  13   14  15   16   17  18
                                     12Z  AVG MX 2MIN
DY MAX MIN AVG DEP HDD CDD  WTR  SNW DPTH SPD SPD DIR MIN PSBL S-S WX    SPD DR
================================================================================

 1  68  55  62   0   3   0 0.46  0.0    0  8.3 20 170   M    M   8 1      24 170
 2  83  67  75  13   0  10 0.00  0.0    0  8.1 15 180   M    M   8        19 180
 3  84  65  75  14   0  10 0.00  0.0    0  3.5  9 260   M    M   5 1      13 210
 4  81  65  73  12   0   8 0.00  0.0    0  4.2 12 190   M    M   6 128    15 170
 5  82  65  74  13   0   9 0.00  0.0    0  5.9 14 220   M    M   6 12     15 150
 6  82  68  75  15   0  10    T  0.0    0  4.7 10 200   M    M   6 1      14 210
 7  82  66  74  14   0   9 0.00  0.0    0  3.8 14 280   M    M   5 1      18 290
 8  69  54  62   2   3   0 0.07  0.0    0  7.5 14 340   M    M  10 18     18 350
 9  64  50  57  -3   8   0 0.10  0.0    0  7.2 14  10   M    M   7 1      20  20
10  68  45  57  -2   8   0 0.00  0.0    0  4.9 14  10   M    M   0        20  20
11  71  45  58  -1   7   0 0.00  0.0    0  2.7 10 180   M    M   1        13 180
12  71  51  61   3   4   0 0.00  0.0    0  3.7 10  20   M    M   6 1      14  10
13  70  53  62   4   3   0    T  0.0    0  5.6 14  60   M    M   2 1      19  40
14  71  48  60   2   5   0 0.00  0.0    0  2.6  8  60   M    M   0        12  80
15  74  48  61   3   4   0 0.00  0.0    0  2.8 12 140   M    M   0 1      14 140
16  76  51  64   7   1   0 0.00  0.0    0  0.9  7 160   M    M   6 12     10 160
17  77  53  65   8   0   0 0.00  0.0    0  6.0 16 180   M    M   2 18     21 190
================================================================================
SM 1273  949        46  56  0.63     0.0  82.4          M       78
================================================================================
AV 74.9 55.8                               4.8 FASTST   M    M   5    MAX(MPH)
                                 MISC ---->  # 20 170               # 24  170
================================================================================
NOTES:
# LAST OF SEVERAL OCCURRENCES

COLUMN 17 PEAK WIND IN M.P.H.

PRELIMINARY LOCAL CLIMATOLOGICAL DATA (WS FORM: F-6) , PAGE 2

                                          STATION:  MCCOMB
                                          MONTH:    NOVEMBER
                                          YEAR:     2017
                                          LATITUDE:   31 10 N
                                          LONGITUDE:  90 28 W

[TEMPERATURE DATA]      [PRECIPITATION DATA]       SYMBOLS USED IN COLUMN 16

AVERAGE MONTHLY: 65.4   TOTAL FOR MONTH:   0.63    1 = FOG OR MIST
DPTR FM NORMAL:   5.9   DPTR FM NORMAL:   -1.75    2 = FOG REDUCING VISIBILITY
HIGHEST:    84 ON  3    GRTST 24HR  0.46 ON  1- 1      TO 1/4 MILE OR LESS
LOWEST:     45 ON 11,10                            3 = THUNDER
                        SNOW, ICE PELLETS, HAIL    4 = ICE PELLETS
                        TOTAL MONTH:   0.0 INCH    5 = HAIL
                        GRTST 24HR     0.0         6 = FREEZING RAIN OR DRIZZLE
                        GRTST DEPTH:   0           7 = DUSTSTORM OR SANDSTORM:
                                                       VSBY 1/2 MILE OR LESS
                                                   8 = SMOKE OR HAZE
[NO. OF DAYS WITH]      [WEATHER - DAYS WITH]      9 = BLOWING SNOW
                                                   X = TORNADO
MAX 32 OR BELOW:   0    0.01 INCH OR MORE:   3
MAX 90 OR ABOVE:   0    0.10 INCH OR MORE:   2
MIN 32 OR BELOW:   0    0.50 INCH OR MORE:   0
MIN  0 OR BELOW:   0    1.00 INCH OR MORE:   0

[HDD (BASE 65) ]
TOTAL THIS MO.    46    CLEAR  (SCALE 0-3)   6
DPTR FM NORMAL   -70    PTCLDY (SCALE 4-7)  10
TOTAL FM JUL 1   120    CLOUDY (SCALE 8-10)  1
DPTR FM NORMAL   -75

[CDD (BASE 65) ]
TOTAL THIS MO.    56
DPTR FM NORMAL    35    [PRESSURE DATA]
TOTAL FM JAN 1  2545    HIGHEST SLP M ON M
DPTR FM NORMAL   291    LOWEST  SLP 29.91 ON  1

[REMARKS]
