000
CXUS56 KHNX 211146
CF6MCE
PRELIMINARY LOCAL CLIMATOLOGICAL DATA (WS FORM: F-6)

                                          STATION:   MERCED CA AIRPORT
                                          MONTH:     FEBRUARY
                                          YEAR:      2017
                                          LATITUDE:   37 16 N
                                          LONGITUDE: 120 36 W

  TEMPERATURE IN F:       :PCPN:    SNOW:  WIND      :SUNSHINE: SKY     :PK WND
================================================================================
1   2   3   4   5  6A  6B    7    8   9   10  11  12  13   14  15   16   17  18
                                     12Z  AVG MX 2MIN
DY MAX MIN AVG DEP HDD CDD  WTR  SNW DPTH SPD SPD DIR MIN PSBL S-S WX    SPD DR
================================================================================

 1  63  40  52   5  13   0 0.00  0.0    0  3.8 15 120   M    M   2 128    25 170
 2  63  50  57  10   8   0 0.16  0.0    0 11.5 20 140   M    M   7 18     25 150
 3  65  54  60  12   5   0 0.40  0.0    0  8.9 23 130   M    M   6 1      30 130
 4  64  46  55   7  10   0 0.00  0.0    0  1.6  7 120   M    M   1 12     13 290
 5  61  44  53   5  12   0 0.22  0.0    0  8.7 23 130   M    M   3 1      27 130
 6  58  52  55   7  10   0 0.18  0.0    0 13.7 24 130   M    M   9 1      31 130
 7  62  54  58  10   7   0 0.55  0.0    0 12.5 31 150   M    M  10 1      40 150
 8  65  57  61  13   4   0 0.03  0.0    0  6.9 14 120   M    M   6 1      19 120
 9  62  55  59  10   6   0 0.48  0.0    0  6.1 16 100   M    M   4 18     19 100
10  61  50  56   7   9   0 0.35  0.0    0  7.0 17 330   M    M   8 1      20 330
11  60  42  51   2  14   0 0.00  0.0    0  7.3 17 320   M    M   4        21 320
12  60  38  49   0  16   0 0.00  0.0    0  2.6  8 130   M    M   1 128    12 160
13  62  37  50   1  15   0 0.00  0.0    0  2.6  8 250   M    M   0 1      14 230
14  65  41  53   3  12   0 0.00  0.0    0  1.6  7 100   M    M   2 128     9 240
15  65  43  54   4  11   0 0.00  0.0    0  5.5 14 120   M    M   0 18     16 120
16  62  51  57   7   8   0 0.03  0.0    0  9.7 20 150   M    M   4 18     23 170
17  56  51  54   4  11   0 0.56  0.0    0 19.9 33 120   M    M   9 1      43 120
18  64  46  55   5  10   0 0.00  0.0    0  8.5 18 320   M    M   8        22 320
19  55  42  49  -1  16   0 0.03  0.0    0 10.6 21 120   M    M   8 18     28 120
20  68  51  60   9   5   0 0.51  0.0    0 17.8 30 150   M    M   9 1      40 140
================================================================================
SM 1241  944       202   0  3.50     0.0 166.8          M      101
================================================================================
AV 62.1 47.2                               8.3 FASTST   M    M   5    MAX(MPH)
                                 MISC ---->  # 33 120               # 43  120
================================================================================
NOTES:
# LAST OF SEVERAL OCCURRENCES

COLUMN 17 PEAK WIND IN M.P.H.

PRELIMINARY LOCAL CLIMATOLOGICAL DATA (WS FORM: F-6) , PAGE 2

                                          STATION:  MERCED CA AIRPORT
                                          MONTH:    FEBRUARY
                                          YEAR:     2017
                                          LATITUDE:   37 16 N
                                          LONGITUDE: 120 36 W

[TEMPERATURE DATA]      [PRECIPITATION DATA]       SYMBOLS USED IN COLUMN 16

AVERAGE MONTHLY: 54.6   TOTAL FOR MONTH:   3.50    1 = FOG OR MIST
DPTR FM NORMAL:   5.7   DPTR FM NORMAL:    1.89    2 = FOG REDUCING VISIBILITY
HIGHEST:    68 ON 20    GRTST 24HR  0.83 ON  9-10      TO 1/4 MILE OR LESS
LOWEST:     37 ON 13                               3 = THUNDER
                        SNOW, ICE PELLETS, HAIL    4 = ICE PELLETS
                        TOTAL MONTH:   0.0 INCH    5 = HAIL
                        GRTST 24HR     0.0         6 = FREEZING RAIN OR DRIZZLE
                        GRTST DEPTH:   0           7 = DUSTSTORM OR SANDSTORM:
                                                       VSBY 1/2 MILE OR LESS
                                                   8 = SMOKE OR HAZE
[NO. OF DAYS WITH]      [WEATHER - DAYS WITH]      9 = BLOWING SNOW
                                                   X = TORNADO
MAX 32 OR BELOW:   0    0.01 INCH OR MORE:  12
MAX 90 OR ABOVE:   0    0.10 INCH OR MORE:   9
MIN 32 OR BELOW:   0    0.50 INCH OR MORE:   3
MIN  0 OR BELOW:   0    1.00 INCH OR MORE:   0

[HDD (BASE 65) ]
TOTAL THIS MO.   202    CLEAR  (SCALE 0-3)   7
DPTR FM NORMAL  -119    PTCLDY (SCALE 4-7)   7
TOTAL FM JUL 1  1726    CLOUDY (SCALE 8-10)  6
DPTR FM NORMAL  -335

[CDD (BASE 65) ]
TOTAL THIS MO.     0
DPTR FM NORMAL     0    [PRESSURE DATA]
TOTAL FM JAN 1     0    HIGHEST SLP M ON M
DPTR FM NORMAL     0    LOWEST  SLP 29.28 ON 17

[REMARKS]
