000
CXAK56 PAFG 251241
CF6MCG
PRELIMINARY LOCAL CLIMATOLOGICAL DATA (WS FORM: F-6)

                                          STATION:   MCGRATH AK
                                          MONTH:     SEPTEMBER
                                          YEAR:      2017
                                          LATITUDE:   62 57 N
                                          LONGITUDE: 155 36 W

  TEMPERATURE IN F:       :PCPN:    SNOW:  WIND      :SUNSHINE: SKY     :PK WND
================================================================================
1   2   3   4   5  6A  6B    7    8   9   10  11  12  13   14  15   16   17  18
                                     12Z  AVG MX 2MIN
DY MAX MIN AVG DEP HDD CDD  WTR  SNW DPTH SPD SPD DIR MIN PSBL S-S WX    SPD DR
================================================================================

 1  51  41  46  -5  19   0 0.08  0.0    0  4.7 15 220   M    M  10 18     22 210
 2  49  39  44  -6  21   0 0.28  0.0    0  4.2 10 190   M    M  10 1      14 170
 3  62  43  53   3  12   0    T  0.0    0  7.0 18  80   M    M   7        25  80
 4  64  41  53   3  12   0 0.02  0.0    0  2.3  8 360   M    M   8        10  90
 5  64  47  56   7   9   0 0.02  0.0    0  6.1 18  40   M    M   5        25  50
 6  56  48  52   3  13   0 0.10  0.0    0  8.8 21 180   M    M   8        30 190
 7  60  46  53   4  12   0    T  0.0    0  6.7 20 200   M    M   7        29 200
 8  62  46  54   6  11   0 0.06    M    0  3.3 10 360   M    M   7 1      14  10
 9  61  40  51   3  14   0    T  0.0    0  4.4  9 350   M    M   7        12 360
10  55  41  48   0  17   0 0.14  0.0    0  4.3 12 270   M    M   9 1      15 290
11  51  37  44  -3  21   0 0.09  0.0    0  4.2 13 210   M    M   9 1      17 210
12  58  46  52   5  13   0 0.25  0.0    0 13.1 25 200   M    M   9 18     40 170
13  56  50  53   7  12   0 0.18  0.0    0 12.8 17 160   M    M  10 1      30 160
14  53  47  50   4  15   0 0.13  0.0    0  4.2  8 160   M    M  10 1      14 230
15  60  46  53   8  12   0 0.00  0.0    0  4.3  9 100   M    M   9        12 100
16  64  40  52   7  13   0 0.00  0.0    0  4.4 14  50   M    M   3        17  50
17  65  35  50   6  15   0 0.00  0.0    0  1.3  8 270   M    M   4        10 270
18  56  43  50   6  15   0    T  0.0    0  5.1 15 280   M    M   9        20 280
19  46  37  42  -1  23   0 0.01  0.0    0  8.6 17 270   M    M   8        23 270
20  50  39  45   2  20   0 0.06  0.0    0  5.7  9 200   M    M   9         M  M
21  43  36  40  -2  25   0 0.10  0.0    0  1.7  7 360   M    M   8 1      10 360
22  47  39  43   1  22   0 0.08  0.0    0  2.6  8 360   M    M  10 12     10  10
23  53  42  48   7  17   0 0.05  0.0    0  4.7 14  70   M    M   7        19  80
24  53  36  45   4  20   0    T  0.0    0  2.1  8 150   M    M   6 1       9 140
================================================================================
SM 1339 1005       383   0  1.65     0.0 126.6          M      189
================================================================================
AV 55.8 41.9                               5.3 FASTST   M    M   8    MAX(MPH)
                                 MISC ---->  # 25 200               # 40  170
================================================================================
NOTES:
# LAST OF SEVERAL OCCURRENCES

COLUMN 17 PEAK WIND IN M.P.H.

PRELIMINARY LOCAL CLIMATOLOGICAL DATA (WS FORM: F-6) , PAGE 2

                                          STATION:  MCGRATH AK
                                          MONTH:    SEPTEMBER
                                          YEAR:     2017
                                          LATITUDE:   62 57 N
                                          LONGITUDE: 155 36 W

[TEMPERATURE DATA]      [PRECIPITATION DATA]       SYMBOLS USED IN COLUMN 16

AVERAGE MONTHLY: 48.8   TOTAL FOR MONTH:   1.65    1 = FOG OR MIST
DPTR FM NORMAL:   2.7   DPTR FM NORMAL:   -0.37    2 = FOG REDUCING VISIBILITY
HIGHEST:    65 ON 17    GRTST 24HR  0.28 ON  2- 2      TO 1/4 MILE OR LESS
LOWEST:     35 ON 17                               3 = THUNDER
                        SNOW, ICE PELLETS, HAIL    4 = ICE PELLETS
                        TOTAL MONTH:   0.0 INCH    5 = HAIL
                        GRTST 24HR     0.0         6 = FREEZING RAIN OR DRIZZLE
                        GRTST DEPTH:   0           7 = DUSTSTORM OR SANDSTORM:
                                                       VSBY 1/2 MILE OR LESS
                                                   8 = SMOKE OR HAZE
[NO. OF DAYS WITH]      [WEATHER - DAYS WITH]      9 = BLOWING SNOW
                                                   X = TORNADO
MAX 32 OR BELOW:   0    0.01 INCH OR MORE:  16
MAX 90 OR ABOVE:   0    0.10 INCH OR MORE:   7
MIN 32 OR BELOW:   0    0.50 INCH OR MORE:   0
MIN  0 OR BELOW:   0    1.00 INCH OR MORE:   0

[HDD (BASE 65) ]
TOTAL THIS MO.   383    CLEAR  (SCALE 0-3)   0
DPTR FM NORMAL   -70    PTCLDY (SCALE 4-7)  12
TOTAL FM JUL 1   736    CLOUDY (SCALE 8-10) 12
DPTR FM NORMAL  -208

[CDD (BASE 65) ]
TOTAL THIS MO.     0
DPTR FM NORMAL     0    [PRESSURE DATA]
TOTAL FM JAN 1    37    HIGHEST SLP M ON M
DPTR FM NORMAL    17    LOWEST  SLP 29.33 ON 12

[REMARKS]
