000
CXAK56 PAMC 300902
CF6MCG

PRELIMINARY LOCAL CLIMATOLOGICAL DATA (WS FORM: F-6)

                                          STATION:   MCGRATH
                                          MONTH:     06
                                          YEAR:      2015
                                          LATITUDE:   62 58 N
                                          LONGITUDE: 155 37 W

  TEMPERATURE IN F:       :PCPN:    SNOW:  WIND      :SUNSHINE: SKY     :PK WND
================================================================================
1   2   3   4   5  6A  6B    7     8   9   10  11  12  13   14  15   16  17  18
                                      12Z  AVG MX 2MIN
DY MAX MIN AVG DEP HDD CDD  WTR   SNW DPTH SPD SPD DIR MIN PSBL S-S WX   SPD DR
================================================================================

 1  66  45  56   3   9   0  0.00  0.0   0  9.2 22   80   M    M   M       25  90
 2  68  44  56   3   9   0  0.00  0.0   0  7.1 15   30   M    M   M       21  40
 3  55  44  50  -4  15   0  0.08  0.0   0  6.3 21  130   M    M   M 1     24 130
 4  56  42  49  -5  16   0  0.05  0.0   0  7.5 18   20   M    M   M 1     24  30
 5  58  46  52  -2  13   0  0.07  0.0   0  6.3 18  210   M    M   M 1     25 210
 6  59  47  53  -2  12   0     T  0.0   0  6.9 17  160   M    M   M       21 160
 7  62  40  51  -4  14   0  0.17  0.0   0  6.5 21  270   M    M   M 1     32 270
 8  57  44  51  -4  14   0  0.02  0.0   0  6.9 14  200   M    M   M       19 210
 9  62  45  54  -2  11   0  0.02  0.0   0  3.8 18  160   M    M   M       23 170
10  54  44  49  -7  16   0  0.15  0.0   0  7.1 16  200   M    M   M 1     21 200
11  56  44  50  -6  15   0  0.01  0.0   0  5.8 17  270   M    M   M       22 270
12  58  43  51  -6  14   0  0.03  0.0   0  4.0 13  200   M    M   M 1     17 220
13  73  39  56  -1   9   0  0.00  0.0   0  3.2  8   80   M    M   M       11  60
14  83  44  64   7   1   0  0.00  0.0   0  4.6 13  340   M    M   M       17  30
15  84  50  67   9   0   2  0.00  0.0   0  7.9 18  330   M    M   M       25 330
16  77  55  66   8   0   1  0.00  0.0   0  9.1 18   20   M    M   M       24  20
17  82  52  67   9   0   2  0.00  0.0   0  5.9 13   10   M    M   M       17 330
18  84  49  67   8   0   2  0.00  0.0   0  3.7 14   40   M    M   M       19  50
19  87  53  70  11   0   5  0.00  0.0   0  5.3 23  200   M    M   M       30 200
20  80  56  68   9   0   3  0.00  0.0   0  4.9 16  170   M    M   M 8     20 160
21  83  53  68   9   0   3  0.00  0.0   0  3.6 14  350   M    M   M       18 350
22  79  58  69   9   0   4  0.00  0.0   0  5.7 18  320   M    M   M 18    26 330
23  81  51  66   6   0   1  0.00  0.0   0  4.3 18  350   M    M   M 18    26 340
24  81  53  67   7   0   2  0.00  0.0   0  3.5 10  290   M    M   M 18    15 310
25  78  53  66   6   0   1  0.00  0.0   0  3.9 13  210   M    M   M 8     16 250
26  61  53  57  -3   8   0  0.04  0.0   0  5.4 14  200   M    M   M 18    19 210
27  68  52  60   0   5   0  0.38  0.0   0  5.3 16   40   M    M   M 1     27  30
28  76  45  61   0   4   0  0.00  0.0   0  2.9 12  100   M    M   M 2     15 110
29  77  47  62   1   3   0  0.00  0.0   0  2.7 17  250   M    M   M 8     23 250
================================================================================
SM 2045 1391       188  26  1.02 0.0    159.3           M        M
================================================================================
AV 70.5 48.0                              5.5 FASTST  PSBL  %   M    MAX(MPH)
                                 MISC ---->     23  200                 32 270
================================================================================
NOTES:
# LAST OF SEVERAL OCCURRENCES

COLUMN 17 PEAK WIND IN M.P.H.

PRELIMINARY LOCAL CLIMATOLOGICAL DATA (WS FORM: F-6) , PAGE 2

                                          STATION:   MCGRATH
                                          MONTH:     06
                                          YEAR:      2015
                                          LATITUDE:  62 58 N
                                          LONGITUDE: 155 37 W

[TEMPERATURE DATA]      [PRECIPITATION DATA]       SYMBOLS USED IN COLUMN 16

AVERAGE MONTHLY:59.2   TOTAL FOR MONTH: 1.02       1 = FOG
DPTR FM NORMAL:  1.8   DPTR FM NORMAL: -0.44       2 = FOG REDUCING VISIBILITY
HIGHEST:    87 ON 19    GRTST 24HR   0.38 ON 27        TO 1/4 MILE OR LESS
LOWEST:     39 ON 13                               3 = THUNDER
                        SNOW, ICE PELLETS, HAIL    4 = ICE PELLETS
                        TOTAL MONTH: 0.0         5 = HAIL
                        GRTST 24HR   0.0           6 = GLAZE OR RIME
                        GRTST DEPTH:    0          7 = BLOWING DUST OR SAND:
                                                       VSBY 1/2 MILE OR LESS
                                                   8 = SMOKE OR HAZE
[NO. OF DAYS WITH]      [WEATHER - DAYS WITH]      9 = BLOWING SNOW
                                                   X = TORNADO
MAX 32 OR BELOW:   0    0.01 INCH OR MORE:  11
MAX 70 OR ABOVE:  15    0.10 INCH OR MORE:   3
MIN 32 OR BELOW:   0    0.50 INCH OR MORE:   0
MIN  0 OR BELOW:   0    1.00 INCH OR MORE:   0

[HDD (BASE 65) ]
TOTAL THIS MO.   188    CLEAR  (SCALE 0-3)   M
DPTR FM NORMAL   -41    PTCLDY (SCALE 4-7)   M
SEASONAL TOTAL 11981    CLOUDY (SCALE 8-10)  M
DPTR FM NORMAL -1769

[CDD (BASE 65) ]
TOTAL THIS MO.    26
DPTR FM NORMAL    22    [PRESSURE DATA]
SEASONAL TOTAL    26    HIGHEST SLP     M
DPTR FM NORMAL    22    LOWEST  SLP     M

[REMARKS]
