000
CXUS55 KEAX 210736
CF6MCI
PRELIMINARY LOCAL CLIMATOLOGICAL DATA (WS FORM: F-6)

                                          STATION:   Kansas City International MO
                                          MONTH:     OCTOBER
                                          YEAR:      2014
                                          LATITUDE:   39 19 N
                                          LONGITUDE:  94 43 W

  TEMPERATURE IN F:       :PCPN:    SNOW:  WIND      :SUNSHINE: SKY     :PK WND
================================================================================
1   2   3   4   5  6A  6B    7    8   9   10  11  12  13   14  15   16   17  18
                                     12Z  AVG MX 2MIN
DY MAX MIN AVG DEP HDD CDD  WTR  SNW DPTH SPD SPD DIR MIN PSBL S-S WX    SPD DR
================================================================================

 1  80  63  72  10   0   7 2.70  0.0    0 10.6 38 300   M    M   8 1358   55 300
 2  68  55  62   1   3   0 1.45  0.0    0 10.4 23 170   M    M   9 13     29 320
 3  56  40  48 -13  17   0 0.06  0.0    0 11.3 25 310   M    M   4 1      35 330
 4  58  37  48 -12  17   0 0.00  0.0    0  9.2 23 300   M    M   5        33 280
 5  74  42  58  -2   7   0 0.03  0.0    0  9.0 21 290   M    M   6        30 280
 6  71  48  60   0   5   0 0.02  0.0    0  8.2 17 240   M    M   7 3      22 240
 7  77  53  65   6   0   0 0.00  0.0    0  8.3 20 330   M    M   4        25 320
 8  72  50  61   2   4   0    T  0.0    0  7.7 15  90   M    M   6 3      19  80
 9  63  54  59   0   6   0 3.21  0.0    0 13.9 28  40   M    M  10 13     31  30
10  55  48  52  -6  13   0 0.01  0.0    0 11.2 20  60   M    M  10        26  40
11  63  38  51  -7  14   0 0.00  0.0    0  6.7 12 130   M    M   4        17  60
12  59  51  55  -3  10   0    T  0.0    0  7.0 14 170   M    M  10 1      20 130
13  58  52  55  -2  10   0 1.49  0.0    0 14.9 31 340   M    M  10 1      38 330
14  66  49  58   1   7   0    T  0.0    0 17.5 33 330   M    M   5        41 340
15  69  42  56  -1   9   0 0.00  0.0    0  8.4 16 290   M    M   1        22 300
16  78  43  61   5   4   0 0.00  0.0    0  9.5 18 200   M    M   3        23 170
17  67  48  58   2   7   0 0.00  0.0    0 10.0 21 320   M    M   3        28 330
18  63  40  52  -4  13   0 0.00  0.0    0  5.9 13  30   M    M   2        15 360
19  68  40  54  -1  11   0 0.00  0.0    0 10.0 22 220   M    M   4 8      26 210
20  74  49  62   7   3   0 0.00  0.0    0  5.2 12  60   M    M   0 1      15  10
================================================================================
SM 1339  942       160   7  8.97     0.0 194.9          M      111
================================================================================
AV 66.9 47.1                               9.7 FASTST   M    M   6    MAX(MPH)
                                 MISC ---->  # 38 300               # 55  300
================================================================================
NOTES:
# LAST OF SEVERAL OCCURRENCES

COLUMN 17 PEAK WIND IN M.P.H.

PRELIMINARY LOCAL CLIMATOLOGICAL DATA (WS FORM: F-6) , PAGE 2

                                          STATION:  Kansas City International MO
                                          MONTH:    OCTOBER
                                          YEAR:     2014
                                          LATITUDE:   39 19 N
                                          LONGITUDE:  94 43 W

[TEMPERATURE DATA]      [PRECIPITATION DATA]       SYMBOLS USED IN COLUMN 16

AVERAGE MONTHLY: 57.0   TOTAL FOR MONTH:   8.97    1 = FOG OR MIST
DPTR FM NORMAL:  -1.2   DPTR FM NORMAL:    6.79    2 = FOG REDUCING VISIBILITY
HIGHEST:    80 ON  1    GRTST 24HR  3.21 ON  9- 9      TO 1/4 MILE OR LESS
LOWEST:     37 ON  4                               3 = THUNDER
                        SNOW, ICE PELLETS, HAIL    4 = ICE PELLETS
                        TOTAL MONTH:   0.0 INCH    5 = HAIL
                        GRTST 24HR     0.0         6 = FREEZING RAIN OR DRIZZLE
                        GRTST DEPTH:   0           7 = DUSTSTORM OR SANDSTORM:
                                                       VSBY 1/2 MILE OR LESS
                                                   8 = SMOKE OR HAZE
[NO. OF DAYS WITH]      [WEATHER - DAYS WITH]      9 = BLOWING SNOW
                                                   X = TORNADO
MAX 32 OR BELOW:   0    0.01 INCH OR MORE:   8
MAX 90 OR ABOVE:   0    0.10 INCH OR MORE:   4
MIN 32 OR BELOW:   0    0.50 INCH OR MORE:   4
MIN  0 OR BELOW:   0    1.00 INCH OR MORE:   4

[HDD (BASE 65) ]
TOTAL THIS MO.   160    CLEAR  (SCALE 0-3)   5
DPTR FM NORMAL     4    PTCLDY (SCALE 4-7)  10
TOTAL FM JUL 1   227    CLOUDY (SCALE 8-10)  5
DPTR FM NORMAL     4

[CDD (BASE 65) ]
TOTAL THIS MO.     7
DPTR FM NORMAL   -17    [PRESSURE DATA]
TOTAL FM JAN 1  1256    HIGHEST SLP  0.00 ON M
DPTR FM NORMAL  -100    LOWEST  SLP  0.00 ON M

[REMARKS]
