000
CXUS55 KEAX 300736
CF6MCI
PRELIMINARY LOCAL CLIMATOLOGICAL DATA (WS FORM: F-6)

                                          STATION:   Kansas City International MO
                                          MONTH:     JULY
                                          YEAR:      2016
                                          LATITUDE:   39 19 N
                                          LONGITUDE:  94 43 W

  TEMPERATURE IN F:       :PCPN:    SNOW:  WIND      :SUNSHINE: SKY     :PK WND
================================================================================
1   2   3   4   5  6A  6B    7    8   9   10  11  12  13   14  15   16   17  18
                                     12Z  AVG MX 2MIN
DY MAX MIN AVG DEP HDD CDD  WTR  SNW DPTH SPD SPD DIR MIN PSBL S-S WX    SPD DR
================================================================================

 1  84  64  74  -3   0   9 0.00  0.0    0  7.3 14  50   M    M   6        17  60
 2  73  64  69  -8   0   4 4.33  0.0    0 11.1 21  90   M    M  10 13     26 100
 3  71  61  66 -12   0   1 0.65  0.0    0  9.4 17  60   M    M  10 13     21  60
 4  82  64  73  -5   0   8 0.00  0.0    0  5.2 10 120   M    M   7 18     14 240
 5  94  71  83   5   0  18 0.00  0.0    0 11.3 20 210   M    M   4 18     26 210
 6  89  70  80   2   0  15 0.35  0.0    0 10.1 25 230   M    M   4 13     33 230
 7  90  67  79   1   0  14 0.73  0.0    0  9.2 37 310   M    M   6 13     50 320
 8  90  71  81   3   0  16 0.00  0.0    0  6.1 14  30   M    M   6 1      17  20
 9  89  69  79   1   0  14 0.00  0.0    0  9.2 17 140   M    M   5 3      23 150
10  91  69  80   2   0  15 0.00  0.0    0 10.8 20 180   M    M   2        23 180
11  91  74  83   5   0  18 0.00  0.0    0 16.6 26 170   M    M   2 8      33 170
12  85  65  75  -3   0  10 1.14  0.0    0 10.8 36 130   M    M   7 13     47  50
13  85  68  77  -1   0  12 0.54  0.0    0  7.5 29 280   M    M   5 13     43 280
14  84  68  76  -2   0  11 0.00  0.0    0  4.6 15 220   M    M   6 12     19 210
15  85  64  75  -4   0  10 0.00  0.0    0  7.0 14  10   M    M   5        18  40
16  88  68  78  -1   0  13 0.00  0.0    0  9.2 17 170   M    M   3        23 130
17  92  76  84   5   0  19 0.00  0.0    0 12.8 22 200   M    M   3        27 210
18  90  73  82   3   0  17 0.00  0.0    0 10.1 21 110   M    M   3 3      26 110
19  92  74  83   4   0  18 0.00  0.0    0  8.4 16 200   M    M   4 8      21 200
20  93  75  84   5   0  19 0.00  0.0    0  9.8 17 190   M    M   1 18     22 200
21  96  78  87   8   0  22 0.00  0.0    0 12.9 21 190   M    M   1 8      26 190
22  93  78  86   7   0  21 0.00  0.0    0 12.4 25 150   M    M   5 8      32 120
23  92  76  84   5   0  19 0.00  0.0    0 10.4 16 170   M    M   7 8      22 240
24  93  76  85   6   0  20    T  0.0    0  7.9 22  30   M    M   7 8      28  30
25  86  73  80   1   0  15 0.00  0.0    0  7.6 16  50   M    M   8 3      20  30
26  88  68  78  -1   0  13 0.00  0.0    0  7.1 14  90   M    M   2 1      19  90
27  90  66  78  -1   0  13 0.00  0.0    0  3.7 15 150   M    M   5 18     19 150
28  89  70  80   1   0  15 0.00  0.0    0  6.7 14 360   M    M   5 1      17  30
29  85  67  76  -3   0  11 0.00  0.0    0  6.5 10 350   0    0   0         M  M
================================================================================
SM 2550 2027         0 410  7.74     0.0 261.7            0    139
================================================================================
AV 87.9 69.9                               9.0 FASTST    0   0   5    MAX(MPH)
                                 MISC ---->  # 37 310               # 50  320
================================================================================
NOTES:
# LAST OF SEVERAL OCCURRENCES

COLUMN 17 PEAK WIND IN M.P.H.

PRELIMINARY LOCAL CLIMATOLOGICAL DATA (WS FORM: F-6) , PAGE 2

                                          STATION:  Kansas City International MO
                                          MONTH:    JULY
                                          YEAR:     2016
                                          LATITUDE:   39 19 N
                                          LONGITUDE:  94 43 W

[TEMPERATURE DATA]      [PRECIPITATION DATA]       SYMBOLS USED IN COLUMN 16

AVERAGE MONTHLY: 78.9   TOTAL FOR MONTH:   7.74    1 = FOG OR MIST
DPTR FM NORMAL:   0.5   DPTR FM NORMAL:    3.54    2 = FOG REDUCING VISIBILITY
HIGHEST:    96 ON 21    GRTST 24HR  4.96 ON  2- 3      TO 1/4 MILE OR LESS
LOWEST:     61 ON  3                               3 = THUNDER
                        SNOW, ICE PELLETS, HAIL    4 = ICE PELLETS
                        TOTAL MONTH:   0.0 INCH    5 = HAIL
                        GRTST 24HR     0.0         6 = FREEZING RAIN OR DRIZZLE
                        GRTST DEPTH:   0           7 = DUSTSTORM OR SANDSTORM:
                                                       VSBY 1/2 MILE OR LESS
                                                   8 = SMOKE OR HAZE
[NO. OF DAYS WITH]      [WEATHER - DAYS WITH]      9 = BLOWING SNOW
                                                   X = TORNADO
MAX 32 OR BELOW:   0    0.01 INCH OR MORE:   6
MAX 90 OR ABOVE:  14    0.10 INCH OR MORE:   6
MIN 32 OR BELOW:   0    0.50 INCH OR MORE:   5
MIN  0 OR BELOW:   0    1.00 INCH OR MORE:   2

[HDD (BASE 65) ]
TOTAL THIS MO.     0    CLEAR  (SCALE 0-3)   7
DPTR FM NORMAL     0    PTCLDY (SCALE 4-7)  20
TOTAL FM JUL 1     0    CLOUDY (SCALE 8-10)  2
DPTR FM NORMAL     0

[CDD (BASE 65) ]
TOTAL THIS MO.   410
DPTR FM NORMAL    19    [PRESSURE DATA]
TOTAL FM JAN 1   898    HIGHEST SLP  0.00 ON M
DPTR FM NORMAL   125    LOWEST  SLP  0.00 ON M

[REMARKS]
