000
CXUS53 KGLD 210800
CF6MCK
PRELIMINARY LOCAL CLIMATOLOGICAL DATA (WS FORM: F-6)

                                          STATION:   MCCOOK NE
                                          MONTH:     FEBRUARY
                                          YEAR:      2017
                                          LATITUDE:   40 13 N
                                          LONGITUDE: 100 35 W

  TEMPERATURE IN F:       :PCPN:    SNOW:  WIND      :SUNSHINE: SKY     :PK WND
================================================================================
1   2   3   4   5  6A  6B    7    8   9   10  11  12  13   14  15   16   17  18
                                     12Z  AVG MX 2MIN
DY MAX MIN AVG DEP HDD CDD  WTR  SNW DPTH SPD SPD DIR MIN PSBL S-S WX    SPD DR
================================================================================

 1  32  23  28   0  37   0 0.00    M    M 11.2 20  30   M    M   9        25  30
 2  24  19  22  -6  43   0    T    M    M  6.8 13  40   M    M  10 18     15  40
 3  35  20  28   0  37   0    T    M    M  9.7 22 180   M    M   6 1      27 180
 4  66  17  42  13  23   0 0.00    M    M 11.5 29 310   M    M   0        39 290
 5  58  21  40  11  25   0 0.00    M    M  6.0 16 190   M    M   0 1      20 190
 6  56  25  41  12  24   0 0.00    M    M  3.8 14 270   M    M   0 1      15 280
 7  39  21  30   1  35   0 0.00    M    M 11.3 23  30   M    M   2 1      28  20
 8  32  15  24  -5  41   0 0.00    M    M  7.7 17  30   M    M   3        20  20
 9  51  17  34   5  31   0 0.00    M    M  9.6 22 160   M    M   1        32 150
10  79  32  56  26   9   0 0.00    M    M  7.4 16  80   M    M   0        19  80
11  64  33  49  19  16   0 0.00    M    M  9.2 33 350   M    M   1        41 360
12  49  25  37   7  28   0 0.00    M    M  6.9 18 360   M    M   0        23  10
13  53  26  40  10  25   0 0.00    M    M  8.3 17 220   M    M   1        21 220
14  56  25  41  11  24   0 0.00    M    M 12.8 29  10   M    M   0        36 360
15  64  21  43  12  22   0 0.00    M    M 10.8 18 250   M    M   0        22 240
16  76  28  52  21  13   0 0.00    M    M  8.9 18 270   M    M   0        22 290
17  73  25  49  18  16   0 0.00    M    M 10.1 26 350   M    M   0 8      39  30
18  65  23  44  12  21   0 0.00    M    M  5.6 14 150   M    M   0        19 140
19  75  47  61  29   4   0 0.00    M    M 13.9 31 180   M    M   0        43 170
20  65  32  49  17  16   0 0.00    M    M 12.5 36 330   M    M   1        45 330
================================================================================
SM 1112  495       490   0    T     M    184.0          M       34
================================================================================
AV 55.6 24.8                               9.2 FASTST   M    M   2    MAX(MPH)
                                 MISC ---->  # 36 330               # 45  330
================================================================================
NOTES:
# LAST OF SEVERAL OCCURRENCES

COLUMN 17 PEAK WIND IN M.P.H.

PRELIMINARY LOCAL CLIMATOLOGICAL DATA (WS FORM: F-6) , PAGE 2

                                          STATION:  MCCOOK NE
                                          MONTH:    FEBRUARY
                                          YEAR:     2017
                                          LATITUDE:   40 13 N
                                          LONGITUDE: 100 35 W

[TEMPERATURE DATA]      [PRECIPITATION DATA]       SYMBOLS USED IN COLUMN 16

AVERAGE MONTHLY: 40.2   TOTAL FOR MONTH:      T    1 = FOG OR MIST
DPTR FM NORMAL:  10.3   DPTR FM NORMAL:   -0.40    2 = FOG REDUCING VISIBILITY
HIGHEST:    79 ON 10    GRTST 24HR    T  ON  3- 3      TO 1/4 MILE OR LESS
LOWEST:     15 ON  8                               3 = THUNDER
                        SNOW, ICE PELLETS, HAIL    4 = ICE PELLETS
                        TOTAL MONTH:    M          5 = HAIL
                        GRTST 24HR    M  ON   M    6 = FREEZING RAIN OR DRIZZLE
                        GRTST DEPTH:  M  ON   M    7 = DUSTSTORM OR SANDSTORM:
                                                       VSBY 1/2 MILE OR LESS
                                                   8 = SMOKE OR HAZE
[NO. OF DAYS WITH]      [WEATHER - DAYS WITH]      9 = BLOWING SNOW
                                                   X = TORNADO
MAX 32 OR BELOW:   3    0.01 INCH OR MORE:   0
MAX 90 OR ABOVE:   0    0.10 INCH OR MORE:   0
MIN 32 OR BELOW:  18    0.50 INCH OR MORE:   0
MIN  0 OR BELOW:   0    1.00 INCH OR MORE:   0

[HDD (BASE 65) ]
TOTAL THIS MO.   490    CLEAR  (SCALE 0-3)  17
DPTR FM NORMAL  -212    PTCLDY (SCALE 4-7)   1
TOTAL FM JUL 1  3692    CLOUDY (SCALE 8-10)  2
DPTR FM NORMAL  -691

[CDD (BASE 65) ]
TOTAL THIS MO.     0
DPTR FM NORMAL     0    [PRESSURE DATA]
TOTAL FM JAN 1     0    HIGHEST SLP M ON M
DPTR FM NORMAL     0    LOWEST  SLP 29.42 ON  6

[REMARKS]
