000
CXUS52 KMLB 300648
CF6MCO
PRELIMINARY LOCAL CLIMATOLOGICAL DATA (WS FORM: F-6)

                                          STATION:   ORLANDO INTL
                                          MONTH:     APRIL
                                          YEAR:      2017
                                          LATITUDE:   28 25 N
                                          LONGITUDE:  81 19 W

  TEMPERATURE IN F:       :PCPN:    SNOW:  WIND      :SUNSHINE: SKY     :PK WND
================================================================================
1   2   3   4   5  6A  6B    7    8   9   10  11  12  13   14  15   16   17  18
                                     12Z  AVG MX 2MIN
DY MAX MIN AVG DEP HDD CDD  WTR  SNW DPTH SPD SPD DIR MIN PSBL S-S WX    SPD DR
================================================================================

 1  90  59  75   6   0  10 0.00  0.0    0  5.1 14 120   M    M   5 1      17 110
 2  90  64  77   8   0  12 0.00  0.0    0  8.5 21 110   M    M   7 1      22 130
 3  93  71  82  13   0  17 0.00  0.0    0 12.6 20 180   M    M   7        22 190
 4  88  68  78   9   0  13    T  0.0    0  9.6 23  60   M    M   7 3      31  60
 5  96  64  80  10   0  15 0.00  0.0    0  9.8 21 240   M    M   5 1      28 230
 6  84  61  73   3   0   8    T  0.0    0 14.8 24 160   M    M   5 3      30 160
 7  75  54  65  -5   0   0 0.00  0.0    0 12.4 23 270   M    M   1        31 330
 8  78  46  62  -8   3   0 0.00  0.0    0  5.6 18  60   M    M   1        22  60
 9  84  51  68  -2   0   3 0.00  0.0    0  6.4 20  50   M    M   2        24  50
10  83  59  71   1   0   6 0.00  0.0    0  9.0 20  70   M    M   3 8      26  80
11  85  58  72   2   0   7 0.00  0.0    0  8.0 21  80   M    M   3        25  70
12  85  61  73   2   0   8 0.00  0.0    0  8.8 18  70   M    M   5        24  50
13  84  62  73   2   0   8 0.00  0.0    0 10.0 21  50   M    M   4        26  40
14  85  62  74   3   0   9 0.00  0.0    0 10.6 23  50   M    M   5        30  10
15  84  64  74   3   0   9 0.00  0.0    0 11.7 23 100   M    M   9        29  90
16  86  61  74   3   0   9 0.00  0.0    0  9.2 18 100   M    M   4        23  90
17  87  61  74   3   0   9 0.00  0.0    0  5.2 17  90   M    M   5        21  70
18  90  60  75   3   0  10 0.00  0.0    0  6.6 18 100   M    M   5        25  80
19  88  64  76   4   0  11    T  0.0    0  9.0 23 100   M    M   4 8      31  80
20  88  63  76   4   0  11 0.00  0.0    0  7.7 18 100   M    M   4        22 120
21  89  58  74   2   0   9 0.00  0.0    0  8.6 20 100   M    M   2 18     25 100
22  90  64  77   5   0  12    T  0.0    0  7.6 17 120   M    M   6 1      21 130
23  87  69  78   6   0  13 0.00  0.0    0  6.5 16 110   M    M   8        22 140
24  86  64  75   2   0  10    T  0.0    0 11.2 25 260   M    M   5        34 260
25  84  54  69  -4   0   4 0.00  0.0    0  8.4 16 230   M    M   5        22 290
26  86  53  70  -3   0   5 0.00  0.0    0  7.0 17 240   M    M   3 1      24 240
27  94  65  80   7   0  15 0.00  0.0    0  7.8 16 150   M    M   2 1      24 150
28  94  67  81   7   0  16 0.00  0.0    0  9.3 21 110   M    M   4 1      26 110
29  91  71  81   7   0  16 0.00  0.0    0 12.1 20 100   M    M   6        30  90
================================================================================
SM 2524 1778         3 275    T      0.0 259.1          M      132
================================================================================
AV 87.0 61.3                               8.9 FASTST   M    M   5    MAX(MPH)
                                 MISC ---->  # 25 260               # 34  260
================================================================================
NOTES:
# LAST OF SEVERAL OCCURRENCES

COLUMN 17 PEAK WIND IN M.P.H.

PRELIMINARY LOCAL CLIMATOLOGICAL DATA (WS FORM: F-6) , PAGE 2

                                          STATION:  ORLANDO INTL
                                          MONTH:    APRIL
                                          YEAR:     2017
                                          LATITUDE:   28 25 N
                                          LONGITUDE:  81 19 W

[TEMPERATURE DATA]      [PRECIPITATION DATA]       SYMBOLS USED IN COLUMN 16

AVERAGE MONTHLY: 74.2   TOTAL FOR MONTH:      T    1 = FOG OR MIST
DPTR FM NORMAL:   3.0   DPTR FM NORMAL:   -2.61    2 = FOG REDUCING VISIBILITY
HIGHEST:    96 ON  5    GRTST 24HR    T  ON 24-24      TO 1/4 MILE OR LESS
LOWEST:     46 ON  8                               3 = THUNDER
                        SNOW, ICE PELLETS, HAIL    4 = ICE PELLETS
                        TOTAL MONTH:   0.0 INCH    5 = HAIL
                        GRTST 24HR     0.0         6 = FREEZING RAIN OR DRIZZLE
                        GRTST DEPTH:   0           7 = DUSTSTORM OR SANDSTORM:
                                                       VSBY 1/2 MILE OR LESS
                                                   8 = SMOKE OR HAZE
[NO. OF DAYS WITH]      [WEATHER - DAYS WITH]      9 = BLOWING SNOW
                                                   X = TORNADO
MAX 32 OR BELOW:   0    0.01 INCH OR MORE:   0
MAX 90 OR ABOVE:   9    0.10 INCH OR MORE:   0
MIN 32 OR BELOW:   0    0.50 INCH OR MORE:   0
MIN  0 OR BELOW:   0    1.00 INCH OR MORE:   0

[HDD (BASE 65) ]
TOTAL THIS MO.     3    CLEAR  (SCALE 0-3)   6
DPTR FM NORMAL    -8    PTCLDY (SCALE 4-7)  22
TOTAL FM JUL 1   209    CLOUDY (SCALE 8-10)  1
DPTR FM NORMAL  -360

[CDD (BASE 65) ]
TOTAL THIS MO.   275
DPTR FM NORMAL    84    [PRESSURE DATA]
TOTAL FM JAN 1   639    HIGHEST SLP M ON M
DPTR FM NORMAL   226    LOWEST  SLP 29.64 ON 24

[REMARKS]
