000
CXUS53 KDMX 270920
CF6MCW
PRELIMINARY LOCAL CLIMATOLOGICAL DATA (WS FORM: F-6)

                                          STATION:   MASON CITY IA
                                          MONTH:     FEBRUARY
                                          YEAR:      2015
                                          LATITUDE:   43  9 N
                                          LONGITUDE:  93 20 W

  TEMPERATURE IN F:       :PCPN:    SNOW:  WIND      :SUNSHINE: SKY     :PK WND
================================================================================
1   2   3   4   5  6A  6B    7    8   9   10  11  12  13   14  15   16   17  18
                                     12Z  AVG MX 2MIN
DY MAX MIN AVG DEP HDD CDD  WTR  SNW DPTH SPD SPD DIR MIN PSBL S-S WX    SPD DR
================================================================================

 1  26   1  14  -3  51   0 0.56  6.2    2 20.2 33  50   M    M   8 128    39  30
 2   9 -10   0 -17  65   0 0.00  0.0    8  8.5 16 180   M    M   2 18     19 180
 3  15  -1   7 -10  58   0 0.14  1.4    8  5.2 13 170   M    M   6 1      15 150
 4  15  -7   4 -13  61   0    T    T    9 15.2 23 320   M    M   4 18     27 320
 5  13 -15  -1 -19  66   0 0.00  0.0    9 10.7 23 200   M    M   0 8      28 200
 6  29   7  18   0  47   0 0.00  0.0    9  7.4 14 150   M    M   1 1      16 150
 7  38  16  27   9  38   0 0.00  0.0    8  6.9 14 180   M    M   0 1      17 180
 8  35  29  32  14  33   0 0.03  0.0    7 11.6 18  20   M    M   8 18     22  20
 9  29  19  24   5  41   0 0.00  0.0    7  5.9 13  30   M    M   9        14  20
10  35  21  28   9  37   0 0.02  0.0    6 15.5 30 150   M    M   8 16     36 140
11  34   2  18  -1  47   0    T    T    6 27.1 39 320   M    M   9        46 320
12  11  -2   5 -15  60   0 0.00  0.0    6 10.7 29 340   M    M   1        35 340
13  33  11  22   2  43   0 0.00  0.0    6 16.3 30 320   M    M   6        35 310
14  18   0   9 -11  56   0 0.00  0.0    6 18.4 37 340   M    M   2        44 330
15   9   0   5 -15  60   0 0.00  0.0    6 11.8 16 140   M    M  10        20 140
16  24   5  15  -6  50   0    T    T    6 11.1 22 320   M    M   8 8      26 320
17  14   2   8 -13  57   0    T    T    6 18.0 33 330   M    M   6 18     39 330
18   4  -6  -1 -23  66   0    T    T    6 20.5 29 330   M    M   5 8      35 330
19  10 -11   0 -22  65   0 0.00  0.0    6  7.3 20 160   M    M   2        23 160
20  29   7  18  -4  47   0    T    T    6 12.0 23 180   M    M  10        28 180
21  30   3  17  -6  48   0 0.00  0.0    6 16.0 25 330   M    M   6 1      31 320
22   6  -6   0 -23  65   0 0.00  0.0    6 17.7 28 320   M    M   0        33 320
23  16 -11   3 -21  62   0 0.00  0.0    6 14.0 30 220   M    M   0        38 220
24  36  15  26   2  39   0 0.00  0.0    6 20.3 35 310   M    M   5        41 320
25  18   1  10 -14  55   0 0.39  4.8    5 12.4 22  20   M    M   9 128    26  20
26   4 -12  -4 -29  69   0 0.00  0.0    9 13.0 21 330   M    M   0        24 330
================================================================================
SM  540   58      1386   0  1.14    12.4 353.7          M      125
================================================================================
AV 20.8  2.2                              13.6 FASTST   M    M   5    MAX(MPH)
                                 MISC ---->  # 39 320               # 46  320
================================================================================
NOTES:
# LAST OF SEVERAL OCCURRENCES

COLUMN 17 PEAK WIND IN M.P.H.

PRELIMINARY LOCAL CLIMATOLOGICAL DATA (WS FORM: F-6) , PAGE 2

                                          STATION:  MASON CITY IA
                                          MONTH:    FEBRUARY
                                          YEAR:     2015
                                          LATITUDE:   43  9 N
                                          LONGITUDE:  93 20 W

[TEMPERATURE DATA]      [PRECIPITATION DATA]       SYMBOLS USED IN COLUMN 16

AVERAGE MONTHLY: 11.5   TOTAL FOR MONTH:   1.14    1 = FOG OR MIST
DPTR FM NORMAL:  -8.8   DPTR FM NORMAL:    0.24    2 = FOG REDUCING VISIBILITY
HIGHEST:    38 ON  7    GRTST 24HR  0.56 ON  1- 1      TO 1/4 MILE OR LESS
LOWEST:    -15 ON  5                               3 = THUNDER
                        SNOW, ICE PELLETS, HAIL    4 = ICE PELLETS
                        TOTAL MONTH:  12.4 INCHES  5 = HAIL
                        GRTST 24HR   6.2 ON   M    6 = FREEZING RAIN OR DRIZZLE
                        GRTST DEPTH:   9 ON 26, 6  7 = DUSTSTORM OR SANDSTORM:
                                                       VSBY 1/2 MILE OR LESS
                                                   8 = SMOKE OR HAZE
[NO. OF DAYS WITH]      [WEATHER - DAYS WITH]      9 = BLOWING SNOW
                                                   X = TORNADO
MAX 32 OR BELOW:  20    0.01 INCH OR MORE:   5
MAX 90 OR ABOVE:   0    0.10 INCH OR MORE:   3
MIN 32 OR BELOW:  26    0.50 INCH OR MORE:   1
MIN  0 OR BELOW:  12    1.00 INCH OR MORE:   0

[HDD (BASE 65) ]
TOTAL THIS MO.  1386    CLEAR  (SCALE 0-3)  10
DPTR FM NORMAL   225    PTCLDY (SCALE 4-7)  10
TOTAL FM JUL 1  5925    CLOUDY (SCALE 8-10)  6
DPTR FM NORMAL   153

[CDD (BASE 65) ]
TOTAL THIS MO.     0
DPTR FM NORMAL     0    [PRESSURE DATA]
TOTAL FM JAN 1     0    HIGHEST SLP M ON M
DPTR FM NORMAL     0    LOWEST  SLP 29.58 ON  7

[REMARKS]
