000
CXUS53 KDMX 160920
CF6MCW
PRELIMINARY LOCAL CLIMATOLOGICAL DATA (WS FORM: F-6)

                                          STATION:   MASON CITY IA
                                          MONTH:     AUGUST
                                          YEAR:      2017
                                          LATITUDE:   43  9 N
                                          LONGITUDE:  93 20 W

  TEMPERATURE IN F:       :PCPN:    SNOW:  WIND      :SUNSHINE: SKY     :PK WND
================================================================================
1   2   3   4   5  6A  6B    7    8   9   10  11  12  13   14  15   16   17  18
                                     12Z  AVG MX 2MIN
DY MAX MIN AVG DEP HDD CDD  WTR  SNW DPTH SPD SPD DIR MIN PSBL S-S WX    SPD DR
================================================================================

 1  85  57  71   0   0   6 0.07  0.0    0  5.3 41 360   M    M   1 138    49 360
 2  83  58  71   0   0   6 0.00  0.0    0  5.2 14 360   M    M   1 1      18 360
 3  72  50  61 -10   4   0 0.43  0.0    0 13.9 30 330   M    M   7 13     39 330
 4  76  50  63  -8   2   0    T  0.0    0  9.9 20 340   M    M   2        26 300
 5  73  48  61 -10   4   0 0.00  0.0    0  3.4 12 220   M    M   1        14 180
 6  76  55  66  -4   0   1 0.07  0.0    0  4.8 13  30   M    M   8        16  30
 7  79  54  67  -3   0   2 0.01  0.0    0  4.3 12  50   M    M   3        15  40
 8  81  50  66  -4   0   1 0.00  0.0    0  4.9 10 220   M    M   1 1      14 220
 9  79  53  66  -4   0   1    T  0.0    0  7.9 20 200   M    M   4        26 210
10  79  57  68  -2   0   3    T  0.0    0 12.6 21 290   M    M   1 3      26 300
11  77  54  66  -4   0   1 0.00  0.0    0  8.3 17 360   M    M   1        22  40
12  80  50  65  -5   0   0 0.00  0.0    0  4.6 10  50   M    M   0 8      13  50
13  75  52  64  -6   1   0    T  0.0    0  9.0 17 140   M    M   3 13     21 140
14  79  58  69  -1   0   4 0.74  0.0    0  7.5 15 360   M    M   7 13     19 130
15  69  53  61  -9   4   0 0.14  0.0    0  7.0 14  80   M    M   7 12     18 130
================================================================================
SM 1163  799        15  25  1.46     0.0 108.6          M       47
================================================================================
AV 77.5 53.3                               7.2 FASTST   M    M   3    MAX(MPH)
                                 MISC ---->  # 41 360               # 49  360
================================================================================
NOTES:
# LAST OF SEVERAL OCCURRENCES

COLUMN 17 PEAK WIND IN M.P.H.

PRELIMINARY LOCAL CLIMATOLOGICAL DATA (WS FORM: F-6) , PAGE 2

                                          STATION:  MASON CITY IA
                                          MONTH:    AUGUST
                                          YEAR:     2017
                                          LATITUDE:   43  9 N
                                          LONGITUDE:  93 20 W

[TEMPERATURE DATA]      [PRECIPITATION DATA]       SYMBOLS USED IN COLUMN 16

AVERAGE MONTHLY: 65.4   TOTAL FOR MONTH:   1.46    1 = FOG OR MIST
DPTR FM NORMAL:  -4.9   DPTR FM NORMAL:   -0.56    2 = FOG REDUCING VISIBILITY
HIGHEST:    85 ON  1    GRTST 24HR  0.74 ON 14-14      TO 1/4 MILE OR LESS
LOWEST:     48 ON  5                               3 = THUNDER
                        SNOW, ICE PELLETS, HAIL    4 = ICE PELLETS
                        TOTAL MONTH:   0.0 INCH    5 = HAIL
                        GRTST 24HR     0.0         6 = FREEZING RAIN OR DRIZZLE
                        GRTST DEPTH:   0           7 = DUSTSTORM OR SANDSTORM:
                                                       VSBY 1/2 MILE OR LESS
                                                   8 = SMOKE OR HAZE
[NO. OF DAYS WITH]      [WEATHER - DAYS WITH]      9 = BLOWING SNOW
                                                   X = TORNADO
MAX 32 OR BELOW:   0    0.01 INCH OR MORE:   6
MAX 90 OR ABOVE:   0    0.10 INCH OR MORE:   3
MIN 32 OR BELOW:   0    0.50 INCH OR MORE:   1
MIN  0 OR BELOW:   0    1.00 INCH OR MORE:   0

[HDD (BASE 65) ]
TOTAL THIS MO.    15    CLEAR  (SCALE 0-3)   8
DPTR FM NORMAL     5    PTCLDY (SCALE 4-7)   7
TOTAL FM JUL 1    16    CLOUDY (SCALE 8-10)  0
DPTR FM NORMAL    -3

[CDD (BASE 65) ]
TOTAL THIS MO.    25
DPTR FM NORMAL   -64    [PRESSURE DATA]
TOTAL FM JAN 1   465    HIGHEST SLP M ON M
DPTR FM NORMAL   -18    LOWEST  SLP 29.75 ON 14

[REMARKS]
