000
CXUS54 KMAF 281100
CF6MDD
PRELIMINARY LOCAL CLIMATOLOGICAL DATA (WS FORM: F-6)

                                          STATION:   Midland Airpark
                                          MONTH:     SEPTEMBER
                                          YEAR:      2016
                                          LATITUDE:   32  2 N
                                          LONGITUDE: 102  6 W

  TEMPERATURE IN F:       :PCPN:    SNOW:  WIND      :SUNSHINE: SKY     :PK WND
================================================================================
1   2   3   4   5  6A  6B    7    8   9   10  11  12  13   14  15   16   17  18
                                     12Z  AVG MX 2MIN
DY MAX MIN AVG DEP HDD CDD  WTR  SNW DPTH SPD SPD DIR MIN PSBL S-S WX    SPD DR
================================================================================

 1  82  71  77   M   0  12 0.02  0.0    0  5.2 13 120   M    M   5        17 120
 2  88  67  78   M   0  13 0.00  0.0    0  4.0  9 140   M    M   3 1       M  M
 3  91  70  81   M   0  16 0.00  0.0    0  7.8 14 170   M    M   4 1      18 160
 4  92  72  82   M   0  17 0.00  0.0    0 12.8 20 160   M    M   2        28 170
 5  89  72  81   M   0  16 0.00  0.0    0 15.5 24 150   M    M   2        30 180
 6  91  75  83   M   0  18 0.00  0.0    0 13.8 18 160   M    M   4        25 150
 7  95  72  84   M   0  19 0.01  0.0    0 11.7 33 270   M    M   5 3      45 270
 8  95  74  85   M   0  20 0.00  0.0    0  7.3 13 260   M    M   2 8      18 260
 9  99  74  87   M   0  22 0.00  0.0    0 10.4 16 190   M    M   0        22 180
10  82  64  73   M   0   8 0.02  0.0    0  8.9 22  70   M    M   6 3      29  30
11  89  63  76   M   0  11 0.00  0.0    0  6.6 13 210   M    M   0        16 190
12  92  69  81   M   0  16 0.00  0.0    0  8.6 13 160   M    M   1 8      18 160
13  92  67  80   M   0  15 0.19  0.0    0  7.7 12 120   M    M   2 3      17 150
14  88  68  78   M   0  13 0.06  0.0    0  6.5 16  90   M    M   4 3      22  90
15  91  69  80   M   0  15 0.00  0.0    0  6.2 13 160   M    M   3 3      17 120
16  93  67  80   M   0  15 0.02  0.0    0 10.9 18 160   M    M   6 3      24 160
17  90  68  79   M   0  14 0.04  0.0    0  9.2 22 140   M    M   4 38     17 110
18  93  70  82   M   0  17 0.00  0.0    0  5.6 20 180   M    M   0        28 180
19  97  73  85   M   0  20 0.01  0.0    0  6.2 12 200   M    M   1         M  M
20  95  74  85   M   0  20 0.00  0.0    0  8.7 15 160   M    M   1        22 160
21  93  69  81   M   0  16 0.00  0.0    0  7.7 14 190   M    M   0        20 190
22  92  69  81   M   0  16 0.00  0.0    0  9.2 15 170   M    M   1 8      23 170
23  92  69  81   M   0  16 0.00  0.0    0 13.0 17 170   M    M   1        25 160
24  89  68  79   M   0  14 0.00  0.0    0  9.3 17 140   M    M   4 3      21 190
25  73  59  66   M   0   1 0.04  0.0    0 10.4 18  40   M    M   7        31  40
26  70  60  65   M   0   0 0.00  0.0    0 11.3 17  60   M    M   9        25  60
27  78  56  67   M   0   2 0.00  0.0    0  3.6  9 300   M    M   3         M  M
================================================================================
SM 2411 1849         0 382  0.41     0.0 238.1          M       80
================================================================================
AV 89.3 68.5                               8.8 FASTST   M    M   3    MAX(MPH)
                                 MISC ---->    33   M                 45    M
================================================================================
NOTES:
# LAST OF SEVERAL OCCURRENCES

COLUMN 17 PEAK WIND IN M.P.H.

PRELIMINARY LOCAL CLIMATOLOGICAL DATA (WS FORM: F-6) , PAGE 2

                                          STATION:  Midland Airpark
                                          MONTH:    SEPTEMBER
                                          YEAR:     2016
                                          LATITUDE:   32  2 N
                                          LONGITUDE: 102  6 W

[TEMPERATURE DATA]      [PRECIPITATION DATA]       SYMBOLS USED IN COLUMN 16

AVERAGE MONTHLY: 78.9   TOTAL FOR MONTH:   0.41    1 = FOG OR MIST
DPTR FM NORMAL:     M   DPTR FM NORMAL:       M    2 = FOG REDUCING VISIBILITY
HIGHEST:    99 ON  9    GRTST 24HR  0.19 ON 13-13      TO 1/4 MILE OR LESS
LOWEST:     56 ON 27                               3 = THUNDER
                        SNOW, ICE PELLETS, HAIL    4 = ICE PELLETS
                        TOTAL MONTH:   0.0 INCH    5 = HAIL
                        GRTST 24HR     0.0         6 = FREEZING RAIN OR DRIZZLE
                        GRTST DEPTH:   0           7 = DUSTSTORM OR SANDSTORM:
                                                       VSBY 1/2 MILE OR LESS
                                                   8 = SMOKE OR HAZE
[NO. OF DAYS WITH]      [WEATHER - DAYS WITH]      9 = BLOWING SNOW
                                                   X = TORNADO
MAX 32 OR BELOW:   0    0.01 INCH OR MORE:   9
MAX 90 OR ABOVE:  17    0.10 INCH OR MORE:   1
MIN 32 OR BELOW:   0    0.50 INCH OR MORE:   0
MIN  0 OR BELOW:   0    1.00 INCH OR MORE:   0

[HDD (BASE 65) ]
TOTAL THIS MO.     0    CLEAR  (SCALE 0-3)  15
DPTR FM NORMAL     M    PTCLDY (SCALE 4-7)  11
TOTAL FM JUL 1     0    CLOUDY (SCALE 8-10)  1
DPTR FM NORMAL     M

[CDD (BASE 65) ]
TOTAL THIS MO.   382
DPTR FM NORMAL     M    [PRESSURE DATA]
TOTAL FM JAN 1  2713    HIGHEST SLP M ON M
DPTR FM NORMAL     M    LOWEST  SLP M ON M

[REMARKS]
