000
CXUS54 KMAF 271100
CF6MDD
PRELIMINARY LOCAL CLIMATOLOGICAL DATA (WS FORM: F-6)

                                          STATION:   Midland Airpark
                                          MONTH:     AUGUST
                                          YEAR:      2015
                                          LATITUDE:   32  2 N
                                          LONGITUDE: 102  6 W

  TEMPERATURE IN F:       :PCPN:    SNOW:  WIND      :SUNSHINE: SKY     :PK WND
================================================================================
1   2   3   4   5  6A  6B    7    8   9   10  11  12  13   14  15   16   17  18
                                     12Z  AVG MX 2MIN
DY MAX MIN AVG DEP HDD CDD  WTR  SNW DPTH SPD SPD DIR MIN PSBL S-S WX    SPD DR
================================================================================

 1  99  77  88   M   0  23 0.00  0.0    0  9.6 23  80   M    M   0        30  80
 2 101  76  89   M   0  24 0.00  0.0    0  7.8 16  60   M    M   2        28  10
 3 101  71  86   M   0  21 0.07  0.0    0 10.8 22 310   M    M   4 3      43 310
 4 101  71  86   M   0  21 0.02  0.0    0  6.1 12 150   M    M   1        17 150
 5 104  77  91   M   0  26 0.00  0.0    0  9.6 14 180   M    M   0        20 140
 6 105  78  92   M   0  27 0.00  0.0    0 10.1 13 160   M    M   0        18 150
 7 104  77  91   M   0  26 0.00  0.0    0 10.6 17 140   M    M   0        23 140
 8 104  79  92   M   0  27 0.00  0.0    0 11.9 17 160   M    M   0        22 170
 9 105  78  92   M   0  27 0.00  0.0    0 10.4 17 160   M    M   1 3      23 160
10 104  78  91   M   0  26 0.00  0.0    0  9.2 15 120   M    M   0        22 180
11 102  73  88   M   0  23 0.00  0.0    0  5.9 12  90   M    M   0        18  80
12 102  74  88   M   0  23 0.00  0.0    0  5.0 12 190   M    M   1        27 110
13 103  76  90   M   0  25 0.00  0.0    0  4.9 12 150   M    M   0         M  M
14 102  70  86   M   0  21 0.08  0.0    0  8.2 20 110   M    M   2 3      35 110
15  96  72  84   M   0  19 0.00  0.0    0  5.9 10 140   M    M   1        16 150
16  96  75  86   M   0  21 0.00  0.0    0  7.1 12 160   M    M   1        16 140
17  97  74  86   M   0  21 0.00  0.0    0  8.1 13 120   M    M   1        22 120
18  99  76  88   M   0  23 0.00  0.0    0 10.6 16 170   M    M   1        21 180
19  85  66  76   M   0  11 0.00  0.0    0 15.1 23  50   M    M   2        30  50
20  92  64  78   M   0  13 0.00  0.0    0  8.4 21 140   M    M   4        27 140
21  98  73  86   M   0  21 0.00  0.0    0 10.1 15 150   M    M   0        22 130
22 101  78  90   M   0  25 0.00  0.0    0 10.5 20 200   M    M   1        28 200
23  96  70  83   M   0  18 0.04  0.0    0  9.4 32  80   M    M   3 3      39  80
24  92  65  79   M   0  14 0.00  0.0    0  4.8  8  60   M    M   0         M  M
25  96  71  84   M   0  19 0.00  0.0    0  5.3 18 120   M    M   0        30 120
26  96  71  84   M   0  19 0.00  0.0    0  5.9 12 100   M    M   0         M  M
================================================================================
SM 2581 1910         0 564  0.21     0.0 221.3          M       25
================================================================================
AV 99.3 73.5                               8.5 FASTST   M    M   1    MAX(MPH)
                                 MISC ---->    32   M                 43    M
================================================================================
NOTES:
# LAST OF SEVERAL OCCURRENCES

COLUMN 17 PEAK WIND IN M.P.H.

PRELIMINARY LOCAL CLIMATOLOGICAL DATA (WS FORM: F-6) , PAGE 2

                                          STATION:  Midland Airpark
                                          MONTH:    AUGUST
                                          YEAR:     2015
                                          LATITUDE:   32  2 N
                                          LONGITUDE: 102  6 W

[TEMPERATURE DATA]      [PRECIPITATION DATA]       SYMBOLS USED IN COLUMN 16

AVERAGE MONTHLY: 86.4   TOTAL FOR MONTH:   0.21    1 = FOG OR MIST
DPTR FM NORMAL:     M   DPTR FM NORMAL:       M    2 = FOG REDUCING VISIBILITY
HIGHEST:   105 ON  9, 6 GRTST 24HR  0.08 ON 14-14      TO 1/4 MILE OR LESS
LOWEST:     64 ON 20                               3 = THUNDER
                        SNOW, ICE PELLETS, HAIL    4 = ICE PELLETS
                        TOTAL MONTH:   0.0 INCH    5 = HAIL
                        GRTST 24HR     0.0         6 = FREEZING RAIN OR DRIZZLE
                        GRTST DEPTH:   0           7 = DUSTSTORM OR SANDSTORM:
                                                       VSBY 1/2 MILE OR LESS
                                                   8 = SMOKE OR HAZE
[NO. OF DAYS WITH]      [WEATHER - DAYS WITH]      9 = BLOWING SNOW
                                                   X = TORNADO
MAX 32 OR BELOW:   0    0.01 INCH OR MORE:   4
MAX 90 OR ABOVE:  25    0.10 INCH OR MORE:   0
MIN 32 OR BELOW:   0    0.50 INCH OR MORE:   0
MIN  0 OR BELOW:   0    1.00 INCH OR MORE:   0

[HDD (BASE 65) ]
TOTAL THIS MO.     0    CLEAR  (SCALE 0-3)  24
DPTR FM NORMAL     M    PTCLDY (SCALE 4-7)   2
TOTAL FM JUL 1     0    CLOUDY (SCALE 8-10)  0
DPTR FM NORMAL     M

[CDD (BASE 65) ]
TOTAL THIS MO.   564
DPTR FM NORMAL     M    [PRESSURE DATA]
TOTAL FM JAN 1  2149    HIGHEST SLP M ON M
DPTR FM NORMAL     M    LOWEST  SLP M ON M

[REMARKS]
