000
CXUS55 KCTP 261131
CF6MDT
PRELIMINARY LOCAL CLIMATOLOGICAL DATA (WS FORM: F-6)

                                          STATION:   HARRISBURG PA
                                          MONTH:     SEPTEMBER
                                          YEAR:      2016
                                          LATITUDE:   40 11 N
                                          LONGITUDE:  76 46 W

  TEMPERATURE IN F:       :PCPN:    SNOW:  WIND      :SUNSHINE: SKY     :PK WND
================================================================================
1   2   3   4   5  6A  6B    7    8   9   10  11  12  13   14  15   16   17  18
                                     12Z  AVG MX 2MIN
DY MAX MIN AVG DEP HDD CDD  WTR  SNW DPTH SPD SPD DIR MIN PSBL S-S WX    SPD DR
================================================================================

 1  82  64  73   2   0   8 0.02  0.0    0  4.3 13  40   M    M   8 1      19  60
 2  80  61  71   0   0   6 0.00  0.0    0  6.9 13  30   M    M   4        18  40
 3  81  61  71   0   0   6 0.00  0.0    0  5.5 21 100   M    M   5        24 100
 4  83  59  71   1   0   6 0.00  0.0    0  4.1 12  30   M    M   4        17  50
 5  89  60  75   5   0  10 0.00  0.0    0  4.9 14 310   M    M   1        17 320
 6  91  65  78   8   0  13 0.00  0.0    0  7.8 21 320   M    M   1        27 330
 7  93  65  79  10   0  14 0.49  0.0    0  5.1 18 300   M    M   6 13     23 300
 8  94  73  84  15   0  19 0.05  0.0    0  5.4 17 270   M    M   6 13     24 270
 9  91  74  83  14   0  18 0.22  0.0    0  3.6 17 320   M    M   7 13     23 310
10  94  73  84  16   0  19 0.27  0.0    0  4.2 14 160   M    M   6 13     19 220
11  82  61  72   4   0   7 0.00  0.0    0 10.2 22 320   M    M   6        28 340
12  81  56  69   1   0   4 0.00  0.0    0  1.6  8 140   M    M   1         9  80
13  88  60  74   7   0   9 0.00  0.0    0  5.3 12 170   M    M   3        19 150
14  90  65  78  11   0  13 0.00  0.0    0  4.7 15 360   M    M   4        23  20
15  78  59  69   3   0   4 0.00  0.0    0  4.7 16  70   M    M   4        19  80
16  77  60  69   3   0   4 0.00  0.0    0  6.4 14 150   M    M   8        19 150
17  79  61  70   4   0   5 0.00  0.0    0  6.6 12 160   M    M   9        17 200
18  84  69  77  12   0  12 0.04  0.0    0  2.4 15 300   M    M   9 1      21 300
19  76  70  73   8   0   8 1.44  0.0    0  1.3 10 330   M    M  10 1      12 330
20  85  67  76  12   0  11 0.00  0.0    0  1.8  8 320   M    M   8 1      13  40
21  85  65  75  11   0  10 0.00  0.0    0  3.6  9 320   M    M   7        13 190
22  85  60  73  10   0   8 0.00  0.0    0  2.2  8  80   M    M   2         9  80
23  87  58  73  10   0   8 0.00  0.0    0  2.2  9 320   M    M   2 1      13 360
24  75  55  65   3   0   0 0.01  0.0    0  5.6 14 330   M    M   5        19  10
25  72  49  61  -1   4   0 0.00  0.0    0  3.0  7  90   M    M   3        11  30
================================================================================
SM 2102 1570         4 222  2.54     0.0 113.4          M      129
================================================================================
AV 84.1 62.8                               4.5 FASTST   M    M   5    MAX(MPH)
                                 MISC ---->  # 22 320               # 28  340
================================================================================
NOTES:
# LAST OF SEVERAL OCCURRENCES

COLUMN 17 PEAK WIND IN M.P.H.

PRELIMINARY LOCAL CLIMATOLOGICAL DATA (WS FORM: F-6) , PAGE 2

                                          STATION:  HARRISBURG PA
                                          MONTH:    SEPTEMBER
                                          YEAR:     2016
                                          LATITUDE:   40 11 N
                                          LONGITUDE:  76 46 W

[TEMPERATURE DATA]      [PRECIPITATION DATA]       SYMBOLS USED IN COLUMN 16

AVERAGE MONTHLY: 73.4   TOTAL FOR MONTH:   2.54    1 = FOG OR MIST
DPTR FM NORMAL:   6.5   DPTR FM NORMAL:   -0.82    2 = FOG REDUCING VISIBILITY
HIGHEST:    94 ON 10, 8 GRTST 24HR  1.46 ON 18-19      TO 1/4 MILE OR LESS
LOWEST:     49 ON 25                               3 = THUNDER
                        SNOW, ICE PELLETS, HAIL    4 = ICE PELLETS
                        TOTAL MONTH:   0.0 INCH    5 = HAIL
                        GRTST 24HR     0.0         6 = FREEZING RAIN OR DRIZZLE
                        GRTST DEPTH:   0           7 = DUSTSTORM OR SANDSTORM:
                                                       VSBY 1/2 MILE OR LESS
                                                   8 = SMOKE OR HAZE
[NO. OF DAYS WITH]      [WEATHER - DAYS WITH]      9 = BLOWING SNOW
                                                   X = TORNADO
MAX 32 OR BELOW:   0    0.01 INCH OR MORE:   8
MAX 90 OR ABOVE:   6    0.10 INCH OR MORE:   4
MIN 32 OR BELOW:   0    0.50 INCH OR MORE:   1
MIN  0 OR BELOW:   0    1.00 INCH OR MORE:   1

[HDD (BASE 65) ]
TOTAL THIS MO.     4    CLEAR  (SCALE 0-3)   7
DPTR FM NORMAL   -38    PTCLDY (SCALE 4-7)  13
TOTAL FM JUL 1     4    CLOUDY (SCALE 8-10)  5
DPTR FM NORMAL   -40

[CDD (BASE 65) ]
TOTAL THIS MO.   222
DPTR FM NORMAL   131    [PRESSURE DATA]
TOTAL FM JAN 1  1486    HIGHEST SLP M ON M
DPTR FM NORMAL   499    LOWEST  SLP 29.78 ON  8

[REMARKS]
