000
CXUS53 KARX 010930
CF6MDZ
PRELIMINARY LOCAL CLIMATOLOGICAL DATA (WS FORM: F-6)

                                          STATION:   MEDFORD WI
                                          MONTH:     APRIL
                                          YEAR:      2016
                                          LATITUDE:   45  5 N
                                          LONGITUDE:  90 18 W

  TEMPERATURE IN F:       :PCPN:    SNOW:  WIND      :SUNSHINE: SKY     :PK WND
================================================================================
1   2   3   4   5  6A  6B    7    8   9   10  11  12  13   14  15   16   17  18
                                     12Z  AVG MX 2MIN
DY MAX MIN AVG DEP HDD CDD  WTR  SNW DPTH SPD SPD DIR MIN PSBL S-S WX    SPD DR
================================================================================

 1  36  28  32   M  33   0    M    M    0  7.9 15 350   M    M   7        25 320
 2  28  17  23   M  42   0    M    M    3 11.0 29 330   M    M   8 8      35 330
 3  43  22  33   M  32   0 0.00  0.0    1  8.4 15  20   M    M   8        18 130
 4  32  21  27   M  38   0    T    T    0  6.1 13  20   M    M   7         M  M
 5  37  21  29   M  36   0 0.08  1.0    0  9.3 17 180   M    M   5        21 170
 6  36  30  33   M  32   0 0.07    T    1  5.9 10 360   M    M  10 1      16 360
 7  35  29  32   M  33   0    M    M    0  7.6 13 360   M    M  10        17 360
 8  30  19  25   M  40   0    M    M    2 12.1 25 340   M    M   8        32 340
 9  31  11  21   M  44   0 0.00  0.0    0  7.0 15 140   M    M   3        21 140
10  53  28  41   M  24   0 0.00  0.0    0 11.6 18 140   M    M   5        28 140
11  35  28  32   M  33   0 0.00  0.0    0 13.3 21 280   M    M   8        28 300
12  44  22  33   M  32   0    T    T    0  3.8  9 170   M    M   4         M  M
13  49  32  41   M  24   0 0.01  0.0    0  9.6 14 150   M    M   5 1      20 130
14  65  33  49   M  16   0 0.00  0.0    0 11.0 20 170   M    M   3        24 170
15  68  41  55   M  10   0 0.00  0.0    0 10.6 17 170   M    M   0        22 170
16  75  43  59   M   6   0 0.00  0.0    0  7.8 17 180   M    M   1        21 180
17  77  53  65   M   0   0 0.00  0.0    0  5.2 10 190   M    M   7        20 190
18  76  47  62   M   3   0 0.00  0.0    0  5.2 13  50   M    M   2         M  M
19  56  44  50   M  15   0    T  0.0    0  8.1 14 110   M    M  10        22 110
20  63  47  55   M  10   0    T  0.0    0  7.5 10 140   M    M   8        17 140
21  67  45  56   M   9   0 0.00  0.0    0  5.0 13  10   M    M   8        18 350
22  56  35  46   M  19   0 0.00  0.0    0  8.0 15  10   M    M   4        20  20
23  61  35  48   M  17   0 0.00  0.0    0  6.9 14 160   M    M   5        17 160
24  49  41  45   M  20   0 1.48  0.0    0  9.2 16 100   M    M  10 1      23 100
25  46  38  42   M  23   0 0.38  0.0    0 11.2 17  90   M    M  10 13     23  90
26  48  35  42   M  23   0 0.00  0.0    0  8.1 15  70   M    M   7 1      18  70
27  53  31  42   M  23   0    T  0.0    0 10.5 20  70   M    M   3        28  70
28  47  36  42   M  23   0 0.02  0.0    0  8.8 16  60   M    M  10        23  60
29  54  35  45   M  20   0    T  0.0    0  3.5  9  30   M    M   7         M  M
30  59  33  46   M  19   0 0.00  0.0    0  9.7 16  90   M    M   3        23  90
================================================================================
SM 1509  980       699   0  2.04     1.0 249.9          M      186
================================================================================
AV 50.3 32.7                               8.3 FASTST   M    M   6    MAX(MPH)
                                 MISC ---->    29   M               # 35  330
================================================================================
NOTES:
# LAST OF SEVERAL OCCURRENCES

COLUMN 17 PEAK WIND IN M.P.H.

PRELIMINARY LOCAL CLIMATOLOGICAL DATA (WS FORM: F-6) , PAGE 2

                                          STATION:  MEDFORD WI
                                          MONTH:    APRIL
                                          YEAR:     2016
                                          LATITUDE:   45  5 N
                                          LONGITUDE:  90 18 W

[TEMPERATURE DATA]      [PRECIPITATION DATA]       SYMBOLS USED IN COLUMN 16

AVERAGE MONTHLY: 41.5   TOTAL FOR MONTH:   2.04    1 = FOG OR MIST
DPTR FM NORMAL:     M   DPTR FM NORMAL:       M    2 = FOG REDUCING VISIBILITY
HIGHEST:    77 ON 17    GRTST 24HR  1.48 ON 24-24      TO 1/4 MILE OR LESS
LOWEST:     11 ON  9                               3 = THUNDER
                        SNOW, ICE PELLETS, HAIL    4 = ICE PELLETS
                        TOTAL MONTH:   1.0 INCH    5 = HAIL
                        GRTST 24HR   1.0 ON  5- 5  6 = FREEZING RAIN OR DRIZZLE
                        GRTST DEPTH:   3 ON  2     7 = DUSTSTORM OR SANDSTORM:
                                                       VSBY 1/2 MILE OR LESS
                                                   8 = SMOKE OR HAZE
[NO. OF DAYS WITH]      [WEATHER - DAYS WITH]      9 = BLOWING SNOW
                                                   X = TORNADO
MAX 32 OR BELOW:   4    0.01 INCH OR MORE:   6
MAX 90 OR ABOVE:   0    0.10 INCH OR MORE:   2
MIN 32 OR BELOW:  14    0.50 INCH OR MORE:   1
MIN  0 OR BELOW:   0    1.00 INCH OR MORE:   1

[HDD (BASE 65) ]
TOTAL THIS MO.   699    CLEAR  (SCALE 0-3)   6
DPTR FM NORMAL     M    PTCLDY (SCALE 4-7)  18
TOTAL FM JUL 1  7319    CLOUDY (SCALE 8-10)  6
DPTR FM NORMAL     M

[CDD (BASE 65) ]
TOTAL THIS MO.     0
DPTR FM NORMAL     M    [PRESSURE DATA]
TOTAL FM JAN 1     0    HIGHEST SLP M ON M
DPTR FM NORMAL     M    LOWEST  SLP M ON M

[REMARKS]
#FINAL-04-16#
