000
CXUS53 KARX 290930
CF6MDZ
PRELIMINARY LOCAL CLIMATOLOGICAL DATA (WS FORM: F-6)

                                          STATION:   MEDFORD WI
                                          MONTH:     JULY
                                          YEAR:      2016
                                          LATITUDE:   45  5 N
                                          LONGITUDE:  90 18 W

  TEMPERATURE IN F:       :PCPN:    SNOW:  WIND      :SUNSHINE: SKY     :PK WND
================================================================================
1   2   3   4   5  6A  6B    7    8   9   10  11  12  13   14  15   16   17  18
                                     12Z  AVG MX 2MIN
DY MAX MIN AVG DEP HDD CDD  WTR  SNW DPTH SPD SPD DIR MIN PSBL S-S WX    SPD DR
================================================================================

 1  71  48  60   M   5   0 0.00  0.0    0  5.7 12 330   M    M   3        16 330
 2  73  45  59   M   6   0 0.00  0.0    0  1.6  8 190   M    M   1 1       M  M
 3  75  47  61   M   4   0 0.00  0.0    0  2.6  9 180   M    M   2 1       M  M
 4  76  49  63   M   2   0 0.00  0.0    0  5.8 12 220   M    M   2        17 210
 5  84  62  73   M   0   8 1.30  0.0    0  6.9 13  80   M    M   5 3       M  M
 6  81  59  70   M   0   5 0.00  0.0    0  4.0  9 270   M    M   1         M  M
 7  74  59  67   M   0   2 0.03  0.0    0  4.9  8  80   M    M   7 1       M  M
 8  69  56  63   M   2   0 0.04  0.0    0  8.1 16 280   M    M   7        20 280
 9  76  52  64   M   1   0 0.00  0.0    0  3.5  7  20   M    M   3 1       M  M
10  73  55  64   M   1   0 0.03  0.0    0  6.9 14 140   M    M   7        24 140
11  85  66  76   M   0  11 0.00  0.0    0 10.0 18 180   M    M   8        25 190
12  79  62  71   M   0   6 0.80  0.0    0 10.6 20 330   M    M   4 3      24 180
13  81  64  73   M   0   8 0.00  0.0    0 11.5 17 270   M    M   2        27 270
14  68  57  63   M   2   0 0.11  0.0    0 10.0 14 270   M    M   9 1      23 260
15  68  52  60   M   5   0 0.03  0.0    0  4.4  9 320   M    M   7         M  M
16  75  50  63   M   2   0 0.00  0.0    0  4.2 10 220   M    M   4 1      17 250
17  79  62  71   M   0   6 0.08  0.0    0  8.7 16 150   M    M   6        23 170
18  79  56  68   M   0   3 0.00  0.0    0  4.3 14 270   M    M   2 1      18 270
19  82  56  69   M   0   4 0.00  0.0    0  4.0  8 190   M    M   2 1       M  M
20  82  62  72   M   0   7 0.02  0.0    0  7.9 16 180   M    M   4 13     21 180
21  82  65  74   M   0   9 0.46  0.0    0  6.7 13 170   M    M   4 13      M  M
22  88  62  75   M   0  10 0.00  0.0    0  2.5  7 270   M    M   3 12      M  M
23  81  61  71   M   0   6 0.16  0.0    0  3.9 10 160   M    M   5 13     17 140
24  82  64  73   M   0   8 0.00  0.0    0  6.4 18 280   M    M   7 12     24 280
25  79  58  69   M   0   4 0.00  0.0    0  6.3 10 300   M    M   1        18 300
26  83  56  70   M   0   5 0.00  0.0    0  4.9 10 220   M    M   1 1      18 220
27  77  59  68   M   0   3 0.72  0.0    0  3.1  7 110   M    M   8 13      M  M
28  67  60  64   M   1   0 0.55  0.0    0  5.8  9  40   M    M  10 1      16  60
================================================================================
SM 2169 1604        31 105  4.33     0.0 165.2          M      125
================================================================================
AV 77.5 57.3                               5.9 FASTST   M    M   4    MAX(MPH)
                                 MISC ---->    20   M               # 27  270
================================================================================
NOTES:
# LAST OF SEVERAL OCCURRENCES

COLUMN 17 PEAK WIND IN M.P.H.

PRELIMINARY LOCAL CLIMATOLOGICAL DATA (WS FORM: F-6) , PAGE 2

                                          STATION:  MEDFORD WI
                                          MONTH:    JULY
                                          YEAR:     2016
                                          LATITUDE:   45  5 N
                                          LONGITUDE:  90 18 W

[TEMPERATURE DATA]      [PRECIPITATION DATA]       SYMBOLS USED IN COLUMN 16

AVERAGE MONTHLY: 67.4   TOTAL FOR MONTH:   4.33    1 = FOG OR MIST
DPTR FM NORMAL:     M   DPTR FM NORMAL:       M    2 = FOG REDUCING VISIBILITY
HIGHEST:    88 ON 22    GRTST 24HR  1.30 ON  5- 5      TO 1/4 MILE OR LESS
LOWEST:     45 ON  2                               3 = THUNDER
                        SNOW, ICE PELLETS, HAIL    4 = ICE PELLETS
                        TOTAL MONTH:   0.0 INCH    5 = HAIL
                        GRTST 24HR     0.0         6 = FREEZING RAIN OR DRIZZLE
                        GRTST DEPTH:   0           7 = DUSTSTORM OR SANDSTORM:
                                                       VSBY 1/2 MILE OR LESS
                                                   8 = SMOKE OR HAZE
[NO. OF DAYS WITH]      [WEATHER - DAYS WITH]      9 = BLOWING SNOW
                                                   X = TORNADO
MAX 32 OR BELOW:   0    0.01 INCH OR MORE:  13
MAX 90 OR ABOVE:   0    0.10 INCH OR MORE:   7
MIN 32 OR BELOW:   0    0.50 INCH OR MORE:   4
MIN  0 OR BELOW:   0    1.00 INCH OR MORE:   1

[HDD (BASE 65) ]
TOTAL THIS MO.    31    CLEAR  (SCALE 0-3)  10
DPTR FM NORMAL     M    PTCLDY (SCALE 4-7)  15
TOTAL FM JUL 1    31    CLOUDY (SCALE 8-10)  3
DPTR FM NORMAL     M

[CDD (BASE 65) ]
TOTAL THIS MO.   105
DPTR FM NORMAL     M    [PRESSURE DATA]
TOTAL FM JAN 1   167    HIGHEST SLP M ON M
DPTR FM NORMAL     M    LOWEST  SLP M ON M

[REMARKS]
