000
CXUS54 KMEG 210739
CF6MEG
PRELIMINARY LOCAL CLIMATOLOGICAL DATA (WS FORM: F-6)

                                          STATION:   MEMPHIS/GERMANTOWN WFO
                                          MONTH:     FEBRUARY
                                          YEAR:      2017
                                          LATITUDE:   35  7 N
                                          LONGITUDE:  89 48 W

  TEMPERATURE IN F:       :PCPN:    SNOW:  WIND      :SUNSHINE: SKY     :PK WND
================================================================================
1   2   3   4   5  6A  6B    7    8   9   10  11  12  13   14  15   16   17  18
                                     12Z  AVG MX 2MIN
DY MAX MIN AVG DEP HDD CDD  WTR  SNW DPTH SPD SPD DIR MIN PSBL S-S WX    SPD DR
================================================================================

 1  61  51  56  16   9   0    T  0.0    0   M   M   M   M    M   M         M  M
 2  51  36  44   4  21   0 0.05  0.0    0   M   M   M   M    M   M         M  M
 3  46  30  38  -2  27   0 0.00  0.0    0   M   M   M   M    M   M         M  M
 4  49  25  37  -4  28   0 0.03  0.0    0   M   M   M   M    M   M         M  M
 5  60  40  50   9  15   0 0.01  0.0    0   M   M   M   M    M   M         M  M
 6  73  52  63  22   2   0 0.32  0.0    0   M   M   M   M    M   M         M  M
 7  77  55  66  25   0   1 0.05  0.0    0   M   M   M   M    M   M         M  M
 8  73  34  54  13  11   0 0.00  0.0    0   M   M   M   M    M   M         M  M
 9  45  31  38  -4  27   0 0.00  0.0    0   M   M   M   M    M   M         M  M
10  68  30  49   7  16   0 0.00  0.0    0   M   M   M   M    M   M         M  M
11  78  63  71  29   0   6 0.00  0.0    0   M   M   M   M    M   M         M  M
12  71  49  60  18   5   0 0.04  0.0    0   M   M   M   M    M   M         M  M
13  59  38  49   7  16   0 0.00  0.0    0   M   M   M   M    M   M         M  M
14  50  41  46   3  19   0 0.58  0.0    0   M   M   M   M    M   M         M  M
15  53  33  43   0  22   0 0.01  0.0    0   M   M   M   M    M   M         M  M
16  62  30  46   3  19   0 0.00  0.0    0   M   M   M   M    M   M         M  M
17  69  42  56  13   9   0    T  0.0    0   M   M   M   M    M   M         M  M
18  66  50  58  14   7   0 0.05  0.0    0   M   M   M   M    M   M         M  M
19  79  45  62  18   3   0 0.00  0.0    0   M   M   M   M    M   M         M  M
20  80  53  67  23   0   2 0.00  0.0    0   M   M   M   M    M   M         M  M
================================================================================
SM 1270  828       256   9  1.14     0.0     M          M        M
================================================================================
AV 63.5 41.4                                 M FASTST   M    M   4    MAX(MPH)
                                 MISC ---->     M   M                  M    M
================================================================================
NOTES:
# LAST OF SEVERAL OCCURRENCES

COLUMN 17 PEAK WIND IN M.P.H.

PRELIMINARY LOCAL CLIMATOLOGICAL DATA (WS FORM: F-6) , PAGE 2

                                          STATION:  MEMPHIS/GERMANTOWN WFO
                                          MONTH:    FEBRUARY
                                          YEAR:     2017
                                          LATITUDE:   35  7 N
                                          LONGITUDE:  89 48 W

[TEMPERATURE DATA]      [PRECIPITATION DATA]       SYMBOLS USED IN COLUMN 16

AVERAGE MONTHLY: 52.5   TOTAL FOR MONTH:   1.14    1 = FOG OR MIST
DPTR FM NORMAL:  10.5   DPTR FM NORMAL:   -2.16    2 = FOG REDUCING VISIBILITY
HIGHEST:    80 ON 20    GRTST 24HR  0.58 ON 14-14      TO 1/4 MILE OR LESS
LOWEST:     25 ON  4                               3 = THUNDER
                        SNOW, ICE PELLETS, HAIL    4 = ICE PELLETS
                        TOTAL MONTH:   0.0 INCH    5 = HAIL
                        GRTST 24HR     0.0         6 = FREEZING RAIN OR DRIZZLE
                        GRTST DEPTH:   0           7 = DUSTSTORM OR SANDSTORM:
                                                       VSBY 1/2 MILE OR LESS
                                                   8 = SMOKE OR HAZE
[NO. OF DAYS WITH]      [WEATHER - DAYS WITH]      9 = BLOWING SNOW
                                                   X = TORNADO
MAX 32 OR BELOW:   0    0.01 INCH OR MORE:   9
MAX 90 OR ABOVE:   0    0.10 INCH OR MORE:   2
MIN 32 OR BELOW:   5    0.50 INCH OR MORE:   1
MIN  0 OR BELOW:   0    1.00 INCH OR MORE:   0

[HDD (BASE 65) ]
TOTAL THIS MO.   256    CLEAR  (SCALE 0-3)   0
DPTR FM NORMAL  -205    PTCLDY (SCALE 4-7)   0
TOTAL FM JUL 1  1785    CLOUDY (SCALE 8-10)  0
DPTR FM NORMAL  -805

[CDD (BASE 65) ]
TOTAL THIS MO.     9
DPTR FM NORMAL     9    [PRESSURE DATA]
TOTAL FM JAN 1     9    HIGHEST SLP M ON M
DPTR FM NORMAL     9    LOWEST  SLP M ON M

[REMARKS]
