000
CXUS56 KPDT 271832
CF6MEH
PRELIMINARY LOCAL CLIMATOLOGICAL DATA (WS FORM: F-6)

                                          STATION:   MEACHAM OR
                                          MONTH:     DECEMBER
                                          YEAR:      2014
                                          LATITUDE:   45 30 N
                                          LONGITUDE: 118 24 W

  TEMPERATURE IN F:       :PCPN:    SNOW:  WIND      :SUNSHINE: SKY     :PK WND
================================================================================
1   2   3   4   5  6A  6B    7    8   9   10  11  12  13   14  15   16   17  18
                                     12Z  AVG MX 2MIN
DY MAX MIN AVG DEP HDD CDD  WTR  SNW DPTH SPD SPD DIR MIN PSBL S-S WX    SPD DR
================================================================================

 1  34  15  25  -4  40   0 0.03    M    M  0.0  3 100   M    M   9 1       7 180
 2  33  17  25  -3  40   0 0.00  0.0    0  0.3  5 340   M    M   7 12      9 310
 3  37  19  28   0  37   0 0.12  0.0    0  0.1  5 170   M    M   8 1       9 120
 4  41  34  38  10  27   0 0.43  0.0    3  0.0  3  80   M    M  10 1       5 190
 5  45  32  39  11  26   0 0.05  0.0    3  0.5  6 110   M    M   3 1      12  90
 6  48  28  38  10  27   0 0.09  0.0    0  0.0  8 280   M    M   6 16     12 250
 7  45  25  35   8  30   0 0.00  0.0    0  0.3  5 200   M    M   0         9 210
 8  51  40  46  19  19   0 0.01  0.0    0  1.2  6 190   M    M   4        11 190
 9  51  42  47  20  18   0 0.16    M    0  0.3  6 210   M    M   8 1      10 170
10  50  43  47  20  18   0 0.01  0.0    0  3.0 10 100   M    M   5 1      25 180
11  51  44  48  21  17   0 0.06    M    0  3.4 15 100   M    M   5 1      28 160
12  47  33  40  14  25   0 1.27    M    0  0.2  5 280   M    M  10 12      9 260
13  37  26  32   6  33   0 0.00  0.0    0  0.6  6 270   M    M  10 12     10 260
14  32  17  25  -1  40   0 0.00  0.0    0  0.0  5 230   M    M   2 1       8 200
15  36  24  30   4  35   0    T    M    0  1.2  7 150   M    M   5 1      13 180
16  36  30  33   7  32   0 0.05    M    0  0.3  5 200   M    M   7 1      10 180
17  39  31  35   9  30   0 0.05  0.2    2  0.4  5 150   M    M   7 1       9 150
18  40  31  36  10  29   0 0.01    M    0  0.1  5 170   M    M   8 1      14 160
19  38  30  34   8  31   0 0.31    M    0  0.3  5 280   M    M   7 1      10 320
20  45  33  39  13  26   0 1.88    M    0  0.4  6 210   M    M  10 1      12 200
21  50  39  45  19  20   0 0.02  0.0    0  6.4 15 270   M    M  10        31 290
22  40  30  35   9  30   0 0.17  0.0    M  2.9 10 290   M    M   9 1      21 290
23  42  28  35   9  30   0    T  0.0    0  0.1  5 190   M    M   9 1       8 130
24  38  28  33   7  32   0 0.56  4.6    M  2.2  9 280   M    M  10 12     16 300
25  32  28  30   4  35   0 0.03  0.6    5  1.5  8 280   M    M  10 1      14 310
26  31  13  22  -5  43   0    T    M    0  0.4  6 260   M    M   4 1       8 300
================================================================================
SM 1069  760       770   0  5.31     5.4  26.1          M      183
================================================================================
AV 41.1 29.2                               1.0 FASTST   M    M   7    MAX(MPH)
                                 MISC ---->  # 15 100               # 31  290
================================================================================
NOTES:
# LAST OF SEVERAL OCCURRENCES

COLUMN 17 PEAK WIND IN M.P.H.

PRELIMINARY LOCAL CLIMATOLOGICAL DATA (WS FORM: F-6) , PAGE 2

                                          STATION:  MEACHAM OR
                                          MONTH:    DECEMBER
                                          YEAR:     2014
                                          LATITUDE:   45 30 N
                                          LONGITUDE: 118 24 W

[TEMPERATURE DATA]      [PRECIPITATION DATA]       SYMBOLS USED IN COLUMN 16

AVERAGE MONTHLY: 35.2   TOTAL FOR MONTH:   5.31    1 = FOG OR MIST
DPTR FM NORMAL:   8.4   DPTR FM NORMAL:    1.60    2 = FOG REDUCING VISIBILITY
HIGHEST:    51 ON 11, 9 GRTST 24HR  1.90 ON 20-21      TO 1/4 MILE OR LESS
LOWEST:     13 ON 26                               3 = THUNDER
                        SNOW, ICE PELLETS, HAIL    4 = ICE PELLETS
                        TOTAL MONTH:   5.4 INCHES  5 = HAIL
                        GRTST 24HR   4.6 ON   M    6 = FREEZING RAIN OR DRIZZLE
                        GRTST DEPTH:   5 ON 25     7 = DUSTSTORM OR SANDSTORM:
                                                       VSBY 1/2 MILE OR LESS
                                                   8 = SMOKE OR HAZE
[NO. OF DAYS WITH]      [WEATHER - DAYS WITH]      9 = BLOWING SNOW
                                                   X = TORNADO
MAX 32 OR BELOW:   3    0.01 INCH OR MORE:  19
MAX 90 OR ABOVE:   0    0.10 INCH OR MORE:   8
MIN 32 OR BELOW:  18    0.50 INCH OR MORE:   3
MIN  0 OR BELOW:   0    1.00 INCH OR MORE:   2

[HDD (BASE 65) ]
TOTAL THIS MO.   770    CLEAR  (SCALE 0-3)   3
DPTR FM NORMAL  -223    PTCLDY (SCALE 4-7)  12
TOTAL FM JUL 1  2681    CLOUDY (SCALE 8-10) 11
DPTR FM NORMAL  -779

[CDD (BASE 65) ]
TOTAL THIS MO.     0
DPTR FM NORMAL     0    [PRESSURE DATA]
TOTAL FM JAN 1   109    HIGHEST SLP M ON M
DPTR FM NORMAL    85    LOWEST  SLP 29.28 ON 11

[REMARKS]
