000
CXUS56 KPDT 231832
CF6MEH
PRELIMINARY LOCAL CLIMATOLOGICAL DATA (WS FORM: F-6)

                                          STATION:   MEACHAM OR
                                          MONTH:     JUNE
                                          YEAR:      2017
                                          LATITUDE:   45 30 N
                                          LONGITUDE: 118 24 W

  TEMPERATURE IN F:       :PCPN:    SNOW:  WIND      :SUNSHINE: SKY     :PK WND
================================================================================
1   2   3   4   5  6A  6B    7    8   9   10  11  12  13   14  15   16   17  18
                                     12Z  AVG MX 2MIN
DY MAX MIN AVG DEP HDD CDD  WTR  SNW DPTH SPD SPD DIR MIN PSBL S-S WX    SPD DR
================================================================================

 1  65  45  55   5  10   0 0.05    M    0  1.6  9 290   M    M   7 1      14 260
 2  70  43  57   7   8   0 0.00  0.0    0  1.3  8  90   M    M   3        12  30
 3  74  48  61  10   4   0 0.00  0.0    0  1.0  5  20   M    M   1         M  M
 4  53  34  44  -7  21   0 0.14  0.0    0  0.1  8 270   M    M   7 1      13 260
 5  68  30  49  -2  16   0 0.00  0.0    0  1.7  9 100   M    M   0 8      14 280
 6  79  39  59   8   6   0 0.00  0.0    0  1.1  8  40   M    M   0        12  30
 7  85  47  66  15   0   1 0.00  0.0    0  1.1  8  90   M    M   0        13  10
 8  65  44  55   3  10   0 1.43    M    M  0.8 14 270   M    M   5 18     23 280
 9  54  40  47  -5  18   0 0.45    M    0  0.2  4  99   M    M   9 13      M  M
10  53  31  42 -10  23   0 0.01    M    0  0.6  6  90   M    M   6 18     10 200
11  61  29  45  -7  20   0 0.00  0.0    0  2.3 10  20   M    M   2        18  20
12  61  45  53   1  12   0 0.01    M    0  3.6 12 270   M    M   9        22 270
13  61  41  51  -1  14   0 0.00  0.0    0  3.7 10 270   M    M   6        19 280
14  64  38  51  -2  14   0 0.00  0.0    0  1.5  8 250   M    M   5        12  10
15  62  46  54   1  11   0 0.18    M    M  0.3  7 240   M    M   9        12 100
16  59  49  54   1  11   0 0.42    M    0  0.7  7 260   M    M   9 1      12 270
17  68  47  58   5   7   0 0.00  0.0    0  1.2  9 270   M    M   6        13 270
18  75  51  63   9   2   0 0.00  0.0    0  1.2  8 300   M    M   7        13 320
19  88  45  67  13   0   2 0.00  0.0    M  1.8  9  90   M    M   1        15 100
20  78  51  65  11   0   0 0.00  0.0    0  1.6  9 260   M    M   0        17 280
21  72  43  58   4   7   0 0.00  0.0    0  2.4  9 290   M    M   0        14 310
22  68  34  51  -3  14   0 0.00  0.0    0  1.5  8  40   M    M   0        15  20
================================================================================
SM 1483  920       228   3  2.69     0.0  31.3          M       92
================================================================================
AV 67.4 41.8                               1.4 FASTST   M    M   4    MAX(MPH)
                                 MISC ---->  # 14 270               # 23  280
================================================================================
NOTES:
# LAST OF SEVERAL OCCURRENCES

COLUMN 17 PEAK WIND IN M.P.H.

PRELIMINARY LOCAL CLIMATOLOGICAL DATA (WS FORM: F-6) , PAGE 2

                                          STATION:  MEACHAM OR
                                          MONTH:    JUNE
                                          YEAR:     2017
                                          LATITUDE:   45 30 N
                                          LONGITUDE: 118 24 W

[TEMPERATURE DATA]      [PRECIPITATION DATA]       SYMBOLS USED IN COLUMN 16

AVERAGE MONTHLY: 54.6   TOTAL FOR MONTH:   2.69    1 = FOG OR MIST
DPTR FM NORMAL:   2.4   DPTR FM NORMAL:    0.84    2 = FOG REDUCING VISIBILITY
HIGHEST:    88 ON 19    GRTST 24HR  1.43 ON  8- 8      TO 1/4 MILE OR LESS
LOWEST:     29 ON 11                               3 = THUNDER
                        SNOW, ICE PELLETS, HAIL    4 = ICE PELLETS
                        TOTAL MONTH:   0.0 INCH    5 = HAIL
                        GRTST 24HR     0.0         6 = FREEZING RAIN OR DRIZZLE
                        GRTST DEPTH:   0           7 = DUSTSTORM OR SANDSTORM:
                                                       VSBY 1/2 MILE OR LESS
                                                   8 = SMOKE OR HAZE
[NO. OF DAYS WITH]      [WEATHER - DAYS WITH]      9 = BLOWING SNOW
                                                   X = TORNADO
MAX 32 OR BELOW:   0    0.01 INCH OR MORE:   8
MAX 90 OR ABOVE:   0    0.10 INCH OR MORE:   5
MIN 32 OR BELOW:   3    0.50 INCH OR MORE:   1
MIN  0 OR BELOW:   0    1.00 INCH OR MORE:   1

[HDD (BASE 65) ]
TOTAL THIS MO.   228    CLEAR  (SCALE 0-3)  10
DPTR FM NORMAL   -52    PTCLDY (SCALE 4-7)   8
TOTAL FM JUL 1  7945    CLOUDY (SCALE 8-10)  4
DPTR FM NORMAL  -291

[CDD (BASE 65) ]
TOTAL THIS MO.     3
DPTR FM NORMAL     3    [PRESSURE DATA]
TOTAL FM JAN 1     4    HIGHEST SLP M ON M
DPTR FM NORMAL     4    LOWEST  SLP 29.54 ON  8

[REMARKS]
