056
CXUS54 KBRO 180900
CF6MFE
PRELIMINARY LOCAL CLIMATOLOGICAL DATA (WS FORM: F-6)

                                          STATION:   MCALLEN
                                          MONTH:     OCTOBER
                                          YEAR:      2017
                                          LATITUDE:   26 10 N
                                          LONGITUDE:  98 14 W

  TEMPERATURE IN F:       :PCPN:    SNOW:  WIND      :SUNSHINE: SKY     :PK WND
================================================================================
1   2   3   4   5  6A  6B    7    8   9   10  11  12  13   14  15   16   17  18
                                     12Z  AVG MX 2MIN
DY MAX MIN AVG DEP HDD CDD  WTR  SNW DPTH SPD SPD DIR MIN PSBL S-S WX    SPD DR
================================================================================

 1  92  76  84   4   0  19    T  0.0    0  6.9 17 120   M    M   6 1      20 120
 2  95  76  86   6   0  21    T  0.0    0  8.0 21 120   M    M   4 1      25 110
 3  91  76  84   4   0  19 0.08  0.0    0  5.3 16 120   M    M   4 13     19 130
 4  93  78  86   6   0  21 0.23  0.0    0  9.5 22 120   M    M   6 1      26  90
 5  92  76  84   5   0  19 0.25  0.0    0  9.2 21  70   M    M   7 1      24  70
 6  92  72  82   3   0  17 0.00  0.0    0  5.3 13  90   M    M   1        17 100
 7  94  72  83   4   0  18 0.00  0.0    0  4.4 15 350   M    M   0        19 320
 8  95  74  85   6   0  20 0.00  0.0    0  6.5 15 160   M    M   1        20 150
 9  95  75  85   6   0  20 0.00  0.0    0 11.2 20 130   M    M   1        26 140
10  87  64  76  -2   0  11 5.07  0.0    0  9.2 38 150   M    M   6 123    44 140
11  69  64  67 -11   0   2 0.11  0.0    0  8.7 16 310   M    M   9        21 340
12  90  66  78   0   0  13 0.25  0.0    0  4.8 15 340   M    M   5 18     19 340
13  91  74  83   5   0  18 0.01  0.0    0  4.9 15  90   M    M   3 13     21  90
14  92  76  84   6   0  19 0.00  0.0    0  4.7 14 140   M    M   3 1      18 140
15  94  73  84   6   0  19 0.00  0.0    0  6.0 25 360   M    M   2        33 360
16  85  63  74  -3   0   9    T  0.0    0 13.7 22 340   M    M   5        29 340
17  86  57  72  -5   0   7 0.00  0.0    0  5.4 13 350   M    M   0        16 310
================================================================================
SM 1533 1212         0 272  6.00     0.0 123.7          M       63
================================================================================
AV 90.2 71.3                               7.3 FASTST   M    M   4    MAX(MPH)
                                 MISC ---->  # 38 150               # 44  140
================================================================================
NOTES:
# LAST OF SEVERAL OCCURRENCES

COLUMN 17 PEAK WIND IN M.P.H.

PRELIMINARY LOCAL CLIMATOLOGICAL DATA (WS FORM: F-6) , PAGE 2

                                          STATION:  MCALLEN
                                          MONTH:    OCTOBER
                                          YEAR:     2017
                                          LATITUDE:   26 10 N
                                          LONGITUDE:  98 14 W

[TEMPERATURE DATA]      [PRECIPITATION DATA]       SYMBOLS USED IN COLUMN 16

AVERAGE MONTHLY: 80.7   TOTAL FOR MONTH:   6.00    1 = FOG OR MIST
DPTR FM NORMAL:   2.1   DPTR FM NORMAL:    4.76    2 = FOG REDUCING VISIBILITY
HIGHEST:    95 ON  9, 8 GRTST 24HR  5.07 ON 10-10      TO 1/4 MILE OR LESS
LOWEST:     57 ON 17                               3 = THUNDER
                        SNOW, ICE PELLETS, HAIL    4 = ICE PELLETS
                        TOTAL MONTH:   0.0 INCH    5 = HAIL
                        GRTST 24HR     0.0         6 = FREEZING RAIN OR DRIZZLE
                        GRTST DEPTH:   0           7 = DUSTSTORM OR SANDSTORM:
                                                       VSBY 1/2 MILE OR LESS
                                                   8 = SMOKE OR HAZE
[NO. OF DAYS WITH]      [WEATHER - DAYS WITH]      9 = BLOWING SNOW
                                                   X = TORNADO
MAX 32 OR BELOW:   0    0.01 INCH OR MORE:   7
MAX 90 OR ABOVE:  13    0.10 INCH OR MORE:   5
MIN 32 OR BELOW:   0    0.50 INCH OR MORE:   1
MIN  0 OR BELOW:   0    1.00 INCH OR MORE:   1

[HDD (BASE 65) ]
TOTAL THIS MO.     0    CLEAR  (SCALE 0-3)   7
DPTR FM NORMAL     0    PTCLDY (SCALE 4-7)   9
TOTAL FM JUL 1     0    CLOUDY (SCALE 8-10)  1
DPTR FM NORMAL     0

[CDD (BASE 65) ]
TOTAL THIS MO.   272
DPTR FM NORMAL    39    [PRESSURE DATA]
TOTAL FM JAN 1  5188    HIGHEST SLP M ON M
DPTR FM NORMAL  1156    LOWEST  SLP 29.65 ON  8

[REMARKS]
