000
CXUS54 KBMX 011216
CF6MGM
PRELIMINARY LOCAL CLIMATOLOGICAL DATA (WS FORM: F-6)

                                          STATION:   MONTGOMERY
                                          MONTH:     JUNE
                                          YEAR:      2015
                                          LATITUDE:   32 17 N
                                          LONGITUDE:  86 24 W

  TEMPERATURE IN F:       :PCPN:    SNOW:  WIND      :SUNSHINE: SKY     :PK WND
================================================================================
1   2   3   4   5  6A  6B    7    8   9   10  11  12  13   14  15   16   17  18
                                     12Z  AVG MX 2MIN
DY MAX MIN AVG DEP HDD CDD  WTR  SNW DPTH SPD SPD DIR MIN PSBL S-S WX    SPD DR
================================================================================

 1  82  69  76   0   0  11    T  0.0    0  1.9  8 140   M    M   6 1      12 140
 2  85  68  77   0   0  12 0.15  0.0    0  3.1 13 170   M    M   6 1      15 170
 3  87  66  77   0   0  12 0.00  0.0    0  3.8 13 330   M    M   1 1      21 360
 4  88  65  77   0   0  12 0.00  0.0    0  1.2  7 320   M    M   2 18     18 310
 5  91  69  80   3   0  15 0.00  0.0    0  3.1 10  40   M    M   1 18     13 320
 6  93  69  81   4   0  16 0.00  0.0    0  2.7 12  20   M    M   1 1      21 340
 7  94  69  82   4   0  17 0.00  0.0    0  2.1 10 170   M    M   2        16 150
 8  91  74  83   5   0  18 0.00  0.0    0  4.2 12 170   M    M   2        18 180
 9  89  69  79   1   0  14 1.70  0.0    0  5.3 24 210   M    M   3 13     32 200
10  86  70  78   0   0  13 0.00  0.0    0  1.4 14 200   M    M   5 13     18 210
11  90  70  80   2   0  15 0.00  0.0    0  3.7 15 190   M    M   2 1      21 230
12  90  72  81   3   0  16 0.20  0.0    0  6.7 23 290   M    M   4 1      31 290
13  93  70  82   3   0  17 0.40  0.0    0  4.5 22 140   M    M   3        34 140
14  93  69  81   2   0  16 0.00  0.0    0  3.1 12 120   M    M   1        15 120
15  96  72  84   5   0  19 0.00  0.0    0  2.3 12 120   M    M   1        16 120
16  95  72  84   5   0  19 0.00  0.0    0  3.1  8 170   M    M   0        14 110
17  96  75  86   7   0  21 0.00  0.0    0  3.3 15 110   M    M   0        19 100
18  95  75  85   5   0  20 0.00  0.0    0  4.3 12 260   M    M   1 3      15 260
19  94  75  85   5   0  20 0.00  0.0    0  5.8 14 210   M    M   2        18 220
20  94  77  86   6   0  21 0.00  0.0    0  6.7 15 250   M    M   2        19 240
21  96  76  86   6   0  21 0.00  0.0    0  5.9 13 270   M    M   1        17 290
22  98  74  86   6   0  21 0.00  0.0    0  3.4 18 290   M    M   0 3      21 320
23  98  76  87   7   0  22 0.00  0.0    0  5.0 13 280   M    M   0 38     15 270
24  93  71  82   2   0  17 0.58  0.0    0  5.8 36  80   M    M   2 138    49  60
25  92  72  82   2   0  17 0.00  0.0    0  3.5 13  20   M    M   1 13     14  20
26  91  74  83   3   0  18 0.17  0.0    0  3.2 14 190   M    M   2 13     19 210
27  89  75  82   1   0  17 0.02  0.0    0  6.3 15 250   M    M   4 13     20 250
28  87  71  79  -2   0  14 0.71  0.0    0  5.3 14 270   M    M   2 13     20 260
29  90  66  78  -3   0  13 0.00  0.0    0  3.8 12 240   M    M   1 1      16 200
30  83  73  78  -3   0  13 0.06  0.0    0  5.1 21 270   M    M   3 3      27 280
================================================================================
SM 2739 2143         0 497  3.99     0.0 119.6          M       61
================================================================================
AV 91.3 71.4                               4.0 FASTST   M    M   2    MAX(MPH)
                                 MISC ---->  # 36  80               # 49   60
================================================================================
NOTES:
# LAST OF SEVERAL OCCURRENCES

COLUMN 17 PEAK WIND IN M.P.H.

PRELIMINARY LOCAL CLIMATOLOGICAL DATA (WS FORM: F-6) , PAGE 2

                                          STATION:  MONTGOMERY
                                          MONTH:    JUNE
                                          YEAR:     2015
                                          LATITUDE:   32 17 N
                                          LONGITUDE:  86 24 W

[TEMPERATURE DATA]      [PRECIPITATION DATA]       SYMBOLS USED IN COLUMN 16

AVERAGE MONTHLY: 81.4   TOTAL FOR MONTH:   3.99    1 = FOG OR MIST
DPTR FM NORMAL:   2.4   DPTR FM NORMAL:   -0.08    2 = FOG REDUCING VISIBILITY
HIGHEST:    98 ON 23,22 GRTST 24HR  1.70 ON  9- 9      TO 1/4 MILE OR LESS
LOWEST:     65 ON  4                               3 = THUNDER
                        SNOW, ICE PELLETS, HAIL    4 = ICE PELLETS
                        TOTAL MONTH:   0.0 INCH    5 = HAIL
                        GRTST 24HR     0.0         6 = FREEZING RAIN OR DRIZZLE
                        GRTST DEPTH:   0           7 = DUSTSTORM OR SANDSTORM:
                                                       VSBY 1/2 MILE OR LESS
                                                   8 = SMOKE OR HAZE
[NO. OF DAYS WITH]      [WEATHER - DAYS WITH]      9 = BLOWING SNOW
                                                   X = TORNADO
MAX 32 OR BELOW:   0    0.01 INCH OR MORE:   9
MAX 90 OR ABOVE:  21    0.10 INCH OR MORE:   7
MIN 32 OR BELOW:   0    0.50 INCH OR MORE:   3
MIN  0 OR BELOW:   0    1.00 INCH OR MORE:   1

[HDD (BASE 65) ]
TOTAL THIS MO.     0    CLEAR  (SCALE 0-3)  25
DPTR FM NORMAL     0    PTCLDY (SCALE 4-7)   5
TOTAL FM JUL 1  2136    CLOUDY (SCALE 8-10)  0
DPTR FM NORMAL  -100

[CDD (BASE 65) ]
TOTAL THIS MO.   497
DPTR FM NORMAL    78    [PRESSURE DATA]
TOTAL FM JAN 1  1035    HIGHEST SLP 30.16 ON 24
DPTR FM NORMAL   277    LOWEST  SLP 29.88 ON 27

[REMARKS]
#FINAL-06-15#
