000
CXUS56 KMFR 241000
CF6MHS
PRELIMINARY LOCAL CLIMATOLOGICAL DATA (WS FORM: F-6)

                                          STATION:   MT SHASTA CITY CA
                                          MONTH:     JUNE
                                          YEAR:      2017
                                          LATITUDE:   41 19 N
                                          LONGITUDE: 122 19 W

  TEMPERATURE IN F:       :PCPN:    SNOW:  WIND      :SUNSHINE: SKY     :PK WND
================================================================================
1   2   3   4   5  6A  6B    7    8   9   10  11  12  13   14  15   16   17  18
                                     12Z  AVG MX 2MIN
DY MAX MIN AVG DEP HDD CDD  WTR  SNW DPTH SPD SPD DIR MIN PSBL S-S WX    SPD DR
================================================================================

 1  75  52  64   6   1   0 0.00    M    M  0.6  6  80   M    M   4 1      11  80
 2  82  45  64   6   1   0 0.00    M    M  0.9  6  80   M    M   0         9 220
 3  83  48  66   7   0   1 0.00    M    M  0.5  7 130   M    M   0        15 130
 4  78  51  65   6   0   0 0.00    M    M  4.2  9 340   M    M   2        18  99
 5  81  41  61   2   4   0 0.00    M    M  1.7  7 300   M    M   0        12 310
 6  83  44  64   5   1   0 0.00    M    M  1.6  7 130   M    M   0        14 140
 7  76  49  63   3   2   0 0.08    M    M  0.5  5 140   M    M   2 1      14 140
 8  56  44  50 -10  15   0 0.51    M    M  2.8 10 140   M    M   8 1      19 150
 9  66  39  53  -7  12   0 0.00    M    M  1.8  9 360   M    M   4 1      19 350
10  60  31  46 -14  19   0 0.04    M    M  2.2  9 340   M    M   5 8      19 330
11  45  37  41 -19  24   0 0.69    M    M  4.8 10 340   M    M  10 1      22 340
12  62  44  53  -8  12   0 0.01    M    M  4.6 12 340   M    M   9 1      20 350
13  73  40  57  -4   8   0 0.00    M    M  3.3  9 310   M    M   1        17 280
14  77  40  59  -2   6   0 0.00    M    M  2.3  9 310   M    M   0        14 300
15  77  53  65   4   0   0 0.00    M    M   M   M   M   M    M   M         M  M
16  83  52  68   6   0   3 0.00    M    M  2.6 10 300   M    M   0        20 310
17  82  53  68   6   0   3 0.00    M    M  5.1 12  10   M    M   0        23  10
18  90  60  75  13   0  10 0.00    M    M  3.7 12  20   M    M   0        20 340
19  98  59  79  17   0  14 0.00    M    M  1.6  9 290   M    M   0 8      18 320
20  90  61  76  14   0  11 0.00    M    M  4.2 10 330   M    M   0        22  10
21  86  61  74  11   0   9 0.00    M    M  5.6 12 300   M    M   0        23 300
22  88  60  74  11   0   9 0.00    M    M  3.9  9 290   M    M   0        19 300
23  93  50  72   9   0   7 0.00    M    M  2.7  8 300   M    M   0        13 300
================================================================================
SM 1784 1114       105  67  1.33    M     61.2          M       45
================================================================================
AV 77.6 48.4                               2.8 FASTST   M    M   2    MAX(MPH)
                                 MISC ---->  # 12 340               # 23   10
================================================================================
NOTES:
# LAST OF SEVERAL OCCURRENCES

COLUMN 17 PEAK WIND IN M.P.H.

PRELIMINARY LOCAL CLIMATOLOGICAL DATA (WS FORM: F-6) , PAGE 2

                                          STATION:  MT SHASTA CITY CA
                                          MONTH:    JUNE
                                          YEAR:     2017
                                          LATITUDE:   41 19 N
                                          LONGITUDE: 122 19 W

[TEMPERATURE DATA]      [PRECIPITATION DATA]       SYMBOLS USED IN COLUMN 16

AVERAGE MONTHLY: 63.0   TOTAL FOR MONTH:   1.33    1 = FOG OR MIST
DPTR FM NORMAL:   2.3   DPTR FM NORMAL:    0.32    2 = FOG REDUCING VISIBILITY
HIGHEST:    98 ON 19    GRTST 24HR  0.69 ON 11-11      TO 1/4 MILE OR LESS
LOWEST:     31 ON 10                               3 = THUNDER
                        SNOW, ICE PELLETS, HAIL    4 = ICE PELLETS
                        TOTAL MONTH:    M          5 = HAIL
                        GRTST 24HR    M  ON   M    6 = FREEZING RAIN OR DRIZZLE
                        GRTST DEPTH:  M  ON   M    7 = DUSTSTORM OR SANDSTORM:
                                                       VSBY 1/2 MILE OR LESS
                                                   8 = SMOKE OR HAZE
[NO. OF DAYS WITH]      [WEATHER - DAYS WITH]      9 = BLOWING SNOW
                                                   X = TORNADO
MAX 32 OR BELOW:   0    0.01 INCH OR MORE:   5
MAX 90 OR ABOVE:   4    0.10 INCH OR MORE:   2
MIN 32 OR BELOW:   1    0.50 INCH OR MORE:   2
MIN  0 OR BELOW:   0    1.00 INCH OR MORE:   0

[HDD (BASE 65) ]
TOTAL THIS MO.   105    CLEAR  (SCALE 0-3)  16
DPTR FM NORMAL   -16    PTCLDY (SCALE 4-7)   4
TOTAL FM JUL 1  5418    CLOUDY (SCALE 8-10)  2
DPTR FM NORMAL  -255

[CDD (BASE 65) ]
TOTAL THIS MO.    67
DPTR FM NORMAL    41    [PRESSURE DATA]
TOTAL FM JAN 1    81    HIGHEST SLP M ON M
DPTR FM NORMAL    47    LOWEST  SLP  0.00 ON 17

[REMARKS]
