000
CXUS52 KMFL 271000
CF6MIA
PRELIMINARY LOCAL CLIMATOLOGICAL DATA (WS FORM: F-6)

                                          STATION:   MIAMI
                                          MONTH:     MAY
                                          YEAR:      2017
                                          LATITUDE:   25 49 N
                                          LONGITUDE:  80 17 W

  TEMPERATURE IN F:       :PCPN:    SNOW:  WIND      :SUNSHINE: SKY     :PK WND
================================================================================
1   2   3   4   5  6A  6B    7    8   9   10  11  12  13   14  15   16   17  18
                                     12Z  AVG MX 2MIN
DY MAX MIN AVG DEP HDD CDD  WTR  SNW DPTH SPD SPD DIR MIN PSBL S-S WX    SPD DR
================================================================================

 1  86  78  82   4   0  17    T  0.0    0 14.5 21 120 289   37   7        30 120
 2  88  71  80   2   0  15 0.14  0.0    0 10.0 18 110 350   44   5 3      28 330
 3  88  71  80   2   0  15 0.00  0.0    0  8.2 18  90 585   74   3        23 120
 4  88  77  83   5   0  18 0.00  0.0    0  9.2 17 130 484   61   5 3      25 150
 5  87  70  79   1   0  14 0.47  0.0    0 10.8 18 260 168   21   8 13     27 250
 6  83  67  75  -4   0  10 0.00  0.0    0  7.7 21 330 739   93   2        27 340
 7  85  66  76  -3   0  11 0.00  0.0    0  6.5 13 340 749   94   0        21 280
 8  87  67  77  -2   0  12 0.00  0.0    0  4.1 15  90 744   93   1        21 100
 9  88  71  80   1   0  15 0.00  0.0    0  5.6 16 120 713   89   1        22 130
10  89  72  81   2   0  16 0.00  0.0    0  5.4 14 130 723   90   2        20 150
11  88  72  80   1   0  15 0.00  0.0    0  6.1 15 130 737   92   4        23 130
12  89  72  81   1   0  16 0.00  0.0    0  7.1 17 150 655   82   6        26 120
13  93  75  84   4   0  19 0.00  0.0    0  8.9 21 230 565   70   7        30 210
14  90  74  82   2   0  17 0.37  0.0    0  7.8 16 210 383   48   6 13     26 190
15  93  72  83   3   0  18 0.00  0.0    0  6.8 16 140 646   80   4        24 160
16  89  76  83   3   0  18 0.00  0.0    0 11.7 25  90 498   62   5        30  90
17  89  80  85   5   0  20 0.16  0.0    0 16.2 25 100 526   65   6        30  90
18  88  76  82   2   0  17 0.89  0.0    0 14.4 26  80 360   45   7 18     32  80
19  89  79  84   4   0  19    T  0.0    0 16.6 23 100 270   33   7 8      31 130
20  88  80  84   3   0  19 0.00  0.0    0 13.8 20 100 622   77   6        26 100
21  88  78  83   2   0  18 0.00  0.0    0 11.7 18  90 715   88   3        24 100
22  88  77  83   2   0  18 0.00  0.0    0  8.6 18 110   M    M   4        24 140
23  89  77  83   2   0  18 0.00  0.0    0 10.0 21 150 535   66   6        30 150
24  92  73  83   2   0  18 0.47  0.0    0 10.9 31 250 463   57   9 13     42 260
25  91  76  84   3   0  19 0.01  0.0    0  8.3 22 210  82   10   9 38     31 220
26  93  79  86   5   0  21 0.17  0.0    0  5.5 13 130 489   60   7 3      17 130
================================================================================
SM 2306 1926         0 433  2.68     0.0 246.4        13090    130
================================================================================
AV 88.7 74.1                               9.5 FASTST  524  65   5    MAX(MPH)
                                 MISC ---->  # 31 250               # 42  260
================================================================================
NOTES:
# LAST OF SEVERAL OCCURRENCES

COLUMN 17 PEAK WIND IN M.P.H.

PRELIMINARY LOCAL CLIMATOLOGICAL DATA (WS FORM: F-6) , PAGE 2

                                          STATION:  MIAMI
                                          MONTH:    MAY
                                          YEAR:     2017
                                          LATITUDE:   25 49 N
                                          LONGITUDE:  80 17 W

[TEMPERATURE DATA]      [PRECIPITATION DATA]       SYMBOLS USED IN COLUMN 16

AVERAGE MONTHLY: 81.4   TOTAL FOR MONTH:   2.68    1 = FOG OR MIST
DPTR FM NORMAL:   1.7   DPTR FM NORMAL:   -1.40    2 = FOG REDUCING VISIBILITY
HIGHEST:    93 ON 26,15 GRTST 24HR  0.89 ON 18-18      TO 1/4 MILE OR LESS
LOWEST:     66 ON  7                               3 = THUNDER
                        SNOW, ICE PELLETS, HAIL    4 = ICE PELLETS
                        TOTAL MONTH:   0.0 INCH    5 = HAIL
                        GRTST 24HR     0.0         6 = FREEZING RAIN OR DRIZZLE
                        GRTST DEPTH:   0           7 = DUSTSTORM OR SANDSTORM:
                                                       VSBY 1/2 MILE OR LESS
                                                   8 = SMOKE OR HAZE
[NO. OF DAYS WITH]      [WEATHER - DAYS WITH]      9 = BLOWING SNOW
                                                   X = TORNADO
MAX 32 OR BELOW:   0    0.01 INCH OR MORE:   8
MAX 90 OR ABOVE:   6    0.10 INCH OR MORE:   7
MIN 32 OR BELOW:   0    0.50 INCH OR MORE:   1
MIN  0 OR BELOW:   0    1.00 INCH OR MORE:   0

[HDD (BASE 65) ]
TOTAL THIS MO.     0    CLEAR  (SCALE 0-3)   5
DPTR FM NORMAL     0    PTCLDY (SCALE 4-7)  19
TOTAL FM JUL 1    17    CLOUDY (SCALE 8-10)  2
DPTR FM NORMAL  -111

[CDD (BASE 65) ]
TOTAL THIS MO.   433
DPTR FM NORMAL    53    [PRESSURE DATA]
TOTAL FM JAN 1  1594    HIGHEST SLP M ON M
DPTR FM NORMAL   321    LOWEST  SLP 29.75 ON  5

[REMARKS]
