000
CXUS52 KMFL 291000
CF6MIA
PRELIMINARY LOCAL CLIMATOLOGICAL DATA (WS FORM: F-6)

                                          STATION:   MIAMI
                                          MONTH:     AUGUST
                                          YEAR:      2015
                                          LATITUDE:   25 49 N
                                          LONGITUDE:  80 17 W

  TEMPERATURE IN F:       :PCPN:    SNOW:  WIND      :SUNSHINE: SKY     :PK WND
================================================================================
1   2   3   4   5  6A  6B    7    8   9   10  11  12  13   14  15   16   17  18
                                     12Z  AVG MX 2MIN
DY MAX MIN AVG DEP HDD CDD  WTR  SNW DPTH SPD SPD DIR MIN PSBL S-S WX    SPD DR
================================================================================

 1  91  76  84  -1   0  19 0.00  0.0    0  5.5 16 120 350   44   8        25 160
 2  91  79  85   0   0  20    T  0.0    0  5.3 16 160 224   28   8        24 160
 3  91  76  84  -1   0  19 0.04  0.0    0  3.6 16 270 417   52   6 3      22 270
 4  92  76  84  -1   0  19 0.00  0.0    0  5.1 15 110 655   82   4        20 120
 5  92  80  86   1   0  21 0.00  0.0    0  6.8 17 120 581   73   6        23 130
 6  92  80  86   2   0  21 0.00  0.0    0  5.7 14 120 663   84   3        21 130
 7  92  79  86   2   0  21 0.00  0.0    0  6.1 15 130 545    M   4 3      20 140
 8  93  77  85   1   0  20 1.08  0.0    0  4.6 22 200 475   60   6 138    31 210
 9  94  78  86   2   0  21 0.01  0.0    0  4.5 14 260 496   63   6 3      21 200
10  92  76  84   0   0  19 1.28  0.0    0  2.4 21 190 466   59   6 13     29 200
11  92  75  84   0   0  19 0.96  0.0    0  2.4 17 220 313   40   5 13     23 230
12  94  76  85   1   0  20 0.00  0.0    0  4.1 14 160 574   73   5        21 150
13  91  76  84   0   0  19    T  0.0    0  4.5 16 340 425   54   7 3      23 210
14  92  73  83  -1   0  18 0.68  0.0    0  4.8 16 130 293   37   8 13     20 110
15  90  77  84   0   0  19 0.29  0.0    0  5.0 21 160 302   39   7 13     24 150
16  91  77  84   0   0  19 0.21  0.0    0  8.0 16 150 602   77   5 18     24 120
17  91  79  85   1   0  20 0.06  0.0    0  9.0 14 110 513    M   7 1       M  M
18  91  82  87   3   0  22 0.02  0.0    0  7.9 18  80 344   44   6 3      22 130
19  91  82  87   3   0  22 0.01  0.0    0  7.5 17 130 534   69   7        26 150
20  91  81  86   2   0  21    T  0.0    0  7.0 13 130 561   72   6        19 120
21  91  81  86   2   0  21    T  0.0    0  4.8 12 130 494   64   5        16 130
22  93  76  85   1   0  20 0.61  0.0    0  3.0 18  10 385   50   5 13     27 360
23  93  79  86   2   0  21    T  0.0    0  5.2 13  60 333   43   6 3      18 330
24  91  81  86   2   0  21 0.26  0.0    0  4.7 12  80 446   58   6        16  80
25  92  80  86   2   0  21 0.18  0.0    0  4.3 14  90   M    M   6 3      17  90
26  90  76  83  -1   0  18 0.35  0.0    0  3.7 17 160 254   33   8 13     25 180
27  90  75  83  -1   0  18 0.08  0.0    0  5.7 15 180   M    M   8 1      21 190
28  92  80  86   2   0  21 0.00  0.0    0  7.0 16  90 533    M   7 3X     20 130
================================================================================
SM 2566 2183         0 560  6.12     0.0 148.2        11778    171
================================================================================
AV 91.6 78.0                               5.3 FASTST  453  56   6    MAX(MPH)
                                 MISC ---->  # 22 200               # 31  210
================================================================================
NOTES:
# LAST OF SEVERAL OCCURRENCES

COLUMN 17 PEAK WIND IN M.P.H.

PRELIMINARY LOCAL CLIMATOLOGICAL DATA (WS FORM: F-6) , PAGE 2

                                          STATION:  MIAMI
                                          MONTH:    AUGUST
                                          YEAR:     2015
                                          LATITUDE:   25 49 N
                                          LONGITUDE:  80 17 W

[TEMPERATURE DATA]      [PRECIPITATION DATA]       SYMBOLS USED IN COLUMN 16

AVERAGE MONTHLY: 84.8   TOTAL FOR MONTH:   6.12    1 = FOG OR MIST
DPTR FM NORMAL:   0.6   DPTR FM NORMAL:   -1.81    2 = FOG REDUCING VISIBILITY
HIGHEST:    94 ON 12, 9 GRTST 24HR  2.05 ON 31- 1      TO 1/4 MILE OR LESS
LOWEST:     73 ON 14                               3 = THUNDER
                        SNOW, ICE PELLETS, HAIL    4 = ICE PELLETS
                        TOTAL MONTH:   0.0 INCH    5 = HAIL
                        GRTST 24HR     0.0         6 = FREEZING RAIN OR DRIZZLE
                        GRTST DEPTH:   0           7 = DUSTSTORM OR SANDSTORM:
                                                       VSBY 1/2 MILE OR LESS
                                                   8 = SMOKE OR HAZE
[NO. OF DAYS WITH]      [WEATHER - DAYS WITH]      9 = BLOWING SNOW
                                                   X = TORNADO
MAX 32 OR BELOW:   0    0.01 INCH OR MORE:  16
MAX 90 OR ABOVE:  28    0.10 INCH OR MORE:  10
MIN 32 OR BELOW:   0    0.50 INCH OR MORE:   5
MIN  0 OR BELOW:   0    1.00 INCH OR MORE:   2

[HDD (BASE 65) ]
TOTAL THIS MO.     0    CLEAR  (SCALE 0-3)   1
DPTR FM NORMAL     0    PTCLDY (SCALE 4-7)  25
TOTAL FM JUL 1     0    CLOUDY (SCALE 8-10)  2
DPTR FM NORMAL     0

[CDD (BASE 65) ]
TOTAL THIS MO.   560
DPTR FM NORMAL    20    [PRESSURE DATA]
TOTAL FM JAN 1  3421    HIGHEST SLP M ON M
DPTR FM NORMAL   401    LOWEST  SLP 29.87 ON M

[REMARKS]
