000
CXUS55 KEAX 200736
CF6MKC
PRELIMINARY LOCAL CLIMATOLOGICAL DATA (WS FORM: F-6)

                                          STATION:   Downtown Kansas City MO
                                          MONTH:     JANUARY
                                          YEAR:      2018
                                          LATITUDE:   39  7 N
                                          LONGITUDE:  94 36 W

  TEMPERATURE IN F:       :PCPN:    SNOW:  WIND      :SUNSHINE: SKY     :PK WND
================================================================================
1   2   3   4   5  6A  6B    7    8   9   10  11  12  13   14  15   16   17  18
                                     12Z  AVG MX 2MIN
DY MAX MIN AVG DEP HDD CDD  WTR  SNW DPTH SPD SPD DIR MIN PSBL S-S WX    SPD DR
================================================================================

 1  11  -7   2 -29  63   0 0.00    M    M  6.1 14 350   M    M   0        17 360
 2  24  -1  12 -19  53   0 0.00    M    M  7.0 18 220   M    M   0        23 240
 3  28  13  21 -10  44   0 0.00    M    M 10.1 20 330   M    M   3        25 290
 4  26   6  16 -15  49   0 0.00    M    M  4.2  9  30   M    M   2        13  30
 5  31  15  23  -8  42   0 0.00    M    M  8.6 14  60   M    M   1        19  60
 6  33  14  24  -7  41   0 0.00    M    M  8.1 14 140   M    M   0        17 140
 7  39  32  36   5  29   0 0.01    M    M  4.6 15 150   M    M   8 12     22 190
 8  51  26  39   8  26   0 0.00    M    M  1.6  8 310   M    M   0 18     10 300
 9  45  30  38   7  27   0 0.00    M    M  5.7 14 150   M    M   2 18     17 140
10  58  40  49  18  16   0 0.00    M    M 12.3 21 190   M    M   5        33 170
11  53  14  34   3  31   0 0.23    M    M 13.8 26 320   M    M  10 168    37 320
12  21   8  15 -16  50   0 0.00    M    M 11.5 18 330   M    M   2        25 320
13  22  14  18 -13  47   0 0.00    M    M  6.6 15 350   M    M  10        18 340
14  34  19  27  -4  38   0    M    M    M  7.1 15 230   M    M   9 18     20 220
15  35   2  19 -12  46   0 0.00    M    M 14.2 23 330   M    M   4        32 320
16  11  -1   5 -26  60   0 0.00    M    M  8.0 14 320   M    M   3 8      19 290
17  27   2  15 -16  50   0 0.00    M    M  7.2 17 210   M    M   0 18     20 230
18  43  20  32   1  33   0 0.00    M    M 10.6 23 210   M    M   0        27 220
19  53  32  43  12  22   0 0.00    M    M 12.7 22 190   M    M   0        28 200
================================================================================
SM  645  278       767   0  0.24    M    160.0          M       59
================================================================================
AV 34.0 14.6                               8.4 FASTST   M    M   3    MAX(MPH)
                                 MISC ---->  # 26 320               # 37  320
================================================================================
NOTES:
# LAST OF SEVERAL OCCURRENCES

COLUMN 17 PEAK WIND IN M.P.H.

PRELIMINARY LOCAL CLIMATOLOGICAL DATA (WS FORM: F-6) , PAGE 2

                                          STATION:  Downtown Kansas City MO
                                          MONTH:    JANUARY
                                          YEAR:     2018
                                          LATITUDE:   39  7 N
                                          LONGITUDE:  94 36 W

[TEMPERATURE DATA]      [PRECIPITATION DATA]       SYMBOLS USED IN COLUMN 16

AVERAGE MONTHLY: 24.3   TOTAL FOR MONTH:   0.24    1 = FOG OR MIST
DPTR FM NORMAL:  -6.7   DPTR FM NORMAL:   -0.41    2 = FOG REDUCING VISIBILITY
HIGHEST:    58 ON 10    GRTST 24HR  0.23 ON 11-11      TO 1/4 MILE OR LESS
LOWEST:     -7 ON  1                               3 = THUNDER
                        SNOW, ICE PELLETS, HAIL    4 = ICE PELLETS
                        TOTAL MONTH:    M          5 = HAIL
                        GRTST 24HR    M  ON   M    6 = FREEZING RAIN OR DRIZZLE
                        GRTST DEPTH:  M  ON   M    7 = DUSTSTORM OR SANDSTORM:
                                                       VSBY 1/2 MILE OR LESS
                                                   8 = SMOKE OR HAZE
[NO. OF DAYS WITH]      [WEATHER - DAYS WITH]      9 = BLOWING SNOW
                                                   X = TORNADO
MAX 32 OR BELOW:   9    0.01 INCH OR MORE:   2
MAX 90 OR ABOVE:   0    0.10 INCH OR MORE:   1
MIN 32 OR BELOW:  18    0.50 INCH OR MORE:   0
MIN  0 OR BELOW:   3    1.00 INCH OR MORE:   0

[HDD (BASE 65) ]
TOTAL THIS MO.   767    CLEAR  (SCALE 0-3)  13
DPTR FM NORMAL   121    PTCLDY (SCALE 4-7)   3
TOTAL FM JUL 1  2413    CLOUDY (SCALE 8-10)  3
DPTR FM NORMAL   -80

[CDD (BASE 65) ]
TOTAL THIS MO.     0
DPTR FM NORMAL     0    [PRESSURE DATA]
TOTAL FM JAN 1     0    HIGHEST SLP  0.00 ON M
DPTR FM NORMAL     0    LOWEST  SLP  0.00 ON M

[REMARKS]
