000
CXUS55 KEAX 290736
CF6MKC
PRELIMINARY LOCAL CLIMATOLOGICAL DATA (WS FORM: F-6)

                                          STATION:   Downtown Kansas City MO
                                          MONTH:     MARCH
                                          YEAR:      2017
                                          LATITUDE:   39  7 N
                                          LONGITUDE:  94 36 W

  TEMPERATURE IN F:       :PCPN:    SNOW:  WIND      :SUNSHINE: SKY     :PK WND
================================================================================
1   2   3   4   5  6A  6B    7    8   9   10  11  12  13   14  15   16   17  18
                                     12Z  AVG MX 2MIN
DY MAX MIN AVG DEP HDD CDD  WTR  SNW DPTH SPD SPD DIR MIN PSBL S-S WX    SPD DR
================================================================================

 1  53  36  45   5  20   0    T    M    M 11.9 24 280   M    M   5        33 290
 2  57  27  42   1  23   0 0.00    M    M  6.9 21 310   M    M   1        28 340
 3  57  28  43   2  22   0 0.00    M    M 10.3 21 170   M    M   1        28 170
 4  72  52  62  20   3   0 0.00    M    M 17.2 30 200   M    M   1        39 200
 5  62  56  59  17   6   0 0.00    M    M 17.4 28 190   M    M  10        35 200
 6  77   M   M   M   M   M    M    M    M 24.7 40 300   M    M   7 3      53 290
 7  61   M   M   M   M   M 0.00    M    M 12.8 23 260   0    0   0        40 280
 8  69  39  54  11  11   0 0.00    M    M  6.8 18 210   M    M   0        25 250
 9  68  38  53   9  12   0 0.00    M    M  7.8 23  20   M    M   1        30  10
10  45  28  37  -7  28   0 0.00    M    M 11.2 22  20   M    M   3        27  20
11  35  27  31 -13  34   0    T    M    M  8.2 18  80   M    M   9 18     27  80
12  45  26  36  -9  29   0    T    M    M  7.8 17 180   M    M   4 18     23 160
13  43  27  35 -10  30   0 0.00    M    M 12.3 23 290   M    M  10 18     31 320
14  35  26  31 -14  34   0    T    M    M  7.3 14 360   M    M   8        16 360
15  37  21  29 -17  36   0 0.00    M    M  6.2 12 210   M    M   5        14 180
16  69  35  52   6  13   0 0.00    M    M 10.5 22 180   M    M   4        30 130
17  74  53  64  18   1   0 0.00    M    M  8.1 20 200   M    M   3        25 190
18  66  41  54   7  11   0 0.00    M    M  4.2 15  20   M    M   1        18  20
19  88  48  68  21   0   3    T    M    M 12.1 28 200   M    M   3        34 190
20  82  59  71  23   0   6 0.00    M    M  9.7 20 200   M    M   0        26 200
21  63  45  54   6  11   0 0.00    M    M 13.6 24  40   M    M   2        34  30
22  58  38  48   0  17   0 0.00    M    M 12.1 20 110   M    M   4        26 100
23  81  52  67  18   0   2 0.00    M    M 14.5 29 190   M    M   4        39 200
24  71  57  64  15   1   0 0.12    M    M  8.5 23 200   M    M   6 13     32 200
25  59  47  53   4  12   0 0.03    M    M  7.3 16  30   M    M   9 1      20  30
26  54  45  50   0  15   0    T    M    M  5.6 14  30   M    M   9        18  30
27  54  47  51   1  14   0 0.35    M    M  8.1 22  60   M    M  10 1      26  70
28  55  49  52   2  13   0 0.00    M    M  9.2 23  70   M    M  10 18     30  70
================================================================================
SM 1690 1047       396  11  0.50    M    292.3            0    130
================================================================================
AV 60.4 40.3                              10.4 FASTST    0   0   5    MAX(MPH)
                                 MISC ---->  # 40 300               # 53  290
================================================================================
NOTES:
# LAST OF SEVERAL OCCURRENCES

COLUMN 17 PEAK WIND IN M.P.H.

PRELIMINARY LOCAL CLIMATOLOGICAL DATA (WS FORM: F-6) , PAGE 2

                                          STATION:  Downtown Kansas City MO
                                          MONTH:    MARCH
                                          YEAR:     2017
                                          LATITUDE:   39  7 N
                                          LONGITUDE:  94 36 W

[TEMPERATURE DATA]      [PRECIPITATION DATA]       SYMBOLS USED IN COLUMN 16

AVERAGE MONTHLY: 50.3   TOTAL FOR MONTH:   0.50    1 = FOG OR MIST
DPTR FM NORMAL:   4.8   DPTR FM NORMAL:   -1.39    2 = FOG REDUCING VISIBILITY
HIGHEST:    88 ON 19    GRTST 24HR  0.35 ON 27-27      TO 1/4 MILE OR LESS
LOWEST:     21 ON 15                               3 = THUNDER
                        SNOW, ICE PELLETS, HAIL    4 = ICE PELLETS
                        TOTAL MONTH:    M          5 = HAIL
                        GRTST 24HR    M  ON   M    6 = FREEZING RAIN OR DRIZZLE
                        GRTST DEPTH:  M  ON   M    7 = DUSTSTORM OR SANDSTORM:
                                                       VSBY 1/2 MILE OR LESS
                                                   8 = SMOKE OR HAZE
[NO. OF DAYS WITH]      [WEATHER - DAYS WITH]      9 = BLOWING SNOW
                                                   X = TORNADO
MAX 32 OR BELOW:   0    0.01 INCH OR MORE:   3
MAX 90 OR ABOVE:   0    0.10 INCH OR MORE:   2
MIN 32 OR BELOW:   8    0.50 INCH OR MORE:   0
MIN  0 OR BELOW:   0    1.00 INCH OR MORE:   0

[HDD (BASE 65) ]
TOTAL THIS MO.   396    CLEAR  (SCALE 0-3)  11
DPTR FM NORMAL  -155    PTCLDY (SCALE 4-7)  10
TOTAL FM JUL 1  3256    CLOUDY (SCALE 8-10)  7
DPTR FM NORMAL -1024

[CDD (BASE 65) ]
TOTAL THIS MO.    11
DPTR FM NORMAL    11    [PRESSURE DATA]
TOTAL FM JAN 1    11    HIGHEST SLP  0.00 ON M
DPTR FM NORMAL    11    LOWEST  SLP  0.00 ON M

[REMARKS]
