000
CXUS55 KEAX 300736
CF6MKC
PRELIMINARY LOCAL CLIMATOLOGICAL DATA (WS FORM: F-6)

                                          STATION:   Downtown Kansas City MO
                                          MONTH:     JUNE
                                          YEAR:      2015
                                          LATITUDE:   39  7 N
                                          LONGITUDE:  94 36 W

  TEMPERATURE IN F:       :PCPN:    SNOW:  WIND      :SUNSHINE: SKY     :PK WND
================================================================================
1   2   3   4   5  6A  6B    7    8   9   10  11  12  13   14  15   16   17  18
                                     12Z  AVG MX 2MIN
DY MAX MIN AVG DEP HDD CDD  WTR  SNW DPTH SPD SPD DIR MIN PSBL S-S WX    SPD DR
================================================================================

 1  67  59  63  -9   2   0 0.00    M    M  7.2 12 130   M    M   7        17  70
 2  76  60  68  -4   0   3 0.00    M    M  8.6 16 120   M    M   6        19 130
 3  74  65  70  -2   0   5 0.89    M    M  7.5 22 200   M    M   4 13     34 310
 4  81  67  74   2   0   9 0.26    M    M  7.7 21 120   M    M   5 3      27 190
 5  85  65  75   2   0  10 0.20    M    M  4.2 17 230   M    M   3 13     22 220
 6  86  68  77   4   0  12 0.01    M    M  7.7 16 350   M    M   3 13     22 150
 7  93  73  83  10   0  18 0.33    M    M 13.7 23 240   M    M   2 138    30 240
 8  89  68  79   5   0  14 0.02    M    M  6.0 16 300   M    M   1 3      23 250
 9  93  67  80   6   0  15 0.00    M    M  5.6 14 210   M    M   0        16 240
10  95  77  86  12   0  21 0.00    M    M 10.4 17 200   M    M   0        21 200
11  91  75  83   8   0  18    T    M    M 11.4 26 180   M    M   2        38 190
12  79  69  74  -1   0   9 0.00    M    M  5.9 12 280   M    M   8        15 290
13  80  70  75   0   0  10    T    M    M  4.6 10 180   M    M   8 1      13 140
14  85  72  79   3   0  14 0.51    M    M  5.5 23 190   M    M   5 138    31 180
15  86  72  79   3   0  14 0.39    M    M  7.3 16 190   M    M   6 13     21 200
16  77  69  73  -3   0   8 0.00    M    M  7.8 13  80   M    M  10         M  M
17  86  73  80   4   0  15    T    M    M  7.4 13 210   M    M   4 13     16 240
18  85  72  79   2   0  14 0.00    M    M  7.3 20  40   M    M   2        24  20
19  85  66  76  -1   0  11 0.00    M    M  7.8 15 150   M    M   1        22 150
20  97  70  84   7   0  19 0.00    M    M 13.2 24 220   M    M   0        32 220
21  88  74  81   3   0  16 0.05    M    M  9.2 22 120   M    M   5 13     28 140
22  95  76  86   8   0  21 0.00    M    M 16.3 28 200   M    M   2        38 190
23  83  68  76  -2   0  11 0.15    M    M  8.5 18 310   M    M   5 38     26 300
24  96  68  82   4   0  17 0.00    M    M 11.0 22 200   M    M   0        29 190
25  97  73  85   6   0  20    T    M    M 11.0 18  20   M    M   1 3      26 200
26  85  65  75  -4   0  10 1.41    M    M  7.1 43  10   M    M   6 138    59  10
27  84  63  74  -5   0   9 0.00    M    M  5.4 12  20   M    M   0        15  20
28  89  69  79   0   0  14 0.00    M    M  8.6 21 230   M    M   1        29 280
29  88  68  78  -1   0  13 0.00    M    M  4.8 14 310   M    M   0        18 330
================================================================================
SM 2495 2001         2 370  4.22    M    238.7          M       97
================================================================================
AV 86.0 69.0                               8.2 FASTST   M    M   3    MAX(MPH)
                                 MISC ---->  # 43  10               # 59   10
================================================================================
NOTES:
# LAST OF SEVERAL OCCURRENCES

COLUMN 17 PEAK WIND IN M.P.H.

PRELIMINARY LOCAL CLIMATOLOGICAL DATA (WS FORM: F-6) , PAGE 2

                                          STATION:  Downtown Kansas City MO
                                          MONTH:    JUNE
                                          YEAR:     2015
                                          LATITUDE:   39  7 N
                                          LONGITUDE:  94 36 W

[TEMPERATURE DATA]      [PRECIPITATION DATA]       SYMBOLS USED IN COLUMN 16

AVERAGE MONTHLY: 77.5   TOTAL FOR MONTH:   4.22    1 = FOG OR MIST
DPTR FM NORMAL:   1.8   DPTR FM NORMAL:   -1.13    2 = FOG REDUCING VISIBILITY
HIGHEST:    97 ON 25,20 GRTST 24HR  1.41 ON 25-26      TO 1/4 MILE OR LESS
LOWEST:     59 ON  1                               3 = THUNDER
                        SNOW, ICE PELLETS, HAIL    4 = ICE PELLETS
                        TOTAL MONTH:    M          5 = HAIL
                        GRTST 24HR    M  ON   M    6 = FREEZING RAIN OR DRIZZLE
                        GRTST DEPTH:  M  ON   M    7 = DUSTSTORM OR SANDSTORM:
                                                       VSBY 1/2 MILE OR LESS
                                                   8 = SMOKE OR HAZE
[NO. OF DAYS WITH]      [WEATHER - DAYS WITH]      9 = BLOWING SNOW
                                                   X = TORNADO
MAX 32 OR BELOW:   0    0.01 INCH OR MORE:  11
MAX 90 OR ABOVE:   8    0.10 INCH OR MORE:   8
MIN 32 OR BELOW:   0    0.50 INCH OR MORE:   3
MIN  0 OR BELOW:   0    1.00 INCH OR MORE:   1

[HDD (BASE 65) ]
TOTAL THIS MO.     2    CLEAR  (SCALE 0-3)  16
DPTR FM NORMAL    -1    PTCLDY (SCALE 4-7)  12
TOTAL FM JUL 1  4523    CLOUDY (SCALE 8-10)  1
DPTR FM NORMAL  -161

[CDD (BASE 65) ]
TOTAL THIS MO.   370
DPTR FM NORMAL    54    [PRESSURE DATA]
TOTAL FM JAN 1   496    HIGHEST SLP  0.00 ON M
DPTR FM NORMAL    22    LOWEST  SLP  0.00 ON M

[REMARKS]
