000
CXUS53 KMKX 160900
CF6MKE
PRELIMINARY LOCAL CLIMATOLOGICAL DATA (WS FORM: F-6)

                                          STATION:   MILWAUKEE  WI
                                          MONTH:     DECEMBER
                                          YEAR:      2017
                                          LATITUDE:   42 57 N
                                          LONGITUDE:  87 54 W

  TEMPERATURE IN F:       :PCPN:    SNOW:  WIND      :SUNSHINE: SKY     :PK WND
================================================================================
1   2   3   4   5  6A  6B    7    8   9   10  11  12  13   14  15   16   17  18
                                     12Z  AVG MX 2MIN
DY MAX MIN AVG DEP HDD CDD  WTR  SNW DPTH SPD SPD DIR MIN PSBL S-S WX    SPD DR
================================================================================

 1  52  28  40   8  25   0 0.00  0.0    0  5.7 13 220   M    M   5        17 220
 2  53  38  46  15  19   0 0.00  0.0    0  6.7 13 240   M    M   6        17 230
 3  56  27  42  11  23   0 0.00  0.0    0  5.2 16 170   M    M   5        23 170
 4  64  47  56  26   9   0 0.10  0.0    0 17.3 36 220   M    M   9 13     50 230
 5  47  26  37   7  28   0 0.00  0.0    0 22.0 39 250   M    M   4        60 240
 6  35  22  29   0  36   0    T    T    0 14.7 22 260   M    M   3        34 260
 7  27  20  24  -5  41   0    T    T    0 13.4 18 280   M    M   4        27 310
 8  34  19  27  -2  38   0    T    T    0  9.6 20 250   M    M   5        29 260
 9  31  18  25  -3  40   0 0.06  1.0    1 11.7 22 330   M    M   8 18     33 340
10  29  19  24  -4  41   0    T    T    T  8.8 16 310   M    M   9        22 310
11  35  19  27  -1  38   0 0.01  0.2    T  7.7 28 350   M    M   9 18     40 340
12  26  17  22  -5  43   0    T    T    T 11.8 25 340   M    M   5        37 340
13  33  20  27   0  38   0 0.07  1.2    T 12.1 26  10   M    M  10 189    39 360
14  25  14  20  -7  45   0 0.00  0.0    1  6.5 16 340   M    M   4        22 340
15  32  22  27   1  38   0 0.01  0.3    1 10.7 24 300   M    M   9 1      36 270
================================================================================
SM  579  356       502   0  0.25     2.7 163.9          M       95
================================================================================
AV 38.6 23.7                              10.9 FASTST   M    M   6    MAX(MPH)
                                 MISC ---->  # 39 250               # 60  240
================================================================================
NOTES:
# LAST OF SEVERAL OCCURRENCES

COLUMN 17 PEAK WIND IN M.P.H.

PRELIMINARY LOCAL CLIMATOLOGICAL DATA (WS FORM: F-6) , PAGE 2

                                          STATION:  MILWAUKEE  WI
                                          MONTH:    DECEMBER
                                          YEAR:     2017
                                          LATITUDE:   42 57 N
                                          LONGITUDE:  87 54 W

[TEMPERATURE DATA]      [PRECIPITATION DATA]       SYMBOLS USED IN COLUMN 16

AVERAGE MONTHLY: 31.2   TOTAL FOR MONTH:   0.25    1 = FOG OR MIST
DPTR FM NORMAL:   2.4   DPTR FM NORMAL:   -0.85    2 = FOG REDUCING VISIBILITY
HIGHEST:    64 ON  4    GRTST 24HR  0.10 ON  4- 4      TO 1/4 MILE OR LESS
LOWEST:     14 ON 14                               3 = THUNDER
                        SNOW, ICE PELLETS, HAIL    4 = ICE PELLETS
                        TOTAL MONTH:   2.7 INCHES  5 = HAIL
                        GRTST 24HR   1.2 ON 13-13  6 = FREEZING RAIN OR DRIZZLE
                        GRTST DEPTH:   1 ON 15,14  7 = DUSTSTORM OR SANDSTORM:
                                                       VSBY 1/2 MILE OR LESS
                                                   8 = SMOKE OR HAZE
[NO. OF DAYS WITH]      [WEATHER - DAYS WITH]      9 = BLOWING SNOW
                                                   X = TORNADO
MAX 32 OR BELOW:   6    0.01 INCH OR MORE:   5
MAX 90 OR ABOVE:   0    0.10 INCH OR MORE:   1
MIN 32 OR BELOW:  13    0.50 INCH OR MORE:   0
MIN  0 OR BELOW:   0    1.00 INCH OR MORE:   0

[HDD (BASE 65) ]
TOTAL THIS MO.   502    CLEAR  (SCALE 0-3)   1
DPTR FM NORMAL   -41    PTCLDY (SCALE 4-7)   9
TOTAL FM JUL 1  1607    CLOUDY (SCALE 8-10)  5
DPTR FM NORMAL  -301

[CDD (BASE 65) ]
TOTAL THIS MO.     0
DPTR FM NORMAL     0    [PRESSURE DATA]
TOTAL FM JAN 1   772    HIGHEST SLP M ON M
DPTR FM NORMAL   131    LOWEST  SLP 29.30 ON 13

[REMARKS]
