000
CXUS54 KMEG 200740
CF6MKL
PRELIMINARY LOCAL CLIMATOLOGICAL DATA (WS FORM: F-6)

                                          STATION:   JACKSON
                                          MONTH:     JANUARY
                                          YEAR:      2017
                                          LATITUDE:   35 35 N
                                          LONGITUDE:  88 55 W

  TEMPERATURE IN F:       :PCPN:    SNOW:  WIND      :SUNSHINE: SKY     :PK WND
================================================================================
1   2   3   4   5  6A  6B    7    8   9   10  11  12  13   14  15   16   17  18
                                     12Z  AVG MX 2MIN
DY MAX MIN AVG DEP HDD CDD  WTR  SNW DPTH SPD SPD DIR MIN PSBL S-S WX    SPD DR
================================================================================

 1  52  47  50  12  15   0 0.00  0.0    0  3.1 10  70   M    M  10 12     11  80
 2  68  51  60  22   5   0 0.71  0.0    0  4.2 23  60   M    M   9 12     27  70
 3  60  43  52  14  13   0 0.08  0.0    0 10.8 22 330   M    M  10 1      27 330
 4  43  28  36  -2  29   0 0.00  0.0    0 10.0 20 360   M    M   3        26 340
 5  33  25  29  -9  36   0 0.00  0.0    0  8.5 18 350   M    M   9        21 360
 6  25  17  21 -17  44   0 0.04    M    M 13.0 20 350   M    M  10 18     24 350
 7  20   6  13 -25  52   0 0.00  0.0    M  7.3 17 360   M    M   1        23 360
 8  29   3  16 -22  49   0 0.00  0.0    0  1.6  9 100   M    M   1        12 100
 9  48  14  31  -7  34   0 0.00  0.0    0  9.2 20 170   M    M   3        29 160
10  59  48  54  16  11   0 0.00  0.0    0 16.0 29 190   M    M   9 8      43 200
11  71  59  65  27   0   0 0.31  0.0    0 13.6 22 200   M    M   8 1      33 180
12  73  49  61  23   4   0    T  0.0    0 13.5 25 200   M    M   9        35 210
13  49  44  47   9  18   0 0.00  0.0    0  6.1 15  40   M    M  10 12     18  40
14  60  44  52  14  13   0 0.11  0.0    0  4.5 13 330   M    M  10 12     15 320
15  56  44  50  12  15   0 0.00  0.0    0  3.6  9  90   M    M  10 1      11  90
16  70  49  60  22   5   0 0.20  0.0    0  8.4 23 200   M    M   8 1      28 190
17  68  46  57  19   8   0 0.50  0.0    0  9.6 23 200   M    M   6        29 200
18  53  38  46   8  19   0 0.01  0.0    0  3.4  8 110   M    M   6 1      11  90
19  63  50  57  19   8   0 0.78  0.0    0  5.6 13 220   M    M   9 138    18 230
================================================================================
SM 1000  705       378   0  2.74     0.0 152.0          M      141
================================================================================
AV 52.6 37.1                               8.0 FASTST   M    M   7    MAX(MPH)
                                 MISC ---->  # 29 190               # 43  200
================================================================================
NOTES:
# LAST OF SEVERAL OCCURRENCES

COLUMN 17 PEAK WIND IN M.P.H.

PRELIMINARY LOCAL CLIMATOLOGICAL DATA (WS FORM: F-6) , PAGE 2

                                          STATION:  JACKSON
                                          MONTH:    JANUARY
                                          YEAR:     2017
                                          LATITUDE:   35 35 N
                                          LONGITUDE:  88 55 W

[TEMPERATURE DATA]      [PRECIPITATION DATA]       SYMBOLS USED IN COLUMN 16

AVERAGE MONTHLY: 44.9   TOTAL FOR MONTH:   2.74    1 = FOG OR MIST
DPTR FM NORMAL:   6.9   DPTR FM NORMAL:    0.32    2 = FOG REDUCING VISIBILITY
HIGHEST:    73 ON 12    GRTST 24HR  0.79 ON 18-19      TO 1/4 MILE OR LESS
LOWEST:      3 ON  8                               3 = THUNDER
                        SNOW, ICE PELLETS, HAIL    4 = ICE PELLETS
                        TOTAL MONTH:   0.0 INCH    5 = HAIL
                        GRTST 24HR     0.0         6 = FREEZING RAIN OR DRIZZLE
                        GRTST DEPTH:   0           7 = DUSTSTORM OR SANDSTORM:
                                                       VSBY 1/2 MILE OR LESS
                                                   8 = SMOKE OR HAZE
[NO. OF DAYS WITH]      [WEATHER - DAYS WITH]      9 = BLOWING SNOW
                                                   X = TORNADO
MAX 32 OR BELOW:   3    0.01 INCH OR MORE:   9
MAX 90 OR ABOVE:   0    0.10 INCH OR MORE:   6
MIN 32 OR BELOW:   6    0.50 INCH OR MORE:   3
MIN  0 OR BELOW:   0    1.00 INCH OR MORE:   0

[HDD (BASE 65) ]
TOTAL THIS MO.   378    CLEAR  (SCALE 0-3)   4
DPTR FM NORMAL  -135    PTCLDY (SCALE 4-7)   4
TOTAL FM JUL 1  1474    CLOUDY (SCALE 8-10) 11
DPTR FM NORMAL  -457

[CDD (BASE 65) ]
TOTAL THIS MO.     0
DPTR FM NORMAL     0    [PRESSURE DATA]
TOTAL FM JAN 1     0    HIGHEST SLP M ON M
DPTR FM NORMAL     0    LOWEST  SLP 29.64 ON 19

[REMARKS]
