000
CXUS54 KFWD 170730
CF6MKN
PRELIMINARY LOCAL CLIMATOLOGICAL DATA (WS FORM: F-6)

                                          STATION:   COMANCHE
                                          MONTH:     JANUARY
                                          YEAR:      2018
                                          LATITUDE:   31 55 N
                                          LONGITUDE:  98 36 W

  TEMPERATURE IN F:       :PCPN:    SNOW:  WIND      :SUNSHINE: SKY     :PK WND
================================================================================
1   2   3   4   5  6A  6B    7    8   9   10  11  12  13   14  15   16   17  18
                                     12Z  AVG MX 2MIN
DY MAX MIN AVG DEP HDD CDD  WTR  SNW DPTH SPD SPD DIR MIN PSBL S-S WX    SPD DR
================================================================================

 1  25  13  19   M  46   0 0.00  0.0    0  8.4 13  10   M    M   6        16 360
 2  26  19  23   M  42   0 0.00  0.0    0  5.3  9 350   M    M   8         M  M
 3  53  16  35   M  30   0 0.00    M    0  6.9 15 340   M    M   0        20 340
 4  54  24  39   M  26   0 0.00  0.0    0  4.9  9 170   M    M   0         M  M
 5  63  33  48   M  17   0 0.00  0.0    0  6.0 14 220   M    M   2        16 170
 6  64  33  49   M  16   0 0.00  0.0    0  7.5 16 170   M    M   1        22 170
 7  67  48  58   M   7   0 0.00  0.0    0 13.4 21 210   M    M   7        31 210
 8  63  38  51   M  14   0 0.00  0.0    0  7.6 13 330   M    M   0        18 330
 9  72  37  55   M  10   0 0.00  0.0    0  7.4 13 180   M    M   0        20 180
10  67  37  52   M  13   0 0.00  0.0    0 11.4 21 170   M    M   1        32 170
11  60  34  47   M  18   0 0.00  0.0    0 16.7 29 340   M    M   3        40 340
12  48  23  36   M  29   0 0.00  0.0    0  7.9 15 330   M    M   0        20 330
13  48  22  35   M  30   0 0.00  0.0    0  5.4  9 340   M    M   0         M  M
14  58  26  42   M  23   0 0.00  0.0    0  6.0 12 180   M    M   0        20 230
15  65  25  45   M  20   0 0.02    M    0 12.7 24  10   M    M   6        35  10
16  27  14  21   M  44   0 0.00  0.0    0 12.8 21  10   M    M   7        30 360
================================================================================
SM  860  442       385   0  0.02     0.0 140.3          M       41
================================================================================
AV 53.8 27.6                               8.8 FASTST   M    M   3    MAX(MPH)
                                 MISC ---->    29   M                 40    M
================================================================================
NOTES:
# LAST OF SEVERAL OCCURRENCES

COLUMN 17 PEAK WIND IN M.P.H.

PRELIMINARY LOCAL CLIMATOLOGICAL DATA (WS FORM: F-6) , PAGE 2

                                          STATION:  COMANCHE
                                          MONTH:    JANUARY
                                          YEAR:     2018
                                          LATITUDE:   31 55 N
                                          LONGITUDE:  98 36 W

[TEMPERATURE DATA]      [PRECIPITATION DATA]       SYMBOLS USED IN COLUMN 16

AVERAGE MONTHLY: 40.7   TOTAL FOR MONTH:   0.02    1 = FOG OR MIST
DPTR FM NORMAL:     M   DPTR FM NORMAL:   -0.54    2 = FOG REDUCING VISIBILITY
HIGHEST:    72 ON  9    GRTST 24HR  0.02 ON 15-15      TO 1/4 MILE OR LESS
LOWEST:     13 ON  1                               3 = THUNDER
                        SNOW, ICE PELLETS, HAIL    4 = ICE PELLETS
                        TOTAL MONTH:   0.0 INCH    5 = HAIL
                        GRTST 24HR     0.0         6 = FREEZING RAIN OR DRIZZLE
                        GRTST DEPTH:   0           7 = DUSTSTORM OR SANDSTORM:
                                                       VSBY 1/2 MILE OR LESS
                                                   8 = SMOKE OR HAZE
[NO. OF DAYS WITH]      [WEATHER - DAYS WITH]      9 = BLOWING SNOW
                                                   X = TORNADO
MAX 32 OR BELOW:   3    0.01 INCH OR MORE:   1
MAX 90 OR ABOVE:   0    0.10 INCH OR MORE:   0
MIN 32 OR BELOW:   9    0.50 INCH OR MORE:   0
MIN  0 OR BELOW:   0    1.00 INCH OR MORE:   0

[HDD (BASE 65) ]
TOTAL THIS MO.   385    CLEAR  (SCALE 0-3)  11
DPTR FM NORMAL     M    PTCLDY (SCALE 4-7)   5
TOTAL FM JUL 1  1152    CLOUDY (SCALE 8-10)  0
DPTR FM NORMAL     M

[CDD (BASE 65) ]
TOTAL THIS MO.     0
DPTR FM NORMAL     M    [PRESSURE DATA]
TOTAL FM JAN 1     0    HIGHEST SLP M ON M
DPTR FM NORMAL     M    LOWEST  SLP M ON M

[REMARKS]
