000
CXUS54 KFWD 240730
CF6MKN
PRELIMINARY LOCAL CLIMATOLOGICAL DATA (WS FORM: F-6)

                                          STATION:   COMANCHE
                                          MONTH:     JUNE
                                          YEAR:      2017
                                          LATITUDE:   31 55 N
                                          LONGITUDE:  98 36 W

  TEMPERATURE IN F:       :PCPN:    SNOW:  WIND      :SUNSHINE: SKY     :PK WND
================================================================================
1   2   3   4   5  6A  6B    7    8   9   10  11  12  13   14  15   16   17  18
                                     12Z  AVG MX 2MIN
DY MAX MIN AVG DEP HDD CDD  WTR  SNW DPTH SPD SPD DIR MIN PSBL S-S WX    SPD DR
================================================================================

 1  85  64  75   M   0  10 0.00  0.0    0  4.1 10 130   M    M   7 3       M  M
 2  85  65  75   M   0  10 0.23  0.0    0  7.5 17 320   M    M   7 3      24 320
 3  75  63  69   M   0   4 1.45  0.0    0  3.3 10  20   M    M   6 123     M  M
 4  83  64  74   M   0   9 0.00  0.0    0  3.9 10  30   M    M   5 12     21  30
 5  83  65  74   M   0   9 0.35  0.0    0  4.5 10 350   M    M   3 3      18 340
 6  88  66  77   M   0  12 0.00  0.0    0  7.9 17  30   M    M   1        21  30
 7  87  66  77   M   0  12 0.00  0.0    0  5.6 12  20   M    M   0        17  20
 8  89  66  78   M   0  13 0.00  0.0    0  3.3  9 150   M    M   2         M  M
 9  88  69  79   M   0  14 0.00  0.0    0  8.8 14 150   M    M   5        20 180
10  90  69  80   M   0  15 0.00  0.0    0 11.6 16 150   M    M   1        25 150
11  89  69  79   M   0  14 0.00  0.0    0 12.3 17 140   M    M   2        29 140
12  90  67  79   M   0  14 0.00  0.0    0  9.7 17 150   M    M   0        22 150
13  91  69  80   M   0  15 0.00  0.0    0 10.0 15 180   M    M   3        24 180
14  92  74  83   M   0  18 0.00  0.0    0 11.6 17 170   M    M   5        24 180
15  95  74  85   M   0  20    M  0.0    0 10.2 14 170   M    M   2        20 180
16  97  71  84   M   0  19 0.00  0.0    0  9.9 25 210   M    M   0        46 210
17  98  75  87   M   0  22 0.00  0.0    0 11.4 16 160   M    M   0        24 160
18  97  75  86   M   0  21 0.00  0.0    0  7.9 14 180   M    M   0        21 150
19  87  73  80   M   0  15 0.01  0.0    0  6.4 10 130   M    M   4 3      16 130
20  91  70  81   M   0  16 0.00  0.0    0  3.5 10  40   M    M   2 1       M  M
21  92  67  80   M   0  15 0.00  0.0    0  4.8 12  40   M    M   0        16  80
22  92  64  78   M   0  13 0.00  0.0    0  3.5  8 320   M    M   0         M  M
23 102  69  86   M   0  21 0.00  0.0    0  3.8 12  70   M    M   0         M  M
================================================================================
SM 2066 1574         0 331  2.04     0.0 165.5          M       55
================================================================================
AV 89.8 68.4                               7.2 FASTST   M    M   2    MAX(MPH)
                                 MISC ---->    25   M               # 46  210
================================================================================
NOTES:
# LAST OF SEVERAL OCCURRENCES

COLUMN 17 PEAK WIND IN M.P.H.

PRELIMINARY LOCAL CLIMATOLOGICAL DATA (WS FORM: F-6) , PAGE 2

                                          STATION:  COMANCHE
                                          MONTH:    JUNE
                                          YEAR:     2017
                                          LATITUDE:   31 55 N
                                          LONGITUDE:  98 36 W

[TEMPERATURE DATA]      [PRECIPITATION DATA]       SYMBOLS USED IN COLUMN 16

AVERAGE MONTHLY: 79.1   TOTAL FOR MONTH:   2.04    1 = FOG OR MIST
DPTR FM NORMAL:     M   DPTR FM NORMAL:   -1.86    2 = FOG REDUCING VISIBILITY
HIGHEST:   102 ON 23    GRTST 24HR  1.45 ON  3- 3      TO 1/4 MILE OR LESS
LOWEST:     63 ON  3                               3 = THUNDER
                        SNOW, ICE PELLETS, HAIL    4 = ICE PELLETS
                        TOTAL MONTH:   0.0 INCH    5 = HAIL
                        GRTST 24HR     0.0         6 = FREEZING RAIN OR DRIZZLE
                        GRTST DEPTH:   0           7 = DUSTSTORM OR SANDSTORM:
                                                       VSBY 1/2 MILE OR LESS
                                                   8 = SMOKE OR HAZE
[NO. OF DAYS WITH]      [WEATHER - DAYS WITH]      9 = BLOWING SNOW
                                                   X = TORNADO
MAX 32 OR BELOW:   0    0.01 INCH OR MORE:   4
MAX 90 OR ABOVE:  12    0.10 INCH OR MORE:   3
MIN 32 OR BELOW:   0    0.50 INCH OR MORE:   1
MIN  0 OR BELOW:   0    1.00 INCH OR MORE:   1

[HDD (BASE 65) ]
TOTAL THIS MO.     0    CLEAR  (SCALE 0-3)  16
DPTR FM NORMAL     M    PTCLDY (SCALE 4-7)   7
TOTAL FM JUL 1  1515    CLOUDY (SCALE 8-10)  0
DPTR FM NORMAL     M

[CDD (BASE 65) ]
TOTAL THIS MO.   331
DPTR FM NORMAL     M    [PRESSURE DATA]
TOTAL FM JAN 1   788    HIGHEST SLP M ON M
DPTR FM NORMAL     M    LOWEST  SLP M ON M

[REMARKS]
