000
CXUS54 KTSA 200840
CF6MKO
PRELIMINARY LOCAL CLIMATOLOGICAL DATA (WS FORM: F-6)

                                          STATION:   MUSKOGEE OKLAHOMA
                                          MONTH:     APRIL
                                          YEAR:      2014
                                          LATITUDE:   35 40 N
                                          LONGITUDE:  95 22 W

  TEMPERATURE IN F:       :PCPN:    SNOW:  WIND      :SUNSHINE: SKY     :PK WND
================================================================================
1   2   3   4   5  6A  6B    7    8   9   10  11  12  13   14  15   16   17  18
                                     12Z  AVG MX 2MIN
DY MAX MIN AVG DEP HDD CDD  WTR  SNW DPTH SPD SPD DIR MIN PSBL S-S WX    SPD DR
================================================================================

 1  72  50  61   5   4   0    T  0.0    0  7.6 18  20   M    M   5 13     24 360
 2  81  62  72  15   0   7 0.00  0.0    0 13.2 22 160   M    M   8        29 170
 3  83  48  66   9   0   1 1.16  0.0    0 16.1 29 200   M    M   4 13     39 200
 4  60  39  50  -7  15   0 0.00  0.0    0 10.4 25 310   M    M   0        35 330
 5  62  35  49  -9  16   0 0.06  0.0    0  6.7 16 140   M    M   1        19 140
 6  52  44  48 -10  17   0 0.30  0.0    0  5.5 14  90   M    M   7 1      16 120
 7  66  45  56  -2   9   0 0.35  0.0    0  6.5 28 310   M    M   7 1      36 300
 8  66  44  55  -3  10   0    T  0.0    0 13.7 30 340   M    M   3        39 340
 9  77  35  56  -3   9   0 0.00  0.0    0  9.2 20 210   M    M   0        27 210
10  85  59  72  13   0   7 0.00  0.0    0 13.4 26 190   M    M   0        37 200
11  80  57  69  10   0   4 0.00  0.0    0  8.5 18 190   M    M   2        24 170
12  83  61  72  13   0   7 0.00  0.0    0 15.1 28 180   M    M   2        36 170
13  79  46  63   3   2   0 0.20  0.0    0 18.0 30 190   M    M   7 13     39 190
14  48  34  41 -19  24   0    T  0.0    0 17.0 31 360   M    M   8 1      38 360
15  62  28  45 -15  20   0 0.00  0.0    0  4.8 15 310   M    M   0        23 300
16  67  38  53  -7  12   0 0.00  0.0    0 11.6 28 170   M    M   0        35 180
17  68  41  55  -6  10   0    T    M    0  6.9 17 350   M    M   4 8      22 350
18  75  41  58  -3   7   0 0.00  0.0    0  5.8 13 350   M    M   0 18     16 340
19  78  49  64   3   1   0 0.00  0.0    0  7.6 16 160   M    M   0        22 140
================================================================================
SM 1344  856       156  26  2.07     0.0 197.6          M       58
================================================================================
AV 70.7 45.1                              10.4 FASTST   M    M   3    MAX(MPH)
                                 MISC ---->  # 31 360               # 39  200
================================================================================
NOTES:
# LAST OF SEVERAL OCCURRENCES

COLUMN 17 PEAK WIND IN M.P.H.

PRELIMINARY LOCAL CLIMATOLOGICAL DATA (WS FORM: F-6) , PAGE 2

                                          STATION:  MUSKOGEE OKLAHOMA
                                          MONTH:    APRIL
                                          YEAR:     2014
                                          LATITUDE:   35 40 N
                                          LONGITUDE:  95 22 W

[TEMPERATURE DATA]      [PRECIPITATION DATA]       SYMBOLS USED IN COLUMN 16

AVERAGE MONTHLY: 57.9   TOTAL FOR MONTH:   2.07    1 = FOG OR MIST
DPTR FM NORMAL:  -0.9   DPTR FM NORMAL:   -0.46    2 = FOG REDUCING VISIBILITY
HIGHEST:    85 ON 10    GRTST 24HR  1.16 ON  3- 3      TO 1/4 MILE OR LESS
LOWEST:     28 ON 15                               3 = THUNDER
                        SNOW, ICE PELLETS, HAIL    4 = ICE PELLETS
                        TOTAL MONTH:   0.0 INCH    5 = HAIL
                        GRTST 24HR     0.0         6 = FREEZING RAIN OR DRIZZLE
                        GRTST DEPTH:   0           7 = DUSTSTORM OR SANDSTORM:
                                                       VSBY 1/2 MILE OR LESS
                                                   8 = SMOKE OR HAZE
[NO. OF DAYS WITH]      [WEATHER - DAYS WITH]      9 = BLOWING SNOW
                                                   X = TORNADO
MAX 32 OR BELOW:   0    0.01 INCH OR MORE:   5
MAX 90 OR ABOVE:   0    0.10 INCH OR MORE:   4
MIN 32 OR BELOW:   1    0.50 INCH OR MORE:   1
MIN  0 OR BELOW:   0    1.00 INCH OR MORE:   1

[HDD (BASE 65) ]
TOTAL THIS MO.   156    CLEAR  (SCALE 0-3)  10
DPTR FM NORMAL    18    PTCLDY (SCALE 4-7)   9
TOTAL FM JUL 1  3903    CLOUDY (SCALE 8-10)  0
DPTR FM NORMAL   484

[CDD (BASE 65) ]
TOTAL THIS MO.    26
DPTR FM NORMAL     6    [PRESSURE DATA]
TOTAL FM JAN 1    26    HIGHEST SLP M ON M
DPTR FM NORMAL    -4    LOWEST  SLP 29.48 ON 13

[REMARKS]
