000
CXUS53 KMPX 161000
CF6MKT
PRELIMINARY LOCAL CLIMATOLOGICAL DATA (WS FORM: F-6)

                                          STATION:   MANKATO MN
                                          MONTH:     AUGUST
                                          YEAR:      2017
                                          LATITUDE:   44 13 N
                                          LONGITUDE:  93 55 W

  TEMPERATURE IN F:       :PCPN:    SNOW:  WIND      :SUNSHINE: SKY     :PK WND
================================================================================
1   2   3   4   5  6A  6B    7    8   9   10  11  12  13   14  15   16   17  18
                                     12Z  AVG MX 2MIN
DY MAX MIN AVG DEP HDD CDD  WTR  SNW DPTH SPD SPD DIR MIN PSBL S-S WX    SPD DR
================================================================================

 1  84  59  72   0   0   7 0.00    M    M  3.9  9 270   M    M   3 3       M  M
 2  80  61  71  -1   0   6    M    M    M  6.0 12  10   M    M   1 1       M  M
 3  68  54  61 -11   4   0    M    M    M 15.9 24 350   M    M   8        36 340
 4  76  51  64  -8   1   0 0.03    M    M  7.3 15 310   M    M   4        20 310
 5  73  54  64  -8   1   0    T    M    M  2.7  7 250   M    M   4         M  M
 6  73  60  67  -4   0   2 0.06    M    M  2.6  6  20   M    M   7         M  M
 7  78  55  67  -4   0   2 0.00    M    M  2.6  6 350   M    M   2         M  M
 8  80  54  67  -4   0   2 0.00    M    M  4.5  9 290   M    M   0         M  M
 9  70  59  65  -6   0   0 1.56    M    M  7.6 14 180   M    M   6 13     23 180
10  73  59  66  -5   0   1 0.33    M    M  8.4 16 290   M    M   5         M  M
11  75  53  64  -7   1   0 0.04    M    M  3.4  8 350   M    M   2 12      M  M
12  77  55  66  -5   0   1 0.00    M    M  3.7  8 110   M    M   1 1       M  M
13  73  61  67  -4   0   2 0.20    M    M  9.6 14 140   M    M   8 1       M  M
14  71  60  66  -4   0   1    T    M    M  4.9 10  20   M    M   8 1       M  M
15  71  56  64  -6   1   0 0.25    M    M  7.9 13 130   M    M   3 123     M  M
================================================================================
SM 1122  851         8  24  2.47    M     91.0          M       62
================================================================================
AV 74.8 56.7                               6.1 FASTST   M    M   4    MAX(MPH)
                                 MISC ---->  # 24 350               # 36  340
================================================================================
NOTES:
# LAST OF SEVERAL OCCURRENCES

COLUMN 17 PEAK WIND IN M.P.H.

PRELIMINARY LOCAL CLIMATOLOGICAL DATA (WS FORM: F-6) , PAGE 2

                                          STATION:  MANKATO MN
                                          MONTH:    AUGUST
                                          YEAR:     2017
                                          LATITUDE:   44 13 N
                                          LONGITUDE:  93 55 W

[TEMPERATURE DATA]      [PRECIPITATION DATA]       SYMBOLS USED IN COLUMN 16

AVERAGE MONTHLY: 65.8   TOTAL FOR MONTH:   2.47    1 = FOG OR MIST
DPTR FM NORMAL:  -5.4   DPTR FM NORMAL:    0.33    2 = FOG REDUCING VISIBILITY
HIGHEST:    84 ON  1    GRTST 24HR  1.56 ON  9- 9      TO 1/4 MILE OR LESS
LOWEST:     51 ON  4                               3 = THUNDER
                        SNOW, ICE PELLETS, HAIL    4 = ICE PELLETS
                        TOTAL MONTH:    M          5 = HAIL
                        GRTST 24HR    M  ON   M    6 = FREEZING RAIN OR DRIZZLE
                        GRTST DEPTH:  M  ON   M    7 = DUSTSTORM OR SANDSTORM:
                                                       VSBY 1/2 MILE OR LESS
                                                   8 = SMOKE OR HAZE
[NO. OF DAYS WITH]      [WEATHER - DAYS WITH]      9 = BLOWING SNOW
                                                   X = TORNADO
MAX 32 OR BELOW:   0    0.01 INCH OR MORE:   7
MAX 90 OR ABOVE:   0    0.10 INCH OR MORE:   4
MIN 32 OR BELOW:   0    0.50 INCH OR MORE:   1
MIN  0 OR BELOW:   0    1.00 INCH OR MORE:   1

[HDD (BASE 65) ]
TOTAL THIS MO.     8    CLEAR  (SCALE 0-3)   7
DPTR FM NORMAL     4    PTCLDY (SCALE 4-7)   7
TOTAL FM JUL 1     8    CLOUDY (SCALE 8-10)  1
DPTR FM NORMAL    -4

[CDD (BASE 65) ]
TOTAL THIS MO.    24
DPTR FM NORMAL   -75    [PRESSURE DATA]
TOTAL FM JAN 1   473    HIGHEST SLP M ON M
DPTR FM NORMAL   -42    LOWEST  SLP M ON M

[REMARKS]
