000
CXUS54 KSHV 271300
CF6MLU
PRELIMINARY LOCAL CLIMATOLOGICAL DATA (WS FORM: F-6)

                                          STATION:   MONROE
                                          MONTH:     AUGUST
                                          YEAR:      2015
                                          LATITUDE:   32 30 N
                                          LONGITUDE:  92  2 W

  TEMPERATURE IN F:       :PCPN:    SNOW:  WIND      :SUNSHINE: SKY     :PK WND
================================================================================
1   2   3   4   5  6A  6B    7    8   9   10  11  12  13   14  15   16   17  18
                                     12Z  AVG MX 2MIN
DY MAX MIN AVG DEP HDD CDD  WTR  SNW DPTH SPD SPD DIR MIN PSBL S-S WX    SPD DR
================================================================================

 1  96  69  83   0   0  18 0.00  0.0    0  6.2 20  30   M    M   0        25  20
 2  98  68  83   0   0  18 0.00  0.0    0  3.5 12  40   M    M   0        20  70
 3  99  71  85   2   0  20 0.00  0.0    0  2.8 12  50   M    M   0        14  60
 4 100  72  86   3   0  21 0.00  0.0    0  2.4  8  10   M    M   1 8      11  20
 5  98  76  87   4   0  22 0.00  0.0    0  6.7 16 260   M    M   1        24 240
 6  99  79  89   6   0  24 0.00  0.0    0  9.0 17 230   M    M   1        24 240
 7 100  77  89   6   0  24 0.00  0.0    0  7.9 16 270   M    M   0 8      21 280
 8 103  78  91   8   0  26 0.00  0.0    0  6.0 16 260   M    M   0        20  80
 9 103  76  90   7   0  25 0.00  0.0    0  3.1 12 340   M    M   0        16 330
10 105  66  86   3   0  21 0.00  0.0    0  2.6 12 330   M    M   0        17  10
11  97  77  87   4   0  22    T  0.0    0  3.9 23  50   M    M   3 13     26  50
12  96  75  86   3   0  21 0.00  0.0    0  7.8 15  40   M    M   3        19  50
13  95  70  83   0   0  18 0.00  0.0    0  6.9 14  50   M    M   2        18  70
14  94  65  80  -3   0  15 0.00  0.0    0  6.0 13  60   M    M   1        16 360
15  98  71  85   2   0  20 0.00  0.0    0  4.8 13  50   M    M   2 3      16  50
16  95  72  84   1   0  19    T  0.0    0  6.0 16  50   M    M   2 3      21  70
17  93  73  83   0   0  18    T  0.0    0  2.3 14 180   M    M   4        17 160
18  96  72  84   1   0  19    T  0.0    0  7.4 18 230   M    M   2 1      22 240
19  88  74  81  -2   0  16 0.23  0.0    0  7.8 23 210   M    M   5 1      30 200
20  79  72  76  -7   0  11 0.04  0.0    0  5.5 10  50   M    M   9 1      13  20
21  91  72  82  -1   0  17 0.01  0.0    0  2.4  9  60   M    M   3 18     14 350
22  92  75  84   2   0  19    T  0.0    0  3.0 16 190   M    M   3 138    21 200
23  94  72  83   1   0  18 0.13  0.0    0  5.4 22 330   M    M   2 13     27 330
24  91  72  82   0   0  17 0.00  0.0    0  5.7 13 350   M    M   0        16  10
25  89  62  76  -6   0  11 0.00  0.0    0  5.9 16  20   M    M   2        24  40
26  94  60  77  -5   0  12 0.00  0.0    0  5.2 18 350   M    M   1 8      29  50
================================================================================
SM 2483 1866         0 492  0.41     0.0 136.2          M       47
================================================================================
AV 95.5 71.8                               5.2 FASTST   M    M   2    MAX(MPH)
                                 MISC ---->  # 23  50               # 30  200
================================================================================
NOTES:
# LAST OF SEVERAL OCCURRENCES

COLUMN 17 PEAK WIND IN M.P.H.

PRELIMINARY LOCAL CLIMATOLOGICAL DATA (WS FORM: F-6) , PAGE 2

                                          STATION:  MONROE
                                          MONTH:    AUGUST
                                          YEAR:     2015
                                          LATITUDE:   32 30 N
                                          LONGITUDE:  92  2 W

[TEMPERATURE DATA]      [PRECIPITATION DATA]       SYMBOLS USED IN COLUMN 16

AVERAGE MONTHLY: 83.6   TOTAL FOR MONTH:   0.41    1 = FOG OR MIST
DPTR FM NORMAL:   0.8   DPTR FM NORMAL:   -2.23    2 = FOG REDUCING VISIBILITY
HIGHEST:   105 ON 10    GRTST 24HR  0.27 ON 19-20      TO 1/4 MILE OR LESS
LOWEST:     60 ON 26                               3 = THUNDER
                        SNOW, ICE PELLETS, HAIL    4 = ICE PELLETS
                        TOTAL MONTH:   0.0 INCH    5 = HAIL
                        GRTST 24HR     0.0         6 = FREEZING RAIN OR DRIZZLE
                        GRTST DEPTH:   0           7 = DUSTSTORM OR SANDSTORM:
                                                       VSBY 1/2 MILE OR LESS
                                                   8 = SMOKE OR HAZE
[NO. OF DAYS WITH]      [WEATHER - DAYS WITH]      9 = BLOWING SNOW
                                                   X = TORNADO
MAX 32 OR BELOW:   0    0.01 INCH OR MORE:   4
MAX 90 OR ABOVE:  23    0.10 INCH OR MORE:   2
MIN 32 OR BELOW:   0    0.50 INCH OR MORE:   0
MIN  0 OR BELOW:   0    1.00 INCH OR MORE:   0

[HDD (BASE 65) ]
TOTAL THIS MO.     0    CLEAR  (SCALE 0-3)  22
DPTR FM NORMAL     0    PTCLDY (SCALE 4-7)   3
TOTAL FM JUL 1     0    CLOUDY (SCALE 8-10)  1
DPTR FM NORMAL     0

[CDD (BASE 65) ]
TOTAL THIS MO.   492
DPTR FM NORMAL    29    [PRESSURE DATA]
TOTAL FM JAN 1  2004    HIGHEST SLP M ON M
DPTR FM NORMAL    81    LOWEST  SLP 29.75 ON 18

[REMARKS]
