000
CXUS56 KSTO 241455
CF6MOD
PRELIMINARY LOCAL CLIMATOLOGICAL DATA (WS FORM: F-6)

                                          STATION:   MODESTO CA
                                          MONTH:     OCTOBER
                                          YEAR:      2014
                                          LATITUDE:   37 37 N
                                          LONGITUDE: 120 57 W

  TEMPERATURE IN F:       :PCPN:    SNOW:  WIND      :SUNSHINE: SKY     :PK WND
================================================================================
1   2   3   4   5  6A  6B    7    8   9   10  11  12  13   14  15   16   17  18
                                     12Z  AVG MX 2MIN
DY MAX MIN AVG DEP HDD CDD  WTR  SNW DPTH SPD SPD DIR MIN PSBL S-S WX    SPD DR
================================================================================

 1  85  62  74   3   0   9 0.00  0.0    0  9.7 18 300   M    M   0        24 350
 2  89  51  70   0   0   5 0.00  0.0    0  1.9 10 310   M    M   0        12 320
 3  93  57  75   5   0  10 0.00  0.0    0  2.8 12 320   M    M   0 8      13 320
 4  94  55  75   5   0  10 0.00  0.0    0  2.4 12 340   M    M   0        14 280
 5  94  54  74   5   0   9 0.00  0.0    0  2.3  9 310   M    M   0        11 340
 6  95  54  75   6   0  10 0.00  0.0    0  2.5 10 350   M    M   0        11 330
 7  93  57  75   6   0  10 0.00  0.0    0  5.6 16 320   M    M   0 8      20 330
 8  95  62  79  11   0  14 0.00  0.0    0  8.6 21 300   M    M   0        27 300
 9  89  57  73   5   0   8 0.00  0.0    0  4.6 16 330   M    M   0        19 330
10  85  58  72   4   0   7 0.00  0.0    0  6.5 15 320   M    M   0        19 320
11  86  54  70   2   0   5 0.00  0.0    0  4.4 14 320   M    M   0        16 320
12  88  57  73   6   0   8 0.00  0.0    0  9.4 22 300   M    M   0        27 320
13  90  51  71   4   0   6 0.00  0.0    0  4.2 12 140   M    M   0 8      14 160
14  82  57  70   3   0   5 0.00  0.0    0  5.9 18 330   M    M   1 8      22 330
15  76  58  67   1   0   2 0.00  0.0    0  6.2 16 320   M    M   3        21 320
16  77  56  67   1   0   2 0.00  0.0    0  5.0 13 320   M    M   1        17 320
17  77  53  65  -1   0   0 0.00  0.0    0  3.6  8 310   M    M   0        13 310
18  79  54  67   2   0   2 0.00  0.0    0  6.1 14 330   M    M   0        17 320
19  83  51  67   2   0   2 0.00  0.0    0  2.0 10 310   M    M   0        14 330
20  77  57  67   3   0   2 0.00  0.0    0  9.0 24 300   M    M   2 8      29 300
21  72  50  61  -3   4   0 0.00  0.0    0 10.6 20 320   M    M   0        23 320
22  76  51  64   0   1   0 0.00  0.0    0  4.3 12 340   M    M   0        17 350
23  79  52  66   2   0   1 0.00  0.0    0  4.0 13 290   M    M   0        15 290
================================================================================
SM 1954 1268         5 127  0.00     0.0 121.6          M        7
================================================================================
AV 85.0 55.1                               5.3 FASTST   M    M   0    MAX(MPH)
                                 MISC ---->  # 24 300               # 29  300
================================================================================
NOTES:
# LAST OF SEVERAL OCCURRENCES

COLUMN 17 PEAK WIND IN M.P.H.

PRELIMINARY LOCAL CLIMATOLOGICAL DATA (WS FORM: F-6) , PAGE 2

                                          STATION:  MODESTO CA
                                          MONTH:    OCTOBER
                                          YEAR:     2014
                                          LATITUDE:   37 37 N
                                          LONGITUDE: 120 57 W

[TEMPERATURE DATA]      [PRECIPITATION DATA]       SYMBOLS USED IN COLUMN 16

AVERAGE MONTHLY: 70.0   TOTAL FOR MONTH:   0.00    1 = FOG OR MIST
DPTR FM NORMAL:   2.9   DPTR FM NORMAL:   -0.43    2 = FOG REDUCING VISIBILITY
HIGHEST:    95 ON  8, 6 GRTST 24HR  0.00 ON 22-22      TO 1/4 MILE OR LESS
LOWEST:     50 ON 21                               3 = THUNDER
                        SNOW, ICE PELLETS, HAIL    4 = ICE PELLETS
                        TOTAL MONTH:   0.0 INCH    5 = HAIL
                        GRTST 24HR     0.0         6 = FREEZING RAIN OR DRIZZLE
                        GRTST DEPTH:   0           7 = DUSTSTORM OR SANDSTORM:
                                                       VSBY 1/2 MILE OR LESS
                                                   8 = SMOKE OR HAZE
[NO. OF DAYS WITH]      [WEATHER - DAYS WITH]      9 = BLOWING SNOW
                                                   X = TORNADO
MAX 32 OR BELOW:   0    0.01 INCH OR MORE:   0
MAX 90 OR ABOVE:   7    0.10 INCH OR MORE:   0
MIN 32 OR BELOW:   0    0.50 INCH OR MORE:   0
MIN  0 OR BELOW:   0    1.00 INCH OR MORE:   0

[HDD (BASE 65) ]
TOTAL THIS MO.     5    CLEAR  (SCALE 0-3)  23
DPTR FM NORMAL   -24    PTCLDY (SCALE 4-7)   0
TOTAL FM JUL 1     6    CLOUDY (SCALE 8-10)  0
DPTR FM NORMAL   -26

[CDD (BASE 65) ]
TOTAL THIS MO.   127
DPTR FM NORMAL    49    [PRESSURE DATA]
TOTAL FM JAN 1  1855    HIGHEST SLP M ON M
DPTR FM NORMAL   165    LOWEST  SLP 29.77 ON  7

[REMARKS]
