000
CXUS51 KPHI 270800
CF6MPO
PRELIMINARY LOCAL CLIMATOLOGICAL DATA (WS FORM: F-6)

                                          STATION:   MOUNT POCONO PA
                                          MONTH:     JULY
                                          YEAR:      2016
                                          LATITUDE:   41  8 N
                                          LONGITUDE:  75 24 W

  TEMPERATURE IN F:       :PCPN:    SNOW:  WIND      :SUNSHINE: SKY     :PK WND
================================================================================
1   2   3   4   5  6A  6B    7    8   9   10  11  12  13   14  15   16   17  18
                                     12Z  AVG MX 2MIN
DY MAX MIN AVG DEP HDD CDD  WTR  SNW DPTH SPD SPD DIR MIN PSBL S-S WX    SPD DR
================================================================================

 1  75  52  64  -3   1   0 1.00    M    M  5.6 21 300   M    M   3 138    26 270
 2  70  53  62  -6   3   0 0.00    M    M 10.2 22 340   M    M   2        31 310
 3  74  46  60  -8   5   0 0.00    M    M  5.2 14 230   M    M   0        19 230
 4  76  49  63  -5   2   0 0.16    M    M  5.9 15 210   M    M   4 1      20 190
 5  79  63  71   3   0   6 0.13    M    M  7.2 14 290   M    M   7 1      20 310
 6  85  60  73   5   0   8 0.00    M    M  5.9 14 280   M    M   1 1      18 310
 7  82  63  73   5   0   8    T    M    M  5.9 21 260   M    M   5        27 270
 8  81  65  73   5   0   8 1.09    M    M  5.0 21  90   M    M   6        25 100
 9  67  59  63  -5   2   0 0.33    M    M  6.3 15 160   M    M   4 13     20 180
10  70  56  63  -5   2   0    T    M    M  9.9 20 310   M    M   6 1      27 330
11  77  54  66  -2   0   1 0.00    M    M  5.7 14 340   M    M   2        19  30
12  80  53  67  -1   0   2 0.00    M    M  6.2 16 200   M    M   3        21 190
13  78  65  72   4   0   7 0.11    M    M  7.9 15 150   M    M   7 1      24  40
14  82  67  75   7   0  10 0.16    M    M  8.5 22 270   M    M   6 123    30 270
15  82  63  73   5   0   8 0.00    M    M  8.0 20 260   M    M   2        28 260
16  81  61  71   3   0   6 0.01    M    M  4.2 12 260   M    M   4 3      16 300
17  80  60  70   2   0   5 0.00    M    M  4.6 15 270   M    M   2        20 280
18  82  63  73   5   0   8 0.37    M    M  7.7 33 270   M    M   2 13     46 280
19  76  56  66  -2   0   1 0.00    M    M  8.1 18 290   M    M   3        26 310
20  78  50  64  -4   1   0 0.00    M    M  3.7 12 300   M    M   1        16 270
21  82  50  66  -2   0   1 0.00    M    M  6.9 15 210   M    M   0        19 200
22  87  64  76   8   0  11 0.00    M    M 10.2 23 250   M    M   1        29 250
23  88  64  76   8   0  11 0.00    M    M  8.9 18 300   M    M   0        25 280
24  87  63  75   7   0  10 0.00    M    M  5.2 15 290   M    M   0        23 360
25  88  65  77   9   0  12 0.44    M    M  8.1 22 310   M    M   3 13     35 290
26  83  64  74   6   0   9 0.00    M    M  8.3 18 290   M    M   3 1      26 290
================================================================================
SM 2070 1528        16 132  3.80    M    179.3          M       77
================================================================================
AV 79.6 58.8                               6.9 FASTST   M    M   3    MAX(MPH)
                                 MISC ---->  # 33 270               # 46  280
================================================================================
NOTES:
# LAST OF SEVERAL OCCURRENCES

COLUMN 17 PEAK WIND IN M.P.H.

PRELIMINARY LOCAL CLIMATOLOGICAL DATA (WS FORM: F-6) , PAGE 2

                                          STATION:  MOUNT POCONO PA
                                          MONTH:    JULY
                                          YEAR:     2016
                                          LATITUDE:   41  8 N
                                          LONGITUDE:  75 24 W

[TEMPERATURE DATA]      [PRECIPITATION DATA]       SYMBOLS USED IN COLUMN 16

AVERAGE MONTHLY: 69.2   TOTAL FOR MONTH:   3.80    1 = FOG OR MIST
DPTR FM NORMAL:   1.2   DPTR FM NORMAL:    0.08    2 = FOG REDUCING VISIBILITY
HIGHEST:    88 ON 25,23 GRTST 24HR  1.09 ON  8- 8      TO 1/4 MILE OR LESS
LOWEST:     46 ON  3                               3 = THUNDER
                        SNOW, ICE PELLETS, HAIL    4 = ICE PELLETS
                        TOTAL MONTH:    M          5 = HAIL
                        GRTST 24HR    M  ON   M    6 = FREEZING RAIN OR DRIZZLE
                        GRTST DEPTH:  M  ON   M    7 = DUSTSTORM OR SANDSTORM:
                                                       VSBY 1/2 MILE OR LESS
                                                   8 = SMOKE OR HAZE
[NO. OF DAYS WITH]      [WEATHER - DAYS WITH]      9 = BLOWING SNOW
                                                   X = TORNADO
MAX 32 OR BELOW:   0    0.01 INCH OR MORE:  10
MAX 90 OR ABOVE:   0    0.10 INCH OR MORE:   9
MIN 32 OR BELOW:   0    0.50 INCH OR MORE:   2
MIN  0 OR BELOW:   0    1.00 INCH OR MORE:   2

[HDD (BASE 65) ]
TOTAL THIS MO.    16    CLEAR  (SCALE 0-3)  15
DPTR FM NORMAL   -10    PTCLDY (SCALE 4-7)  11
TOTAL FM JUL 1    16    CLOUDY (SCALE 8-10)  0
DPTR FM NORMAL   -10

[CDD (BASE 65) ]
TOTAL THIS MO.   132
DPTR FM NORMAL    29    [PRESSURE DATA]
TOTAL FM JAN 1   186    HIGHEST SLP  0.00 ON 12
DPTR FM NORMAL     2    LOWEST  SLP 29.73 ON  7

[REMARKS]
