000
CXUS51 KPHI 230800
CF6MPO
PRELIMINARY LOCAL CLIMATOLOGICAL DATA (WS FORM: F-6)

                                          STATION:   MOUNT POCONO PA
                                          MONTH:     OCTOBER
                                          YEAR:      2014
                                          LATITUDE:   41  8 N
                                          LONGITUDE:  75 24 W

  TEMPERATURE IN F:       :PCPN:    SNOW:  WIND      :SUNSHINE: SKY     :PK WND
================================================================================
1   2   3   4   5  6A  6B    7    8   9   10  11  12  13   14  15   16   17  18
                                     12Z  AVG MX 2MIN
DY MAX MIN AVG DEP HDD CDD  WTR  SNW DPTH SPD SPD DIR MIN PSBL S-S WX    SPD DR
================================================================================

 1  65  56  61   8   4   0 0.00    M    M  6.2 14  50   M    M   9 1      17  50
 2  64  48  56   4   9   0 0.01    M    M  3.3 10  70   M    M   9 1      13  70
 3  65  49  57   5   8   0 0.05    M    M  9.5 20 140   M    M  10 12     26 140
 4  60  37  49  -3  16   0 0.64    M    M 11.4 22 290   M    M   7 12     28 280
 5  50  32  41 -10  24   0 0.00    M    M  8.1 18 290   M    M   2        26 290
 6  64  34  49  -2  16   0 0.00    M    M 10.5 23 160   M    M   3        32 160
 7  64  52  58   7   7   0 0.38    M    M 11.1 24 210   M    M   8 1      34 210
 8  63  45  54   4  11   0 0.26    M    M 13.6 26 270   M    M   6 1      37 280
 9  60  39  50   0  15   0 0.00    M    M 10.1 24 270   M    M   0        32 280
10  56  35  46  -4  19   0 0.00    M    M  4.2 10 250   M    M   0 1      13 320
11  55  40  48  -2  17   0 0.30    M    M  5.2  9 350   M    M   7 1      14 360
12  57  30  44  -5  21   0 0.00    M    M  4.1 15  30   M    M   1 1      17  20
13  58  48  53   4  12   0 0.01    M    M  7.3 14 180   M    M  10 12     17 190
14  69  58  64  15   1   0 0.06    M    M 11.9 21 170   M    M  10 12     32 180
15  68  63  66  18   0   1 2.15    M    M 13.2 26 160   M    M   9 12     36 150
16  65  52  59  11   6   0 0.53    M    M  8.7 22 150   M    M   7 12     28 140
17  65  50  58  10   7   0 0.00    M    M 10.7 18 270   M    M   4 1      26 280
18  60  44  52   4  13   0    T    M    M 11.0 22 290   M    M   8 1      32 320
19  44  32  38  -9  27   0    T    M    M 13.8 26 310   M    M   6        38 300
20  53  32  43  -4  22   0 0.01    M    M  7.6 18 210   M    M   4        23 190
21  55  47  51   4  14   0 0.40    M    M  4.5 10  40   M    M  10 12     14 220
22  50  45  48   2  17   0 0.25    M    M 12.9 25 340   M    M  10 1      36 350
================================================================================
SM 1310  968       286   1  5.05    M    198.9          M      140
================================================================================
AV 59.5 44.0                               9.0 FASTST   M    M   6    MAX(MPH)
                                 MISC ---->  # 26 270               # 38  300
================================================================================
NOTES:
# LAST OF SEVERAL OCCURRENCES

COLUMN 17 PEAK WIND IN M.P.H.

PRELIMINARY LOCAL CLIMATOLOGICAL DATA (WS FORM: F-6) , PAGE 2

                                          STATION:  MOUNT POCONO PA
                                          MONTH:    OCTOBER
                                          YEAR:     2014
                                          LATITUDE:   41  8 N
                                          LONGITUDE:  75 24 W

[TEMPERATURE DATA]      [PRECIPITATION DATA]       SYMBOLS USED IN COLUMN 16

AVERAGE MONTHLY: 51.8   TOTAL FOR MONTH:   5.05    1 = FOG OR MIST
DPTR FM NORMAL:   2.3   DPTR FM NORMAL:    1.95    2 = FOG REDUCING VISIBILITY
HIGHEST:    69 ON 14    GRTST 24HR  2.63 ON 15-16      TO 1/4 MILE OR LESS
LOWEST:     30 ON 12                               3 = THUNDER
                        SNOW, ICE PELLETS, HAIL    4 = ICE PELLETS
                        TOTAL MONTH:    M          5 = HAIL
                        GRTST 24HR    M  ON   M    6 = FREEZING RAIN OR DRIZZLE
                        GRTST DEPTH:  M  ON   M    7 = DUSTSTORM OR SANDSTORM:
                                                       VSBY 1/2 MILE OR LESS
                                                   8 = SMOKE OR HAZE
[NO. OF DAYS WITH]      [WEATHER - DAYS WITH]      9 = BLOWING SNOW
                                                   X = TORNADO
MAX 32 OR BELOW:   0    0.01 INCH OR MORE:  13
MAX 90 OR ABOVE:   0    0.10 INCH OR MORE:   8
MIN 32 OR BELOW:   4    0.50 INCH OR MORE:   3
MIN  0 OR BELOW:   0    1.00 INCH OR MORE:   1

[HDD (BASE 65) ]
TOTAL THIS MO.   286    CLEAR  (SCALE 0-3)   4
DPTR FM NORMAL   -56    PTCLDY (SCALE 4-7)   9
TOTAL FM JUL 1   524    CLOUDY (SCALE 8-10)  9
DPTR FM NORMAL   -86

[CDD (BASE 65) ]
TOTAL THIS MO.     1
DPTR FM NORMAL     1    [PRESSURE DATA]
TOTAL FM JAN 1   253    HIGHEST SLP M ON M
DPTR FM NORMAL   -60    LOWEST  SLP 29.54 ON  4

[REMARKS]
