000
CXUS51 KBTV 260700
CF6MPV
PRELIMINARY LOCAL CLIMATOLOGICAL DATA (WS FORM: F-6)

                                          STATION:   MONTPELIER VT
                                          MONTH:     SEPTEMBER
                                          YEAR:      2016
                                          LATITUDE:   44 12 N
                                          LONGITUDE:  72 34 W

  TEMPERATURE IN F:       :PCPN:    SNOW:  WIND      :SUNSHINE: SKY     :PK WND
================================================================================
1   2   3   4   5  6A  6B    7    8   9   10  11  12  13   14  15   16   17  18
                                     12Z  AVG MX 2MIN
DY MAX MIN AVG DEP HDD CDD  WTR  SNW DPTH SPD SPD DIR MIN PSBL S-S WX    SPD DR
================================================================================

 1  73  52  63   1   2   0 0.00  0.0    0  4.7 14 350   M    M   4        19 310
 2  70  47  59  -3   6   0 0.00  0.0    0  3.2 14 310   M    M   4 12     20 310
 3  72  46  59  -3   6   0 0.00  0.0    0  1.2  8  10   M    M   4 12     12  10
 4  77  48  63   1   2   0 0.00  0.0    0  2.0  9 170   M    M   3 12     14 190
 5  80  50  65   4   0   0 0.00  0.0    0  1.7  8  60   M    M   3 12     11  70
 6  80  50  65   4   0   0 0.00  0.0    0  1.9 10 190   M    M   5 12     12 190
 7  81  59  70   9   0   5 0.00  0.0    0  4.6 14 160   M    M   2 12     20 180
 8  79  63  71  11   0   6 0.10  0.0    0  7.1 16 160   M    M   8 1      22 160
 9  80  60  70  10   0   5    T  0.0    0  5.2 18 300   M    M   2 12     26 310
10  78  58  68   8   0   3 0.00  0.0    0  6.9 22 180   M    M   7 12     30 170
11  71  46  59   0   6   0 0.48    M    0  9.6 23 300   M    M   4 13     34 300
12  70  40  55  -4  10   0 0.00  0.0    0  1.7 10 250   M    M   1 12     13 290
13  77  44  61   2   4   0 0.00  0.0    0  4.2 16 210   M    M   2 12     22 200
14  69  48  59   1   6   0 0.18    M    0  5.7 21 300   M    M   5 1      31 310
15   M   M   M   M   M   M 0.00  0.0    0   M   M   M   M    M   3 12      M  M
16  71  41  56  -1   9   0 0.00  0.0    M  2.0 10 200   M    M   0 2      13 190
17  74  43  59   2   6   0 0.04  0.0    0  8.4 20 170   M    M   3 1      25 160
18  76  62  69  12   0   4 0.29  0.0    0  5.7 10 230   M    M   4        16 230
19  73  59  66  10   0   1 0.35  0.0    M  3.5  9 150   M    M   2 12     13 160
20  79  58  69  13   0   4 0.00  0.0    0  4.5 14 170   M    M   4 12     18 180
21  75  50  63   8   2   0 0.00  0.0    0  4.5 13 300   M    M   0        16 310
22  80  48  64   9   1   0 0.00  0.0    0  3.7 16 170   M    M   1        22 160
23  74  45  60   6   5   0 0.27    M    0  5.2 15 330   M    M   9 12     22 340
24  59  41  50  -4  15   0 0.00  0.0    0  4.5 17 300   M    M   6 12     23 290
25  56  34  45  -9  20   0 0.00  0.0    0  5.3 18 300   M    M   1 1      25 290
================================================================================
SM 1774 1192       100  28  1.71     0.0 107.0          M       87
================================================================================
AV 73.9 49.7                               4.5 FASTST   M    M   3    MAX(MPH)
                                 MISC ---->  # 23 300               # 34  300
================================================================================
NOTES:
# LAST OF SEVERAL OCCURRENCES

COLUMN 17 PEAK WIND IN M.P.H.

PRELIMINARY LOCAL CLIMATOLOGICAL DATA (WS FORM: F-6) , PAGE 2

                                          STATION:  MONTPELIER VT
                                          MONTH:    SEPTEMBER
                                          YEAR:     2016
                                          LATITUDE:   44 12 N
                                          LONGITUDE:  72 34 W

[TEMPERATURE DATA]      [PRECIPITATION DATA]       SYMBOLS USED IN COLUMN 16

AVERAGE MONTHLY: 61.8   TOTAL FOR MONTH:   1.71    1 = FOG OR MIST
DPTR FM NORMAL:   3.4   DPTR FM NORMAL:   -0.83    2 = FOG REDUCING VISIBILITY
HIGHEST:    81 ON  7    GRTST 24HR  0.48 ON 10-11      TO 1/4 MILE OR LESS
LOWEST:     34 ON 25                               3 = THUNDER
                        SNOW, ICE PELLETS, HAIL    4 = ICE PELLETS
                        TOTAL MONTH:   0.0 INCH    5 = HAIL
                        GRTST 24HR     0.0         6 = FREEZING RAIN OR DRIZZLE
                        GRTST DEPTH:   0           7 = DUSTSTORM OR SANDSTORM:
                                                       VSBY 1/2 MILE OR LESS
                                                   8 = SMOKE OR HAZE
[NO. OF DAYS WITH]      [WEATHER - DAYS WITH]      9 = BLOWING SNOW
                                                   X = TORNADO
MAX 32 OR BELOW:   0    0.01 INCH OR MORE:   7
MAX 90 OR ABOVE:   0    0.10 INCH OR MORE:   6
MIN 32 OR BELOW:   0    0.50 INCH OR MORE:   0
MIN  0 OR BELOW:   0    1.00 INCH OR MORE:   0

[HDD (BASE 65) ]
TOTAL THIS MO.   100    CLEAR  (SCALE 0-3)  12
DPTR FM NORMAL   -83    PTCLDY (SCALE 4-7)  12
TOTAL FM JUL 1   154    CLOUDY (SCALE 8-10)  1
DPTR FM NORMAL  -137

[CDD (BASE 65) ]
TOTAL THIS MO.    28
DPTR FM NORMAL    12    [PRESSURE DATA]
TOTAL FM JAN 1   300    HIGHEST SLP M ON M
DPTR FM NORMAL    40    LOWEST  SLP 29.74 ON 11

[REMARKS]
