000
CXUS53 KMPX 291000
CF6MPX
PRELIMINARY LOCAL CLIMATOLOGICAL DATA (WS FORM: F-6)

                                          STATION:   CHANHASSEN MN
                                          MONTH:     JULY
                                          YEAR:      2016
                                          LATITUDE:   44 50 N
                                          LONGITUDE:  93 34 W

  TEMPERATURE IN F:       :PCPN:    SNOW:  WIND      :SUNSHINE: SKY     :PK WND
================================================================================
1   2   3   4   5  6A  6B    7    8   9   10  11  12  13   14  15   16   17  18
                                     12Z  AVG MX 2MIN
DY MAX MIN AVG DEP HDD CDD  WTR  SNW DPTH SPD SPD DIR MIN PSBL S-S WX    SPD DR
================================================================================

 1  73  51  62  -9   3   0 0.00  0.0    0   M   M   M   M    M   M         M  M
 2  79  53  66  -6   0   1 0.00  0.0    0   M   M   M   M    M   M         M  M
 3  78  56  67  -5   0   2 0.00  0.0    0   M   M   M   M    M   M         M  M
 4  79  56  68  -4   0   3 0.00  0.0    0   M   M   M   M    M   M         M  M
 5  87  64  76   4   0  11 1.20  0.0    0   M   M   M   M    M   M         M  M
 6  84  61  73   1   0   8 0.00  0.0    0   M   M   M   M    M   M         M  M
 7  80  67  74   2   0   9 0.10  0.0    0   M   M   M   M    M   M         M  M
 8  78  64  71  -1   0   6 0.00  0.0    0   M   M   M   M    M   M         M  M
 9  80  59  70  -2   0   5 0.00  0.0    0   M   M   M   M    M   M         M  M
10  80  63  72   0   0   7 0.84  0.0    0   M   M   M   M    M   M         M  M
11  86  70  78   6   0  13 0.10  0.0    0   M   M   M   M    M   M         M  M
12  84  68  76   4   0  11 0.01  0.0    0   M   M   M   M    M   M         M  M
13  81  67  74   2   0   9 0.00  0.0    0   M   M   M   M    M   M         M  M
14  69  60  65  -7   0   0 0.25  0.0    0   M   M   M   M    M   M         M  M
15  76  59  68  -4   0   3 0.09  0.0    0   M   M   M   M    M   M         M  M
16  77  55  66  -6   0   1 0.21  0.0    0   M   M   M   M    M   M         M  M
17  80  63  72   0   0   7 0.12  0.0    0   M   M   M   M    M   M         M  M
18  83  61  72   0   0   7 0.00  0.0    0   M   M   M   M    M   M         M  M
19  84  63  74   2   0   9 0.00  0.0    0   M   M   M   M    M   M         M  M
20  89  69  79   7   0  14 0.00  0.0    0   M   M   M   M    M   M         M  M
21  91  68  80   8   0  15 0.15  0.0    0   M   M   M   M    M   M         M  M
22  94  69  82  10   0  17 0.00  0.0    0   M   M   M   M    M   M         M  M
23  78  69  74   2   0   9 1.97  0.0    0   M   M   M   M    M   M         M  M
24  81  69  75   3   0  10 0.02  0.0    0   M   M   M   M    M   M         M  M
25  84  62  73   1   0   8 0.00  0.0    0   M   M   M   M    M   M         M  M
26  87  66  77   5   0  12 0.00  0.0    0   M   M   M   M    M   M         M  M
27  79  66  73   1   0   8 0.26  0.0    0   M   M   M   M    M   M         M  M
28  76  63  70  -2   0   5 0.00  0.0    0   M   M   M   M    M   M         M  M
================================================================================
SM 2277 1761         3 210  5.32     0.0     M          M        M
================================================================================
AV 81.3 62.9                                 M FASTST   M    M   3    MAX(MPH)
                                 MISC ---->     M   M                  M    M
================================================================================
NOTES:
# LAST OF SEVERAL OCCURRENCES

COLUMN 17 PEAK WIND IN M.P.H.

PRELIMINARY LOCAL CLIMATOLOGICAL DATA (WS FORM: F-6) , PAGE 2

                                          STATION:  CHANHASSEN MN
                                          MONTH:    JULY
                                          YEAR:     2016
                                          LATITUDE:   44 50 N
                                          LONGITUDE:  93 34 W

[TEMPERATURE DATA]      [PRECIPITATION DATA]       SYMBOLS USED IN COLUMN 16

AVERAGE MONTHLY: 72.1   TOTAL FOR MONTH:   5.32    1 = FOG OR MIST
DPTR FM NORMAL:   0.1   DPTR FM NORMAL:    2.08    2 = FOG REDUCING VISIBILITY
HIGHEST:    94 ON 22    GRTST 24HR  1.97 ON 23-23      TO 1/4 MILE OR LESS
LOWEST:     51 ON  1                               3 = THUNDER
                        SNOW, ICE PELLETS, HAIL    4 = ICE PELLETS
                        TOTAL MONTH:   0.0 INCH    5 = HAIL
                        GRTST 24HR     0.0         6 = FREEZING RAIN OR DRIZZLE
                        GRTST DEPTH:   0           7 = DUSTSTORM OR SANDSTORM:
                                                       VSBY 1/2 MILE OR LESS
                                                   8 = SMOKE OR HAZE
[NO. OF DAYS WITH]      [WEATHER - DAYS WITH]      9 = BLOWING SNOW
                                                   X = TORNADO
MAX 32 OR BELOW:   0    0.01 INCH OR MORE:  13
MAX 90 OR ABOVE:   2    0.10 INCH OR MORE:  10
MIN 32 OR BELOW:   0    0.50 INCH OR MORE:   3
MIN  0 OR BELOW:   0    1.00 INCH OR MORE:   2

[HDD (BASE 65) ]
TOTAL THIS MO.     3    CLEAR  (SCALE 0-3)   0
DPTR FM NORMAL     3    PTCLDY (SCALE 4-7)   0
TOTAL FM JUL 1     3    CLOUDY (SCALE 8-10)  0
DPTR FM NORMAL     3

[CDD (BASE 65) ]
TOTAL THIS MO.   210
DPTR FM NORMAL    10    [PRESSURE DATA]
TOTAL FM JAN 1   391    HIGHEST SLP M ON M
DPTR FM NORMAL    31    LOWEST  SLP M ON M

[REMARKS]
