000
CXUS53 KMPX 231000
CF6MPX
PRELIMINARY LOCAL CLIMATOLOGICAL DATA (WS FORM: F-6)

                                          STATION:   CHANHASSEN MN
                                          MONTH:     APRIL
                                          YEAR:      2014
                                          LATITUDE:   44 50 N
                                          LONGITUDE:  93 34 W

  TEMPERATURE IN F:       :PCPN:    SNOW:  WIND      :SUNSHINE: SKY     :PK WND
================================================================================
1   2   3   4   5  6A  6B    7    8   9   10  11  12  13   14  15   16   17  18
                                     12Z  AVG MX 2MIN
DY MAX MIN AVG DEP HDD CDD  WTR  SNW DPTH SPD SPD DIR MIN PSBL S-S WX    SPD DR
================================================================================

 1  35  18  27 -12  38   0 0.01  0.2    0   M   M   M   M    M   M         M  M
 2  43  19  31  -9  34   0 0.00  0.0    0   M   M   M   M    M   M         M  M
 3  38  27  33  -7  32   0 0.66  7.1    0   M   M   M   M    M   M         M  M
 4  41  24  33  -8  32   0 0.10  1.4    7   M   M   M   M    M   M         M  M
 5  48  18  33  -8  32   0 0.00  0.0    3   M   M   M   M    M   M         M  M
 6  60  40  50   8  15   0 0.00  0.0    T   M   M   M   M    M   M         M  M
 7  58  34  46   4  19   0 0.00  0.0    0   M   M   M   M    M   M         M  M
 8  51  33  42  -1  23   0 0.00  0.0    0   M   M   M   M    M   M         M  M
 9  70  29  50   6  15   0    T  0.0    0   M   M   M   M    M   M         M  M
10  60  36  48   4  17   0    T  0.0    0   M   M   M   M    M   M         M  M
11  62  36  49   5  16   0    T  0.0    0   M   M   M   M    M   M         M  M
12  58  43  51   6  14   0 0.07  0.0    0   M   M   M   M    M   M         M  M
13  45  31  38  -8  27   0 0.00  0.0    0   M   M   M   M    M   M         M  M
14  37  23  30 -16  35   0 0.00  0.0    0   M   M   M   M    M   M         M  M
15  37  17  27 -19  38   0    T    T    0   M   M   M   M    M   M         M  M
16  37  27  32 -15  33   0 0.60  2.1    0   M   M   M   M    M   M         M  M
17  41  26  34 -13  31   0    T    T    2   M   M   M   M    M   M         M  M
18  50  23  37 -11  28   0 0.00  0.0    0   M   M   M   M    M   M         M  M
19  67  43  55   7  10   0 0.16  0.0    0   M   M   M   M    M   M         M  M
20  74  45  60  11   5   0 0.07  0.0    0   M   M   M   M    M   M         M  M
21  65  41  53   4  12   0 0.19  0.0    0   M   M   M   M    M   M         M  M
22  57  37  47  -3  18   0 0.00  0.0    0   M   M   M   M    M   M         M  M
================================================================================
SM 1134  670       524   0  1.86    10.8     M          M        M
================================================================================
AV 51.5 30.5                                 M FASTST   M    M   4    MAX(MPH)
                                 MISC ---->     M   M                  M    M
================================================================================
NOTES:
# LAST OF SEVERAL OCCURRENCES

COLUMN 17 PEAK WIND IN M.P.H.

PRELIMINARY LOCAL CLIMATOLOGICAL DATA (WS FORM: F-6) , PAGE 2

                                          STATION:  CHANHASSEN MN
                                          MONTH:    APRIL
                                          YEAR:     2014
                                          LATITUDE:   44 50 N
                                          LONGITUDE:  93 34 W

[TEMPERATURE DATA]      [PRECIPITATION DATA]       SYMBOLS USED IN COLUMN 16

AVERAGE MONTHLY: 41.0   TOTAL FOR MONTH:   1.86    1 = FOG OR MIST
DPTR FM NORMAL:  -3.6   DPTR FM NORMAL:   -0.25    2 = FOG REDUCING VISIBILITY
HIGHEST:    74 ON 20    GRTST 24HR  0.66 ON  3- 3      TO 1/4 MILE OR LESS
LOWEST:     17 ON 15                               3 = THUNDER
                        SNOW, ICE PELLETS, HAIL    4 = ICE PELLETS
                        TOTAL MONTH:  10.8 INCHES  5 = HAIL
                        GRTST 24HR   7.1 ON   M    6 = FREEZING RAIN OR DRIZZLE
                        GRTST DEPTH:   7 ON  4     7 = DUSTSTORM OR SANDSTORM:
                                                       VSBY 1/2 MILE OR LESS
                                                   8 = SMOKE OR HAZE
[NO. OF DAYS WITH]      [WEATHER - DAYS WITH]      9 = BLOWING SNOW
                                                   X = TORNADO
MAX 32 OR BELOW:   0    0.01 INCH OR MORE:   8
MAX 90 OR ABOVE:   0    0.10 INCH OR MORE:   5
MIN 32 OR BELOW:  12    0.50 INCH OR MORE:   2
MIN  0 OR BELOW:   0    1.00 INCH OR MORE:   0

[HDD (BASE 65) ]
TOTAL THIS MO.   524    CLEAR  (SCALE 0-3)   0
DPTR FM NORMAL    73    PTCLDY (SCALE 4-7)   0
TOTAL FM JUL 1  8675    CLOUDY (SCALE 8-10)  0
DPTR FM NORMAL  1163

[CDD (BASE 65) ]
TOTAL THIS MO.     0
DPTR FM NORMAL     0    [PRESSURE DATA]
TOTAL FM JAN 1     0    HIGHEST SLP M ON M
DPTR FM NORMAL     0    LOWEST  SLP M ON M

[REMARKS]
