000
CXUS53 KMKX 260900
CF6MSN
PRELIMINARY LOCAL CLIMATOLOGICAL DATA (WS FORM: F-6)

                                          STATION:   MADISON WI
                                          MONTH:     SEPTEMBER
                                          YEAR:      2016
                                          LATITUDE:   43  7 N
                                          LONGITUDE:  89 20 W

  TEMPERATURE IN F:       :PCPN:    SNOW:  WIND      :SUNSHINE: SKY     :PK WND
================================================================================
1   2   3   4   5  6A  6B    7    8   9   10  11  12  13   14  15   16   17  18
                                     12Z  AVG MX 2MIN
DY MAX MIN AVG DEP HDD CDD  WTR  SNW DPTH SPD SPD DIR MIN PSBL S-S WX    SPD DR
================================================================================

 1  73  54  64  -2   1   0 0.00  0.0    0  7.4 18  20   M    M   5        27 210
 2  75  50  63  -3   2   0 0.00  0.0    0  5.5 14  90   M    M   2        17  90
 3  76  50  63  -3   2   0 0.00  0.0    0  4.0 13 140   M    M   5        16 130
 4  78  58  68   2   0   3 0.00  0.0    0  9.1 18 160   M    M   7        23 170
 5  86  65  76  11   0  11 0.00  0.0    0 11.0 23 190   M    M   3        29 190
 6  88  70  79  14   0  14 1.42  0.0    0  6.8 24 350   M    M   6 13     34 360
 7  74  69  72   7   0   7 1.59  0.0    0  6.2 24 350   M    M   9 13     31  10
 8  82  60  71   7   0   6    T  0.0    0  3.7 12 310   M    M   6        18 260
 9  76  56  66   2   0   1 0.01  0.0    0  5.3 17 300   M    M   6 1      28 290
10  72  55  64   0   1   0 0.06  0.0    0  6.5 20 350   M    M   7 1      27 340
11  75  49  62  -1   3   0 0.00  0.0    0  6.1 14 190   M    M   2        19 200
12  78  56  67   4   0   2 0.00  0.0    0 11.2 24 180   M    M   3        29 170
13  70  59  65   3   0   0 0.76  0.0    0  5.0 14 300   M    M   9 13     22 300
14  75  56  66   4   0   1    T  0.0    0  4.1  9 120   M    M   6        17 330
15  77  53  65   4   0   0 0.00  0.0    0  8.5 17 140   M    M   4 1      24 240
16  78  63  71  10   0   6 0.57  0.0    0  6.9 21 170   M    M   7 13     24 170
17  75  57  66   6   0   1 0.00  0.0    0  4.7 14 240   M    M   3        20 260
18  78  53  66   6   0   1 0.00  0.0    0  3.9 10 200   M    M   3 1      16 190
19  82  58  70  10   0   5 0.91  0.0    0  6.1 16 360   M    M   5 123    23 290
20  84  55  70  11   0   5 0.00  0.0    0  3.7 14 160   M    M   5 12     18 190
21  73  61  67   8   0   2 2.58  0.0    0  7.2 29 180   M    M   8 123    35 170
22  75  63  69  11   0   4    T  0.0    0  3.5 18 100   M    M   7 12     21 100
23  70  62  66   8   0   1    T  0.0    0  8.0 17 100   M    M  10 1      29 340
24  71  61  66   9   0   1 0.07  0.0    0  8.7 16 130   M    M   7 1      22 110
25  79  60  70  13   0   5 0.25  0.0    0  7.8 18 170   M    M   6 13     24 170
================================================================================
SM 1920 1453         9  76  8.22     0.0 160.9          M      141
================================================================================
AV 76.8 58.1                               6.4 FASTST   M    M   6    MAX(MPH)
                                 MISC ---->  # 29 180               # 35  170
================================================================================
NOTES:
# LAST OF SEVERAL OCCURRENCES

COLUMN 17 PEAK WIND IN M.P.H.

PRELIMINARY LOCAL CLIMATOLOGICAL DATA (WS FORM: F-6) , PAGE 2

                                          STATION:  MADISON WI
                                          MONTH:    SEPTEMBER
                                          YEAR:     2016
                                          LATITUDE:   43  7 N
                                          LONGITUDE:  89 20 W

[TEMPERATURE DATA]      [PRECIPITATION DATA]       SYMBOLS USED IN COLUMN 16

AVERAGE MONTHLY: 67.5   TOTAL FOR MONTH:   8.22    1 = FOG OR MIST
DPTR FM NORMAL:   5.4   DPTR FM NORMAL:    5.54    2 = FOG REDUCING VISIBILITY
HIGHEST:    88 ON  6    GRTST 24HR  2.93 ON  6- 7      TO 1/4 MILE OR LESS
LOWEST:     49 ON 11                               3 = THUNDER
                        SNOW, ICE PELLETS, HAIL    4 = ICE PELLETS
                        TOTAL MONTH:   0.0 INCH    5 = HAIL
                        GRTST 24HR     0.0         6 = FREEZING RAIN OR DRIZZLE
                        GRTST DEPTH:   0           7 = DUSTSTORM OR SANDSTORM:
                                                       VSBY 1/2 MILE OR LESS
                                                   8 = SMOKE OR HAZE
[NO. OF DAYS WITH]      [WEATHER - DAYS WITH]      9 = BLOWING SNOW
                                                   X = TORNADO
MAX 32 OR BELOW:   0    0.01 INCH OR MORE:  10
MAX 90 OR ABOVE:   0    0.10 INCH OR MORE:   7
MIN 32 OR BELOW:   0    0.50 INCH OR MORE:   6
MIN  0 OR BELOW:   0    1.00 INCH OR MORE:   3

[HDD (BASE 65) ]
TOTAL THIS MO.     9    CLEAR  (SCALE 0-3)   5
DPTR FM NORMAL  -114    PTCLDY (SCALE 4-7)  16
TOTAL FM JUL 1    16    CLOUDY (SCALE 8-10)  4
DPTR FM NORMAL  -144

[CDD (BASE 65) ]
TOTAL THIS MO.    76
DPTR FM NORMAL    27    [PRESSURE DATA]
TOTAL FM JAN 1   771    HIGHEST SLP M ON M
DPTR FM NORMAL   209    LOWEST  SLP 29.79 ON  8

[REMARKS]
