000
CXUS53 KMKX 250900
CF6MSN
PRELIMINARY LOCAL CLIMATOLOGICAL DATA (WS FORM: F-6)

                                          STATION:   MADISON WI
                                          MONTH:     MAY
                                          YEAR:      2015
                                          LATITUDE:   43  7 N
                                          LONGITUDE:  89 20 W

  TEMPERATURE IN F:       :PCPN:    SNOW:  WIND      :SUNSHINE: SKY     :PK WND
================================================================================
1   2   3   4   5  6A  6B    7    8   9   10  11  12  13   14  15   16   17  18
                                     12Z  AVG MX 2MIN
DY MAX MIN AVG DEP HDD CDD  WTR  SNW DPTH SPD SPD DIR MIN PSBL S-S WX    SPD DR
================================================================================

 1  69  35  52   0  13   0 0.00  0.0    0  2.8 10 200   M    M   6        18 280
 2  76  51  64  11   1   0 0.00  0.0    0  5.3 15 220   M    M   7        23 220
 3  76  58  67  14   0   2 0.20  0.0    0 10.7 23 320   M    M   8 13     32 320
 4  75  56  66  12   0   1 0.19  0.0    0  7.5 15 120   M    M   7 13     20  40
 5  58  49  54   0  11   0 0.38  0.0    0  9.3 15  90   M    M  10 1      21  90
 6  77  49  63   9   2   0 0.09  0.0    0  9.0 16 130   M    M   8 18     22 120
 7  82  60  71  17   0   6 0.00  0.0    0 13.2 28 180   M    M   5 18     35 180
 8  74  61  68  13   0   3 0.00  0.0    0  5.6 13 240   M    M   8 8      17 310
 9  69  53  61   6   4   0 0.00  0.0    0  8.7 17 100   M    M   9        20  90
10  59  48  54  -1  11   0 0.01  0.0    0 11.2 20  60   M    M  10 1      23  50
11  66  48  57   1   8   0 0.05  0.0    0 10.3 18 250   M    M   9 1      30 250
12  52  37  45 -11  20   0 0.00  0.0    0  9.1 21 320   M    M   8        28 290
13  62  33  48  -8  17   0 0.00  0.0    0  7.2 16 100   M    M   3        22 130
14  66  40  53  -4  12   0 0.12  0.0    0 12.7 22 160   M    M   8 1      27 160
15  75  54  65   8   0   0 0.03  0.0    0  4.0 10 290   M    M   9 18     15 150
16  80  60  70  13   0   5    T  0.0    0  8.1 17 170   M    M   7        25 150
17  80  67  74  16   0   9 1.57  0.0    0 14.1 29 160   M    M   8 18     36 160
18  70  46  58   0   7   0 0.00  0.0    0 10.7 18 290   M    M   4        30 280
19  57  41  49  -9  16   0 0.01  0.0    0  9.1 17 350   M    M   7 1      23 300
20  52  40  46 -12  19   0 0.00  0.0    0  3.7 10 120   M    M   8        12 110
21  72  41  57  -2   8   0 0.00  0.0    0  6.1 15 270   M    M   4        21 270
22  73  40  57  -2   8   0 0.00  0.0    0  4.3 14 140   M    M   3 8      17 130
23  78  45  62   3   3   0 0.00  0.0    0  5.1 15 170   M    M   4        22 180
24  63  52  58  -2   7   0 0.69  0.0    0  6.3 18 110   M    M   9 1      23 110
================================================================================
SM 1661 1164       167  26  3.34     0.0 194.1          M      169
================================================================================
AV 69.2 48.5                               8.1 FASTST   M    M   7    MAX(MPH)
                                 MISC ---->  # 29 160               # 36  160
================================================================================
NOTES:
# LAST OF SEVERAL OCCURRENCES

COLUMN 17 PEAK WIND IN M.P.H.

PRELIMINARY LOCAL CLIMATOLOGICAL DATA (WS FORM: F-6) , PAGE 2

                                          STATION:  MADISON WI
                                          MONTH:    MAY
                                          YEAR:     2015
                                          LATITUDE:   43  7 N
                                          LONGITUDE:  89 20 W

[TEMPERATURE DATA]      [PRECIPITATION DATA]       SYMBOLS USED IN COLUMN 16

AVERAGE MONTHLY: 58.9   TOTAL FOR MONTH:   3.34    1 = FOG OR MIST
DPTR FM NORMAL:   2.7   DPTR FM NORMAL:    0.68    2 = FOG REDUCING VISIBILITY
HIGHEST:    82 ON  7    GRTST 24HR  1.57 ON 16-17      TO 1/4 MILE OR LESS
LOWEST:     33 ON 13                               3 = THUNDER
                        SNOW, ICE PELLETS, HAIL    4 = ICE PELLETS
                        TOTAL MONTH:   0.0 INCH    5 = HAIL
                        GRTST 24HR     0.0         6 = FREEZING RAIN OR DRIZZLE
                        GRTST DEPTH:   0           7 = DUSTSTORM OR SANDSTORM:
                                                       VSBY 1/2 MILE OR LESS
                                                   8 = SMOKE OR HAZE
[NO. OF DAYS WITH]      [WEATHER - DAYS WITH]      9 = BLOWING SNOW
                                                   X = TORNADO
MAX 32 OR BELOW:   0    0.01 INCH OR MORE:  11
MAX 90 OR ABOVE:   0    0.10 INCH OR MORE:   6
MIN 32 OR BELOW:   0    0.50 INCH OR MORE:   2
MIN  0 OR BELOW:   0    1.00 INCH OR MORE:   1

[HDD (BASE 65) ]
TOTAL THIS MO.   167    CLEAR  (SCALE 0-3)   2
DPTR FM NORMAL   -61    PTCLDY (SCALE 4-7)  15
TOTAL FM JUL 1  7307    CLOUDY (SCALE 8-10)  7
DPTR FM NORMAL    72

[CDD (BASE 65) ]
TOTAL THIS MO.    26
DPTR FM NORMAL    12    [PRESSURE DATA]
TOTAL FM JAN 1    26    HIGHEST SLP M ON M
DPTR FM NORMAL     8    LOWEST  SLP 29.68 ON 17

[REMARKS]
