000
CXUS53 KMKX 270900
CF6MSN
PRELIMINARY LOCAL CLIMATOLOGICAL DATA (WS FORM: F-6)

                                          STATION:   MADISON WI
                                          MONTH:     MARCH
                                          YEAR:      2015
                                          LATITUDE:   43  7 N
                                          LONGITUDE:  89 20 W

  TEMPERATURE IN F:       :PCPN:    SNOW:  WIND      :SUNSHINE: SKY     :PK WND
================================================================================
1   2   3   4   5  6A  6B    7    8   9   10  11  12  13   14  15   16   17  18
                                     12Z  AVG MX 2MIN
DY MAX MIN AVG DEP HDD CDD  WTR  SNW DPTH SPD SPD DIR MIN PSBL S-S WX    SPD DR
================================================================================

 1  28  14  21  -7  44   0    T    T    6  5.8 14 230   M    M   7 18     22 220
 2  28   4  16 -12  49   0 0.00  0.0    6  5.5 14 190   M    M   5        16 190
 3  32  23  28  -1  37   0 0.11  0.8    6  9.1 18 150   M    M  10 168    24 290
 4  25   4  15 -14  50   0 0.00  0.0    6  9.8 20 310   M    M   3        29 330
 5  16  -5   6 -24  59   0 0.00  0.0    6  5.8 14 320   M    M   0        18 320
 6  29   1  15 -15  50   0 0.00  0.0    6  7.8 18 190   M    M   3        25 190
 7  45  17  31   1  34   0 0.00  0.0    6  5.7 18 310   M    M   3        25 280
 8  46  29  38   7  27   0 0.00  0.0    5  4.4 13 230   M    M   3        22 300
 9  52  25  39   8  26   0 0.00  0.0    3  5.4 14 200   M    M   1        19 230
10  56  29  43  11  22   0 0.00  0.0    1  5.9 17  70   M    M   4 128    33 210
11  58  28  43  11  22   0 0.00  0.0    0  2.6  9 320   M    M   1 12     13  10
12  56  29  43  11  22   0 0.00  0.0    0 10.4 22 170   M    M   5        27 170
13  68  32  50  17  15   0 0.00  0.0    0  6.2 20  60   M    M   5 18     30 210
14  60  31  46  13  19   0 0.00  0.0    0  8.4 20 320   M    M   2         M  M
15  61  26  44  10  21   0 0.00  0.0    0  6.9 20 200   M    M   5        28 180
16  74  39  57  23   8   0 0.00  0.0    0  7.7 21 350   M    M   7        29 340
17  45  24  35   1  30   0 0.00  0.0    0 11.1 25  10   M    M   3        33  10
18  50  24  37   2  28   0 0.00  0.0    0  2.1  9 240   M    M   7        13 260
19  47  35  41   6  24   0 0.00  0.0    0  7.1 17 170   M    M   9        22 150
20  58  37  48  12  17   0 0.00  0.0    0  5.8 14 220   M    M   7        31 210
21  50  30  40   4  25   0 0.00  0.0    0  7.7 16 340   M    M   4        20 320
22  37  26  32  -4  33   0    T    T    0  9.1 16 110   M    M   8 168    21 110
23  36  20  28  -9  37   0 0.20  3.0    2  9.5 18  80   M    M   7 1      23  80
24  41  16  29  -8  36   0 0.17    T    0  9.5 21 110   M    M   6 146    25 110
25  46  32  39   1  26   0 0.20  0.4    T  7.3 17 310   M    M   9 16     25 320
26  37  25  31  -7  34   0 0.00  0.0    0 10.2 18 310   M    M   9        25 220
================================================================================
SM 1181  595       795   0  0.68     4.2 186.8          M      133
================================================================================
AV 45.4 22.9                               7.2 FASTST   M    M   5    MAX(MPH)
                                 MISC ---->  # 25  10               # 33  210
================================================================================
NOTES:
# LAST OF SEVERAL OCCURRENCES

COLUMN 17 PEAK WIND IN M.P.H.

PRELIMINARY LOCAL CLIMATOLOGICAL DATA (WS FORM: F-6) , PAGE 2

                                          STATION:  MADISON WI
                                          MONTH:    MARCH
                                          YEAR:     2015
                                          LATITUDE:   43  7 N
                                          LONGITUDE:  89 20 W

[TEMPERATURE DATA]      [PRECIPITATION DATA]       SYMBOLS USED IN COLUMN 16

AVERAGE MONTHLY: 34.2   TOTAL FOR MONTH:   0.68    1 = FOG OR MIST
DPTR FM NORMAL:   1.2   DPTR FM NORMAL:   -1.07    2 = FOG REDUCING VISIBILITY
HIGHEST:    74 ON 16    GRTST 24HR  0.20 ON 25-25      TO 1/4 MILE OR LESS
LOWEST:     -5 ON  5                               3 = THUNDER
                        SNOW, ICE PELLETS, HAIL    4 = ICE PELLETS
                        TOTAL MONTH:   4.2 INCHES  5 = HAIL
                        GRTST 24HR   3.0 ON 23-23  6 = FREEZING RAIN OR DRIZZLE
                        GRTST DEPTH:   6 ON  7, 6  7 = DUSTSTORM OR SANDSTORM:
                                                       VSBY 1/2 MILE OR LESS
                                                   8 = SMOKE OR HAZE
[NO. OF DAYS WITH]      [WEATHER - DAYS WITH]      9 = BLOWING SNOW
                                                   X = TORNADO
MAX 32 OR BELOW:   6    0.01 INCH OR MORE:   4
MAX 90 OR ABOVE:   0    0.10 INCH OR MORE:   4
MIN 32 OR BELOW:  23    0.50 INCH OR MORE:   0
MIN  0 OR BELOW:   1    1.00 INCH OR MORE:   0

[HDD (BASE 65) ]
TOTAL THIS MO.   795    CLEAR  (SCALE 0-3)   8
DPTR FM NORMAL   -38    PTCLDY (SCALE 4-7)  13
TOTAL FM JUL 1  6506    CLOUDY (SCALE 8-10)  5
DPTR FM NORMAL   187

[CDD (BASE 65) ]
TOTAL THIS MO.     0
DPTR FM NORMAL     0    [PRESSURE DATA]
TOTAL FM JAN 1     0    HIGHEST SLP M ON M
DPTR FM NORMAL     0    LOWEST  SLP 29.63 ON  3

[REMARKS]
