000
CXUS55 KLIX 211000
CF6MSY
PRELIMINARY LOCAL CLIMATOLOGICAL DATA (WS FORM: F-6)

                                          STATION:   NEW ORLEANS
                                          MONTH:     JANUARY
                                          YEAR:      2017
                                          LATITUDE:   29 58 N
                                          LONGITUDE:  90 15 W

  TEMPERATURE IN F:       :PCPN:    SNOW:  WIND      :SUNSHINE: SKY     :PK WND
================================================================================
1   2   3   4   5  6A  6B    7    8   9   10  11  12  13   14  15   16   17  18
                                     12Z  AVG MX 2MIN
DY MAX MIN AVG DEP HDD CDD  WTR  SNW DPTH SPD SPD DIR MIN PSBL S-S WX    SPD DR
================================================================================

 1  76  63  70  16   0   5 2.13  0.0    0  7.8 21 210   M    M  10 1238   26 220
 2  78  61  70  16   0   5 0.42  0.0    0  9.9 28 190   M    M   8 13     37 200
 3  74  58  66  13   0   1 0.00  0.0    0  4.4 14 260   M    M   7 128    18 250
 4  62  48  55   2  10   0 0.00  0.0    0  9.1 17 340   M    M   6        22 340
 5  66  46  56   3   9   0 0.17    M    0  5.2 16 350   M    M   7 1      21 350
 6  54  33  44  -9  21   0 0.58    M    0 14.1 25 340   M    M  10 13     34 350
 7  39  27  33 -20  32   0 0.00  0.0    0 15.2 25 340   M    M   3        35 350
 8  46  29  38 -15  27   0 0.00  0.0    0  6.5 14  30   M    M   0        20  40
 9  63  33  48  -5  17   0 0.00  0.0    0 10.4 17 140   M    M   5        22 150
10  73  52  63  10   2   0 0.00  0.0    0  9.9 23 190   M    M   5        30 170
11  72  56  64  11   1   0 0.20  0.0    0  8.1 20 220   M    M   7 1      26 220
12  76  60  68  15   0   3 0.00  0.0    0  9.2 22 150   M    M   5 1      26 150
13  77  60  69  16   0   4 0.00  0.0    0  7.6 16 110   M    M   8 12     19 140
14  73  57  65  12   0   0 0.00  0.0    0  4.1 10  80   M    M   8 12     13  50
15  73  57  65  12   0   0 0.00  0.0    0  8.3 17 110   M    M   8 12     20 130
16  78  62  70  17   0   5 0.00  0.0    0 10.5 23 150   M    M   7 1      30 160
17  79  64  72  19   0   7 0.00  0.0    0  8.1 15 160   M    M   8 12     20 170
18  78  67  73  20   0   8    T  0.0    0  8.4 16 170   M    M   9 12     21 180
19  76  62  69  16   0   4 0.23  0.0    0  9.6 22 190   M    M   9 1      29 190
20  80  62  71  18   0   6 0.00  0.0    0  6.9 13 170   M    M   7 1      18 170
================================================================================
SM 1393 1057       119  48  3.73     0.0 173.3          M      137
================================================================================
AV 69.7 52.9                               8.7 FASTST   M    M   7    MAX(MPH)
                                 MISC ---->  # 28 190               # 37  200
================================================================================
NOTES:
# LAST OF SEVERAL OCCURRENCES

COLUMN 17 PEAK WIND IN M.P.H.

PRELIMINARY LOCAL CLIMATOLOGICAL DATA (WS FORM: F-6) , PAGE 2

                                          STATION:  NEW ORLEANS
                                          MONTH:    JANUARY
                                          YEAR:     2017
                                          LATITUDE:   29 58 N
                                          LONGITUDE:  90 15 W

[TEMPERATURE DATA]      [PRECIPITATION DATA]       SYMBOLS USED IN COLUMN 16

AVERAGE MONTHLY: 61.2   TOTAL FOR MONTH:   3.73    1 = FOG OR MIST
DPTR FM NORMAL:   8.2   DPTR FM NORMAL:    0.45    2 = FOG REDUCING VISIBILITY
HIGHEST:    80 ON 20    GRTST 24HR  3.73 ON 31- 1      TO 1/4 MILE OR LESS
LOWEST:     27 ON  7                               3 = THUNDER
                        SNOW, ICE PELLETS, HAIL    4 = ICE PELLETS
                        TOTAL MONTH:   0.0 INCH    5 = HAIL
                        GRTST 24HR     0.0         6 = FREEZING RAIN OR DRIZZLE
                        GRTST DEPTH:   0           7 = DUSTSTORM OR SANDSTORM:
                                                       VSBY 1/2 MILE OR LESS
                                                   8 = SMOKE OR HAZE
[NO. OF DAYS WITH]      [WEATHER - DAYS WITH]      9 = BLOWING SNOW
                                                   X = TORNADO
MAX 32 OR BELOW:   0    0.01 INCH OR MORE:   6
MAX 90 OR ABOVE:   0    0.10 INCH OR MORE:   6
MIN 32 OR BELOW:   2    0.50 INCH OR MORE:   2
MIN  0 OR BELOW:   0    1.00 INCH OR MORE:   1

[HDD (BASE 65) ]
TOTAL THIS MO.   119    CLEAR  (SCALE 0-3)   2
DPTR FM NORMAL  -121    PTCLDY (SCALE 4-7)  14
TOTAL FM JUL 1   409    CLOUDY (SCALE 8-10)  4
DPTR FM NORMAL  -312

[CDD (BASE 65) ]
TOTAL THIS MO.    48
DPTR FM NORMAL    36    [PRESSURE DATA]
TOTAL FM JAN 1    48    HIGHEST SLP M ON M
DPTR FM NORMAL    36    LOWEST  SLP 29.71 ON 20

[REMARKS]
