730
CXUS55 KLIX 281000
CF6MSY
PRELIMINARY LOCAL CLIMATOLOGICAL DATA (WS FORM: F-6)

                                          STATION:   NEW ORLEANS
                                          MONTH:     APRIL
                                          YEAR:      2017
                                          LATITUDE:   29 58 N
                                          LONGITUDE:  90 15 W

  TEMPERATURE IN F:       :PCPN:    SNOW:  WIND      :SUNSHINE: SKY     :PK WND
================================================================================
1   2   3   4   5  6A  6B    7    8   9   10  11  12  13   14  15   16   17  18
                                     12Z  AVG MX 2MIN
DY MAX MIN AVG DEP HDD CDD  WTR  SNW DPTH SPD SPD DIR MIN PSBL S-S WX    SPD DR
================================================================================

 1  82  59  71   5   0   6 0.00  0.0    0  8.9 21 120   M    M   3        28 100
 2  80  67  74   8   0   9 0.03  0.0    0 16.4 28 160   M    M   8 13     37 170
 3  81  62  72   6   0   7 1.82  0.0    0  8.5 28 160   M    M   1 13     35 170
 4  85  58  72   6   0   7 0.00  0.0    0  7.4 18 150   M    M   4 1      23 140
 5  86  63  75   8   0  10 0.01  0.0    0 14.0 25 320   M    M   5 1      36 310
 6  72  52  62  -5   3   0 0.00  0.0    0  9.8 18 320   M    M   1        25 310
 7  73  50  62  -5   3   0 0.00  0.0    0  6.4 15  50   M    M   2        20  20
 8  77  52  65  -2   0   0 0.00  0.0    0  4.5 12 150   M    M   2        15 150
 9  75  52  64  -3   1   0 0.00  0.0    0  8.4 18 180   M    M   1        26 240
10  79  59  69   1   0   4 0.00  0.0    0  9.2 18 150   M    M   6        25 130
11  82  64  73   5   0   8 0.00  0.0    0  8.5 16  60   M    M   7 8      20  50
12  82  62  72   4   0   7 0.00  0.0    0  4.6 16 150   M    M   6 1      20 130
13  83  60  72   4   0   7 0.00  0.0    0  5.6 14 130   M    M   6 1      20  50
14  81  63  72   3   0   7 0.00  0.0    0 11.7 24 120   M    M   6 8      29 120
15  81  66  74   5   0   9 0.00  0.0    0 11.3 21 150   M    M   6        26 140
16  81  69  75   6   0  10 0.17  0.0    0  8.5 24 120   M    M   8 138    30 130
17  79  66  73   4   0   8 0.27  0.0    0  4.8 18 190   M    M   7 13     23 190
18  83  64  74   4   0   9 0.00  0.0    0  7.1 17 140   M    M   6 1      23 140
19  84  65  75   5   0  10 0.20  0.0    0  8.1 18 140   M    M   5 1      23 130
20  82  67  75   5   0  10 0.00  0.0    0  7.7 16 170   M    M   3 1      20 190
21  83  67  75   5   0  10 0.00  0.0    0  6.7 16 180   M    M   3        20 190
22  85  65  75   4   0  10 0.05  0.0    0  6.9 16 330   M    M   5 13     21 340
23  69  54  62  -9   3   0    T  0.0    0 11.1 20 340   M    M   8        26 340
24  77  52  65  -6   0   0 0.00  0.0    0  8.3 18 320   M    M   2        24 330
25  79  56  68  -4   0   3 0.00  0.0    0  7.9 18 160   M    M   2 1      23 150
26  82  63  73   1   0   8    T  0.0    0 12.8 25 140   M    M   7        32 150
27  82  66  74   2   0   9 0.01  0.0    0  7.4 16 310   M    M   3 8      22 310
================================================================================
SM 2165 1643        10 168  2.56     0.0 232.5          M      123
================================================================================
AV 80.2 60.9                               8.6 FASTST   M    M   5    MAX(MPH)
                                 MISC ---->  # 28 160               # 37  170
================================================================================
NOTES:
# LAST OF SEVERAL OCCURRENCES

COLUMN 17 PEAK WIND IN M.P.H.

PRELIMINARY LOCAL CLIMATOLOGICAL DATA (WS FORM: F-6) , PAGE 2

                                          STATION:  NEW ORLEANS
                                          MONTH:    APRIL
                                          YEAR:     2017
                                          LATITUDE:   29 58 N
                                          LONGITUDE:  90 15 W

[TEMPERATURE DATA]      [PRECIPITATION DATA]       SYMBOLS USED IN COLUMN 16

AVERAGE MONTHLY: 70.5   TOTAL FOR MONTH:   2.56    1 = FOG OR MIST
DPTR FM NORMAL:   1.8   DPTR FM NORMAL:   -1.57    2 = FOG REDUCING VISIBILITY
HIGHEST:    86 ON  5    GRTST 24HR  1.82 ON  3- 3      TO 1/4 MILE OR LESS
LOWEST:     50 ON  7                               3 = THUNDER
                        SNOW, ICE PELLETS, HAIL    4 = ICE PELLETS
                        TOTAL MONTH:   0.0 INCH    5 = HAIL
                        GRTST 24HR     0.0         6 = FREEZING RAIN OR DRIZZLE
                        GRTST DEPTH:   0           7 = DUSTSTORM OR SANDSTORM:
                                                       VSBY 1/2 MILE OR LESS
                                                   8 = SMOKE OR HAZE
[NO. OF DAYS WITH]      [WEATHER - DAYS WITH]      9 = BLOWING SNOW
                                                   X = TORNADO
MAX 32 OR BELOW:   0    0.01 INCH OR MORE:   8
MAX 90 OR ABOVE:   0    0.10 INCH OR MORE:   4
MIN 32 OR BELOW:   0    0.50 INCH OR MORE:   1
MIN  0 OR BELOW:   0    1.00 INCH OR MORE:   1

[HDD (BASE 65) ]
TOTAL THIS MO.    10    CLEAR  (SCALE 0-3)  11
DPTR FM NORMAL   -22    PTCLDY (SCALE 4-7)  16
TOTAL FM JUL 1   630    CLOUDY (SCALE 8-10)  0
DPTR FM NORMAL  -647

[CDD (BASE 65) ]
TOTAL THIS MO.   168
DPTR FM NORMAL    34    [PRESSURE DATA]
TOTAL FM JAN 1   427    HIGHEST SLP M ON M
DPTR FM NORMAL   193    LOWEST  SLP 29.55 ON 26

[REMARKS]
