000
CXUS52 KKEY 160600
CF6MTH
PRELIMINARY LOCAL CLIMATOLOGICAL DATA (WS FORM: F-6)
STATION: MARATHON
MONTH: APRIL
YEAR: 2024
LATITUDE: 24 43 N
LONGITUDE: 81 5 W
TEMPERATURE IN F: :PCPN: SNOW: WIND :SUNSHINE: SKY :PK WND
================================================================================
1 2 3 4 5 6A 6B 7 8 9 10 11 12 13 14 15 16 17 18
12Z AVG MX 2MIN
DY MAX MIN AVG DEP HDD CDD WTR SNW DPTH SPD SPD DIR MIN PSBL S-S WX SPD DR
================================================================================
1 81 74 78 2 0 13 0.00 0.0 0 8.5 13 110 M M 0 19 120
2 82 76 79 3 0 14 0.00 0.0 0 9.2 14 160 M M 2 20 170
3 83 78 81 4 0 16 0.00 0.0 0 9.2 15 200 M M 1 25 200
4 80 73 77 0 0 12 0.17 0.0 0 8.7 16 330 M M 8 13 26 340
5 77 71 74 -3 0 9 0.00 0.0 0 8.3 13 330 M M 1 22 320
6 80 71 76 -1 0 11 0.00 0.0 0 7.3 14 310 M M 0 21 310
7 79 67 73 -4 0 8 0.00 0.0 0 6.8 17 80 M M 0 25 90
8 81 71 76 -1 0 11 0.00 0.0 0 14.7 23 80 M M 3 31 70
9 81 74 78 0 0 13 0.00 0.0 0 15.0 20 100 M M 4 28 100
10 82 76 79 1 0 14 0.00 0.0 0 13.6 18 100 M M 1 30 140
11 82 78 80 2 0 15 0.00 0.0 0 8.9 17 150 M M 2 27 140
12 79 74 77 -1 0 12 0.00 0.0 0 8.3 15 330 M M 5 25 340
13 79 69 74 -4 0 9 0.00 0.0 0 12.0 17 80 M M 0 36 360
14 80 71 76 -2 0 11 0.00 0.0 0 12.0 21 70 M M 5 31 100
15 80 70 75 -3 0 10 0.00 0.0 0 10.8 18 80 M M 2 26 50
================================================================================
SM 1206 1093 0 178 0.17 0.0 153.3 M 34
================================================================================
AV 80.4 72.9 10.2 FASTST M M 2 MAX(MPH)
MISC ----> 23 80 36 360
================================================================================
NOTES:
# LAST OF SEVERAL OCCURRENCES
COLUMN 17 PEAK WIND IN M.P.H.
PRELIMINARY LOCAL CLIMATOLOGICAL DATA (WS FORM: F-6) , PAGE 2
STATION: MARATHON
MONTH: APRIL
YEAR: 2024
LATITUDE: 24 43 N
LONGITUDE: 81 5 W
[TEMPERATURE DATA] [PRECIPITATION DATA] SYMBOLS USED IN COLUMN 16
AVERAGE MONTHLY: 76.6 TOTAL FOR MONTH: 0.17 1 = FOG OR MIST
DPTR FM NORMAL: -0.7 DPTR FM NORMAL: -0.71 2 = FOG REDUCING VISIBILITY
HIGHEST: 83 ON 3 GRTST 24HR 0.17 ON 4- 4 TO 1/4 MILE OR LESS
LOWEST: 67 ON 7 3 = THUNDER
SNOW, ICE PELLETS, HAIL 4 = ICE PELLETS
TOTAL MONTH: 0.0 INCH 5 = HAIL
GRTST 24HR 0.0 6 = FREEZING RAIN OR DRIZZLE
GRTST DEPTH: 0 7 = DUSTSTORM OR SANDSTORM:
VSBY 1/2 MILE OR LESS
8 = SMOKE OR HAZE
[NO. OF DAYS WITH] [WEATHER - DAYS WITH] 9 = BLOWING SNOW
X = TORNADO
MAX 32 OR BELOW: 0 0.01 INCH OR MORE: 1
MAX 90 OR ABOVE: 0 0.10 INCH OR MORE: 1
MIN 32 OR BELOW: 0 0.50 INCH OR MORE: 0
MIN 0 OR BELOW: 0 1.00 INCH OR MORE: 0
[HDD (BASE 65) ]
TOTAL THIS MO. 0 CLEAR (SCALE 0-3) 11
DPTR FM NORMAL 0 PTCLDY (SCALE 4-7) 4
TOTAL FM JUL 1 8 CLOUDY (SCALE 8-10) 0
DPTR FM NORMAL -63
[CDD (BASE 65) ]
TOTAL THIS MO. 178
DPTR FM NORMAL -7 [PRESSURE DATA]
TOTAL FM JAN 1 972 HIGHEST SLP M ON M
DPTR FM NORMAL 79 LOWEST SLP 29.75 ON 3
[REMARKS]