000
CXUS52 KKEY 300553
CF6MTH
PRELIMINARY LOCAL CLIMATOLOGICAL DATA (WS FORM: F-6)

                                          STATION:   MARATHON
                                          MONTH:     JUNE
                                          YEAR:      2015
                                          LATITUDE:   24 43 N
                                          LONGITUDE:  81  5 W

  TEMPERATURE IN F:       :PCPN:    SNOW:  WIND      :SUNSHINE: SKY     :PK WND
================================================================================
1   2   3   4   5  6A  6B    7    8   9   10  11  12  13   14  15   16   17  18
                                     12Z  AVG MX 2MIN
DY MAX MIN AVG DEP HDD CDD  WTR  SNW DPTH SPD SPD DIR MIN PSBL S-S WX    SPD DR
================================================================================

 1  90  80  85   1   0  20 0.00  0.0    0  6.3 10 130   M    M   1        15 130
 2  84  71  78  -6   0  13 1.04  0.0    0  4.9 20  30   M    M   5 1      30 150
 3  81  75  78  -6   0  13 0.80  0.0    0  3.9 13 330   M    M   6 18     20 320
 4  88  78  83  -1   0  18 0.00  0.0    0  4.8  9 130   M    M   2        14 120
 5  86  76  81  -3   0  16 0.22  0.0    0  7.0 16  60   M    M   4 3      22 150
 6  88  75  82  -2   0  17 0.00  0.0    0  5.8 18  60   M    M   2        24 160
 7  88  75  82  -3   0  17 0.00  0.0    0  5.3 10  90   M    M   1        17 110
 8  88  79  84  -1   0  19 0.00  0.0    0  6.5 14 130   M    M   4 3      25 120
 9  89  78  84  -1   0  19 0.00  0.0    0  5.3 15 200   M    M   1 3      22 200
10  89  79  84  -1   0  19 0.00  0.0    0  7.5 23 160   M    M   1        35 170
11  89  78  84  -1   0  19    T  0.0    0  8.6 14 120   M    M   1        21 320
12  90  77  84  -1   0  19 0.27  0.0    0 10.5 18  90   M    M   2 13     28 110
13  88  79  84  -1   0  19 0.02  0.0    0 10.6 16  90   M    M   2 138    26 110
14  88  78  83  -2   0  18 0.12  0.0    0  9.2 20  90   M    M   2 138    28 100
15  88  80  84  -1   0  19    T  0.0    0  7.8 15  80   M    M   2 3      21  80
16  90  81  86   1   0  21 0.00  0.0    0  7.2 14  80   M    M   1        18  80
17  91  82  87   2   0  22 0.00  0.0    0  7.5 12 110   M    M   1        17  90
18  92  82  87   2   0  22    T  0.0    0  7.3 12 100   M    M   2        18 100
19  91  82  87   2   0  22 0.00  0.0    0  5.7 10 120   M    M   2        16 120
20  91  81  86   1   0  21 0.00  0.0    0  5.3 12  90   M    M   1        19 100
21  91  79  85   0   0  20 0.04  0.0    0  5.5 16  50   M    M   3        19  50
22  93  82  88   3   0  23 0.00  0.0    0  6.6 12 100   M    M   1        17 110
23  92  81  87   2   0  22 0.00  0.0    0  7.5 13  90   M    M   2        20 130
24  92  82  87   2   0  22 0.00  0.0    0  7.4 13  80   M    M   2        18  80
25  90  83  87   2   0  22    T  0.0    0  5.2  9 100   M    M   1        13 110
26  92  82  87   2   0  22 0.00  0.0    0  4.0  7 160   M    M   2        11 130
27  93  81  87   2   0  22 0.00  0.0    0  4.3  8 200   M    M   1 3      14 150
28  93  81  87   2   0  22 0.00  0.0    0  4.4  8 190   M    M   2        12 140
29  93  82  88   3   0  23 0.00  0.0    0  4.4  9 160   M    M   0        14 350
================================================================================
SM 2598 2299         0 571  2.51     0.0 186.3          M       57
================================================================================
AV 89.6 79.3                               6.4 FASTST   M    M   2    MAX(MPH)
                                 MISC ---->  # 23 160               # 35  170
================================================================================
NOTES:
# LAST OF SEVERAL OCCURRENCES

COLUMN 17 PEAK WIND IN M.P.H.

PRELIMINARY LOCAL CLIMATOLOGICAL DATA (WS FORM: F-6) , PAGE 2

                                          STATION:  MARATHON
                                          MONTH:    JUNE
                                          YEAR:     2015
                                          LATITUDE:   24 43 N
                                          LONGITUDE:  81  5 W

[TEMPERATURE DATA]      [PRECIPITATION DATA]       SYMBOLS USED IN COLUMN 16

AVERAGE MONTHLY: 84.4   TOTAL FOR MONTH:   2.51    1 = FOG OR MIST
DPTR FM NORMAL:  -0.4   DPTR FM NORMAL:   -2.90    2 = FOG REDUCING VISIBILITY
HIGHEST:    93 ON 29,28 GRTST 24HR  1.62 ON  2- 3      TO 1/4 MILE OR LESS
LOWEST:     71 ON  2                               3 = THUNDER
                        SNOW, ICE PELLETS, HAIL    4 = ICE PELLETS
                        TOTAL MONTH:   0.0 INCH    5 = HAIL
                        GRTST 24HR     0.0         6 = FREEZING RAIN OR DRIZZLE
                        GRTST DEPTH:   0           7 = DUSTSTORM OR SANDSTORM:
                                                       VSBY 1/2 MILE OR LESS
                                                   8 = SMOKE OR HAZE
[NO. OF DAYS WITH]      [WEATHER - DAYS WITH]      9 = BLOWING SNOW
                                                   X = TORNADO
MAX 32 OR BELOW:   0    0.01 INCH OR MORE:   7
MAX 90 OR ABOVE:  16    0.10 INCH OR MORE:   5
MIN 32 OR BELOW:   0    0.50 INCH OR MORE:   2
MIN  0 OR BELOW:   0    1.00 INCH OR MORE:   1

[HDD (BASE 65) ]
TOTAL THIS MO.     0    CLEAR  (SCALE 0-3)  25
DPTR FM NORMAL     0    PTCLDY (SCALE 4-7)   4
TOTAL FM JUL 1    50    CLOUDY (SCALE 8-10)  0
DPTR FM NORMAL   -31

[CDD (BASE 65) ]
TOTAL THIS MO.   571
DPTR FM NORMAL    -4    [PRESSURE DATA]
TOTAL FM JAN 1  2427    HIGHEST SLP M ON M
DPTR FM NORMAL   309    LOWEST  SLP 29.89 ON  6

[REMARKS]
