000
CXUS55 KGJT 271000
CF6MTJ
PRELIMINARY LOCAL CLIMATOLOGICAL DATA (WS FORM: F-6)

                                          STATION:   MONTROSE CO
                                          MONTH:     NOVEMBER
                                          YEAR:      2014
                                          LATITUDE:   38 30 N
                                          LONGITUDE: 107 53 W

  TEMPERATURE IN F:       :PCPN:    SNOW:  WIND      :SUNSHINE: SKY     :PK WND
================================================================================
1   2   3   4   5  6A  6B    7    8   9   10  11  12  13   14  15   16   17  18
                                     12Z  AVG MX 2MIN
DY MAX MIN AVG DEP HDD CDD  WTR  SNW DPTH SPD SPD DIR MIN PSBL S-S WX    SPD DR
================================================================================

 1  75  46  61  17   4   0 0.00    M    M 10.0 28 230   M    M   2 8      35 210
 2  57  41  49   6  16   0 0.09    M    M 11.6 28 230   M    M   6        35 240
 3  45  32  39  -4  26   0    T    M    M  7.0 33 210   M    M   7        42 210
 4  51  27  39  -3  26   0 0.00    M    M  4.3 12 130   M    M   2        15 330
 5  56  25  41  -1  24   0 0.00    M    M  6.1 15 310   M    M   0        18 360
 6  62  28  45   3  20   0 0.00    M    M  6.2 12 160   M    M   0        14 140
 7  61  27  44   3  21   0 0.00    M    M  6.9 12 160   M    M   0        14 310
 8  62  27  45   4  20   0 0.00    M    M  6.3 13 150   M    M   0        13 140
 9  63  27  45   5  20   0 0.00    M    M  4.3 13 150   M    M   0        14 160
10  65  26  46   6  19   0 0.00    M    M 10.7 31 320   M    M   1 8      39 310
11  54  18  36  -3  29   0 0.00    M    M  4.8 13 140   M    M   0        13 150
12  38  20  29 -10  36   0 0.00    M    M  6.0 15  10   M    M   4        18 350
13  35  18  27 -11  38   0 0.00    M    M  2.6 18 140   M    M   8        20 140
14  44  25  35  -3  30   0 0.08    M    M  4.6 20 340   M    M   8 18     24 340
15  49  29  39   1  26   0    T    M    M  7.9 21 310   M    M   7 12     27 320
16  30  16  23 -14  42   0    T    M    M  8.2 21 290   M    M   3        26 280
17  38  11  25 -12  40   0 0.00    M    M  5.8 14 160   M    M   0        20  60
18  43  12  28  -8  37   0 0.00    M    M  4.7 14 150   M    M   0        16 160
19  47  16  32  -4  33   0 0.00    M    M  5.5  9 150   M    M   0 8      12  10
20  42  18  30  -5  35   0 0.00    M    M  4.9 10 140   M    M   5 8      11 160
21  52  18  35   0  30   0 0.00    M    M  6.3 14 140   M    M   0 8      15 140
22  54  20  37   3  28   0    T    M    M  5.9 18 340   M    M   4 8      27 280
23  39  19  29  -5  36   0 0.04    M    M 10.0 30 310   M    M   6 1      36 340
24  38  18  28  -6  37   0    T    M    M  8.0 26 330   M    M   5        37 310
25  36  16  26  -7  39   0 0.00    M    M  2.9 12 140   M    M   8        14 140
26  54  26  40   7  25   0 0.00    M    M  4.0  9 140   M    M   3        13  10
================================================================================
SM 1290  606       737   0  0.21    M    165.5          M       79
================================================================================
AV 49.6 23.3                               6.4 FASTST   M    M   3    MAX(MPH)
                                 MISC ---->  # 33 210               # 42  210
================================================================================
NOTES:
# LAST OF SEVERAL OCCURRENCES

COLUMN 17 PEAK WIND IN M.P.H.

PRELIMINARY LOCAL CLIMATOLOGICAL DATA (WS FORM: F-6) , PAGE 2

                                          STATION:  MONTROSE CO
                                          MONTH:    NOVEMBER
                                          YEAR:     2014
                                          LATITUDE:   38 30 N
                                          LONGITUDE: 107 53 W

[TEMPERATURE DATA]      [PRECIPITATION DATA]       SYMBOLS USED IN COLUMN 16

AVERAGE MONTHLY: 36.5   TOTAL FOR MONTH:   0.21    1 = FOG OR MIST
DPTR FM NORMAL:  -1.8   DPTR FM NORMAL:   -0.52    2 = FOG REDUCING VISIBILITY
HIGHEST:    75 ON  1    GRTST 24HR  0.09 ON  2- 2      TO 1/4 MILE OR LESS
LOWEST:     11 ON 17                               3 = THUNDER
                        SNOW, ICE PELLETS, HAIL    4 = ICE PELLETS
                        TOTAL MONTH:    M          5 = HAIL
                        GRTST 24HR    M  ON   M    6 = FREEZING RAIN OR DRIZZLE
                        GRTST DEPTH:  M  ON   M    7 = DUSTSTORM OR SANDSTORM:
                                                       VSBY 1/2 MILE OR LESS
                                                   8 = SMOKE OR HAZE
[NO. OF DAYS WITH]      [WEATHER - DAYS WITH]      9 = BLOWING SNOW
                                                   X = TORNADO
MAX 32 OR BELOW:   1    0.01 INCH OR MORE:   3
MAX 90 OR ABOVE:   0    0.10 INCH OR MORE:   0
MIN 32 OR BELOW:  24    0.50 INCH OR MORE:   0
MIN  0 OR BELOW:   0    1.00 INCH OR MORE:   0

[HDD (BASE 65) ]
TOTAL THIS MO.   737    CLEAR  (SCALE 0-3)  15
DPTR FM NORMAL    41    PTCLDY (SCALE 4-7)  11
TOTAL FM JUL 1  1159    CLOUDY (SCALE 8-10)  0
DPTR FM NORMAL  -128

[CDD (BASE 65) ]
TOTAL THIS MO.     0
DPTR FM NORMAL     0    [PRESSURE DATA]
TOTAL FM JAN 1   782    HIGHEST SLP M ON M
DPTR FM NORMAL   139    LOWEST  SLP 29.41 ON 10

[REMARKS]
