742
CXUS55 KBOI 231002
CF6MUO
PRELIMINARY LOCAL CLIMATOLOGICAL DATA (WS FORM: F-6)

                                          STATION:   MOUNTAIN HOME AFB
                                          MONTH:     JULY
                                          YEAR:      2017
                                          LATITUDE:   43  2 N
                                          LONGITUDE: 115 52 W

  TEMPERATURE IN F:       :PCPN:    SNOW:  WIND      :SUNSHINE: SKY     :PK WND
================================================================================
1   2   3   4   5  6A  6B    7    8   9   10  11  12  13   14  15   16   17  18
                                     12Z  AVG MX 2MIN
DY MAX MIN AVG DEP HDD CDD  WTR  SNW DPTH SPD SPD DIR MIN PSBL S-S WX    SPD DR
================================================================================

 1  95  54  75   3   0  10    T    M    M  6.8 14 110   M    M   1         M  M
 2  99  61  80   7   0  15 0.00    M    M  6.8 20 330   M    M   1 8       M  M
 3  98  61  80   7   0  15 0.00    M    M  7.3 18 320   M    M   0        37 340
 4 102  62  82   9   0  17    T    M    M  3.2  8 140   M    M   0         M  M
 5 102  65  84  11   0  19    T    M    M  7.4 14 320   M    M   1         M  M
 6 103  63  83   9   0  18 0.00    M    M  6.2 14 340   M    M   0        17 300
 7 104  66  85  11   0  20    T    M    M  6.1 17 340   M    M   1         M  M
 8 105  69  87  13   0  22    T    M    M  6.5 14  80   M    M   0 8      20 100
 9 102  74  88  13   0  23    T    M    M  7.7 15 150   M    M   0 3      33 160
10  99  70  85  10   0  20 0.00    M    M 10.3 18 350   M    M   0        30 110
11  93  64  79   4   0  14 0.00    M    M 13.5 22 310   M    M   0        28 340
12  98  58  78   3   0  13 0.00    M    M  5.2 13  10   M    M   0 8      16  10
13 103  64  84   8   0  19 0.00    M    M  6.0 10 110   M    M   1        18 110
14 103  68  86  10   0  21    T    M    M  6.3 10  90   M    M   1         M  M
15 102  71  87  11   0  22    T    M    M 12.3 21 350   M    M   0        33 310
16  93  70  82   6   0  17 0.00    M    M 14.1 20 330   M    M   1        24 320
17  95  62  79   2   0  14 0.00    M    M 10.5 20 350   M    M   1        24 360
18  98  57  78   1   0  13    T    M    M  4.6  9 280   M    M   0        16 360
19  99  59  79   2   0  14 0.00    M    M  6.0 10 310   M    M   0         M  M
20  93  56  75  -2   0  10 0.00    M    M 10.9 22 340   M    M   0        28 340
21  95  56  76  -1   0  11 0.00    M    M  9.4 21 340   M    M   0        32  10
22  96  63  80   3   0  15 0.00    M    M 11.2 17 310   M    M   0        24 290
================================================================================
SM 2177 1393         0 362    T     M    178.3          M        8
================================================================================
AV 99.0 63.3                               8.1 FASTST   M    M   0    MAX(MPH)
                                 MISC ---->  # 22 310               # 37  340
================================================================================
NOTES:
# LAST OF SEVERAL OCCURRENCES

COLUMN 17 PEAK WIND IN M.P.H.

PRELIMINARY LOCAL CLIMATOLOGICAL DATA (WS FORM: F-6) , PAGE 2

                                          STATION:  MOUNTAIN HOME AFB
                                          MONTH:    JULY
                                          YEAR:     2017
                                          LATITUDE:   43  2 N
                                          LONGITUDE: 115 52 W

[TEMPERATURE DATA]      [PRECIPITATION DATA]       SYMBOLS USED IN COLUMN 16

AVERAGE MONTHLY: 81.1   TOTAL FOR MONTH:      T    1 = FOG OR MIST
DPTR FM NORMAL:   6.1   DPTR FM NORMAL:   -0.16    2 = FOG REDUCING VISIBILITY
HIGHEST:   105 ON  8    GRTST 24HR    T  ON 18-18      TO 1/4 MILE OR LESS
LOWEST:     54 ON  1                               3 = THUNDER
                        SNOW, ICE PELLETS, HAIL    4 = ICE PELLETS
                        TOTAL MONTH:    M          5 = HAIL
                        GRTST 24HR    M  ON   M    6 = FREEZING RAIN OR DRIZZLE
                        GRTST DEPTH:  M  ON   M    7 = DUSTSTORM OR SANDSTORM:
                                                       VSBY 1/2 MILE OR LESS
                                                   8 = SMOKE OR HAZE
[NO. OF DAYS WITH]      [WEATHER - DAYS WITH]      9 = BLOWING SNOW
                                                   X = TORNADO
MAX 32 OR BELOW:   0    0.01 INCH OR MORE:   0
MAX 90 OR ABOVE:  22    0.10 INCH OR MORE:   0
MIN 32 OR BELOW:   0    0.50 INCH OR MORE:   0
MIN  0 OR BELOW:   0    1.00 INCH OR MORE:   0

[HDD (BASE 65) ]
TOTAL THIS MO.     0    CLEAR  (SCALE 0-3)  22
DPTR FM NORMAL    -6    PTCLDY (SCALE 4-7)   0
TOTAL FM JUL 1     0    CLOUDY (SCALE 8-10)  0
DPTR FM NORMAL    -6

[CDD (BASE 65) ]
TOTAL THIS MO.   362
DPTR FM NORMAL   137    [PRESSURE DATA]
TOTAL FM JAN 1   545    HIGHEST SLP M ON M
DPTR FM NORMAL   150    LOWEST  SLP M ON M

[REMARKS]
