000
CXUS56 KSGX 311445
CF6MYF
PRELIMINARY LOCAL CLIMATOLOGICAL DATA (WS FORM: F-6)

                                          STATION:   SAN DIEGO/MONTGOMERY FLD CA
                                          MONTH:     JULY
                                          YEAR:      2014
                                          LATITUDE:   32 49 N
                                          LONGITUDE: 117  9 W

  TEMPERATURE IN F:       :PCPN:    SNOW:  WIND      :SUNSHINE: SKY     :PK WND
================================================================================
1   2   3   4   5  6A  6B    7    8   9   10  11  12  13   14  15   16   17  18
                                     12Z  AVG MX 2MIN
DY MAX MIN AVG DEP HDD CDD  WTR  SNW DPTH SPD SPD DIR MIN PSBL S-S WX    SPD DR
================================================================================

 1  76  64  70   1   0   5 0.00  0.0    0  5.5 14 230   M    M   4 18     18 220
 2  79  65  72   2   0   7 0.00  0.0    0  4.3 12 290   M    M   4        16 250
 3  81  64  73   3   0   8 0.00  0.0    0  4.4 12 240   M    M   3 18     16 300
 4  81  66  74   4   0   9 0.00  0.0    0  4.0 10 210   M    M   1 18     15 200
 5  86  69  78   8   0  13 0.00  0.0    0  4.4 12 240   M    M   0 8      16 260
 6  87  68  78   8   0  13 0.00  0.0    0  5.1 14 280   M    M   0 1      17 280
 7  83  66  75   5   0  10 0.00  0.0    0  4.4 12 250   M    M   1 18     15 240
 8  80  66  73   3   0   8 0.00  0.0    0  4.7 10 240   M    M   3        14 240
 9  80  66  73   2   0   8 0.00  0.0    0  4.3 14 220   M    M   4        17 210
10  82  67  75   4   0  10 0.00  0.0    0  5.6 14 320   M    M   4        16 310
11  79  67  73   2   0   8 0.00  0.0    0  5.9 14 300   M    M   2        21 280
12  78  66  72   1   0   7 0.00  0.0    0  5.4 13 310   M    M   3        18 270
13  76  66  71   0   0   6 0.00  0.0    0  5.2 14 200   M    M   3        18 210
14  77  66  72   1   0   7    T  0.0    0  4.5 16 210   M    M   8 18     20 200
15  71  67  69  -2   0   4 0.00  0.0    0  4.5  9 230   M    M  10 18     14 280
16  78  67  73   2   0   8 0.00  0.0    0  6.1 15 250   M    M   4        18 300
17  78  67  73   1   0   8 0.00  0.0    0  6.6 15 300   M    M   4        22 270
18  78  64  71  -1   0   6 0.00  0.0    0  6.8 15 300   M    M   2        18 260
19  74  66  70  -2   0   5 0.00  0.0    0  5.8 14 240   M    M   7        16 310
20  78  68  73   1   0   8 0.00  0.0    0  5.8 15 290   M    M   7        20 280
21  81  67  74   2   0   9 0.00  0.0    0  7.9 15 310   M    M   5        21 290
22  80  67  74   2   0   9 0.00  0.0    0  7.6 14 320   M    M   4        20 290
23  86  65  76   4   0  11 0.00  0.0    0  6.3 14 280   M    M   0        17 300
24  88  66  77   5   0  12 0.00  0.0    0  4.8 12 290   M    M   1 18     15 280
25  81  68  75   3   0  10    T  0.0    0  4.2 12 190   M    M   4 138    16 190
26  82  66  74   2   0   9 0.00  0.0    0  3.6 13 250   M    M   2 18     20 250
27  87  68  78   6   0  13 0.05  0.0    0  3.4 13 300   M    M   3 138    15 300
28  90  69  80   8   0  15 0.02  0.0    0  5.3 14 320   M    M   1 1      16 290
29  91  70  81   9   0  16 0.00  0.0    0  5.4 14 300   M    M   0        17 310
30  86  68  77   5   0  12 0.00  0.0    0  4.4 13 220   M    M   0 8      15 250
================================================================================
SM 2434 1999         0 274  0.07     0.0 156.2          M       94
================================================================================
AV 81.1 66.6                               5.2 FASTST   M    M   3    MAX(MPH)
                                 MISC ---->  # 16 210               # 22  270
================================================================================
NOTES:
# LAST OF SEVERAL OCCURRENCES

COLUMN 17 PEAK WIND IN M.P.H.

PRELIMINARY LOCAL CLIMATOLOGICAL DATA (WS FORM: F-6) , PAGE 2

                                          STATION:  SAN DIEGO/MONTGOMERY FLD CA
                                          MONTH:    JULY
                                          YEAR:     2014
                                          LATITUDE:   32 49 N
                                          LONGITUDE: 117  9 W

[TEMPERATURE DATA]      [PRECIPITATION DATA]       SYMBOLS USED IN COLUMN 16

AVERAGE MONTHLY: 73.9   TOTAL FOR MONTH:   0.07    1 = FOG OR MIST
DPTR FM NORMAL:   2.7   DPTR FM NORMAL:    0.01    2 = FOG REDUCING VISIBILITY
HIGHEST:    91 ON 29    GRTST 24HR  0.05 ON 27-27      TO 1/4 MILE OR LESS
LOWEST:     64 ON 18, 3                            3 = THUNDER
                        SNOW, ICE PELLETS, HAIL    4 = ICE PELLETS
                        TOTAL MONTH:   0.0 INCH    5 = HAIL
                        GRTST 24HR     0.0         6 = FREEZING RAIN OR DRIZZLE
                        GRTST DEPTH:   0           7 = DUSTSTORM OR SANDSTORM:
                                                       VSBY 1/2 MILE OR LESS
                                                   8 = SMOKE OR HAZE
[NO. OF DAYS WITH]      [WEATHER - DAYS WITH]      9 = BLOWING SNOW
                                                   X = TORNADO
MAX 32 OR BELOW:   0    0.01 INCH OR MORE:   2
MAX 90 OR ABOVE:   2    0.10 INCH OR MORE:   0
MIN 32 OR BELOW:   0    0.50 INCH OR MORE:   0
MIN  0 OR BELOW:   0    1.00 INCH OR MORE:   0

[HDD (BASE 65) ]
TOTAL THIS MO.     0    CLEAR  (SCALE 0-3)  15
DPTR FM NORMAL     0    PTCLDY (SCALE 4-7)  13
TOTAL FM JUL 1     0    CLOUDY (SCALE 8-10)  2
DPTR FM NORMAL     0

[CDD (BASE 65) ]
TOTAL THIS MO.   274
DPTR FM NORMAL    88    [PRESSURE DATA]
TOTAL FM JAN 1   584    HIGHEST SLP M ON M
DPTR FM NORMAL   280    LOWEST  SLP 29.71 ON 24

[REMARKS]
