000
CXUS56 KSGX 231545
CF6MYF
PRELIMINARY LOCAL CLIMATOLOGICAL DATA (WS FORM: F-6)

                                          STATION:   SAN DIEGO/MONTGOMERY FLD CA
                                          MONTH:     FEBRUARY
                                          YEAR:      2017
                                          LATITUDE:   32 49 N
                                          LONGITUDE: 117  9 W

  TEMPERATURE IN F:       :PCPN:    SNOW:  WIND      :SUNSHINE: SKY     :PK WND
================================================================================
1   2   3   4   5  6A  6B    7    8   9   10  11  12  13   14  15   16   17  18
                                     12Z  AVG MX 2MIN
DY MAX MIN AVG DEP HDD CDD  WTR  SNW DPTH SPD SPD DIR MIN PSBL S-S WX    SPD DR
================================================================================

 1  69  40  55   0  10   0 0.00  0.0    0  2.7 10 250   M    M   0 1      14 210
 2  69  43  56   1   9   0 0.00  0.0    0  4.2 10 320   M    M   0 18     13 350
 3  67  49  58   3   7   0 0.00  0.0    0  3.1 13 240   M    M   6        15 240
 4  65  54  60   5   5   0 0.00  0.0    0  6.8 15 310   M    M   7 1      21 300
 5  61  52  57   2   8   0    T  0.0    0  4.0 14 280   M    M   9 18     17 240
 6  59  52  56   1   9   0 0.10  0.0    0  7.0 15 190   M    M  10 18     19 180
 7  65  58  62   6   3   0 0.26  0.0    0  7.9 16 270   M    M   9 1      21 270
 8  69  55  62   6   3   0 0.00  0.0    0  5.6 15 340   M    M   4 12     17 330
 9  77  54  66  10   0   1 0.00  0.0    0  5.2 14 320   M    M   5 128    19 310
10  71  55  63   7   2   0 0.00  0.0    0  5.6 15 300   M    M   8 128    18 290
11  61  52  57   1   8   0 0.04  0.0    0  5.5 13 300   M    M   7 12     15 310
12  65  48  57   1   8   0 0.00  0.0    0  4.9 15 320   M    M   2        18 330
13  71  47  59   3   6   0    T    M    0  3.8 13 230   M    M   1 1      16 240
14  67  54  61   5   4   0 0.00  0.0    0  4.3 10 240   M    M   4 18     14 230
15  76  49  63   7   2   0 0.00    M    0  4.9 13 310   M    M   4 128    16 280
16  71  49  60   4   5   0 0.00    M    0  3.2 14 310   M    M   1 18      M  M
17  62  51  57   1   8   0 1.09  0.0    0 12.9 32 160   M    M  10 18     43 140
18  60  51  56   0   9   0 0.28  0.0    0  7.4 15 280   M    M   9 1      19 290
19  59  51  55  -1  10   0 0.02  0.0    0  4.8 14 270   M    M   9 18     19 260
20  68  50  59   3   6   0    T  0.0    0  4.1 12 320   M    M   6        15 260
21  75  52  64   8   1   0    T  0.0    0  4.3 18 290   M    M   1        21 300
22  63  49  56  -1   9   0 0.00  0.0    0  7.3 16 300   M    M   6 1      20 300
================================================================================
SM 1470 1115       132   1  1.79     0.0 119.5          M      118
================================================================================
AV 66.8 50.7                               5.4 FASTST   M    M   5    MAX(MPH)
                                 MISC ---->  # 32 160               # 43  140
================================================================================
NOTES:
# LAST OF SEVERAL OCCURRENCES

COLUMN 17 PEAK WIND IN M.P.H.

PRELIMINARY LOCAL CLIMATOLOGICAL DATA (WS FORM: F-6) , PAGE 2

                                          STATION:  SAN DIEGO/MONTGOMERY FLD CA
                                          MONTH:    FEBRUARY
                                          YEAR:     2017
                                          LATITUDE:   32 49 N
                                          LONGITUDE: 117  9 W

[TEMPERATURE DATA]      [PRECIPITATION DATA]       SYMBOLS USED IN COLUMN 16

AVERAGE MONTHLY: 58.8   TOTAL FOR MONTH:   1.79    1 = FOG OR MIST
DPTR FM NORMAL:   3.0   DPTR FM NORMAL:    0.05    2 = FOG REDUCING VISIBILITY
HIGHEST:    77 ON  9    GRTST 24HR  1.17 ON 17-18      TO 1/4 MILE OR LESS
LOWEST:     40 ON  1                               3 = THUNDER
                        SNOW, ICE PELLETS, HAIL    4 = ICE PELLETS
                        TOTAL MONTH:   0.0 INCH    5 = HAIL
                        GRTST 24HR     0.0         6 = FREEZING RAIN OR DRIZZLE
                        GRTST DEPTH:   0           7 = DUSTSTORM OR SANDSTORM:
                                                       VSBY 1/2 MILE OR LESS
                                                   8 = SMOKE OR HAZE
[NO. OF DAYS WITH]      [WEATHER - DAYS WITH]      9 = BLOWING SNOW
                                                   X = TORNADO
MAX 32 OR BELOW:   0    0.01 INCH OR MORE:   6
MAX 90 OR ABOVE:   0    0.10 INCH OR MORE:   4
MIN 32 OR BELOW:   0    0.50 INCH OR MORE:   1
MIN  0 OR BELOW:   0    1.00 INCH OR MORE:   1

[HDD (BASE 65) ]
TOTAL THIS MO.   132    CLEAR  (SCALE 0-3)   6
DPTR FM NORMAL   -73    PTCLDY (SCALE 4-7)  10
TOTAL FM JUL 1   745    CLOUDY (SCALE 8-10)  6
DPTR FM NORMAL  -276

[CDD (BASE 65) ]
TOTAL THIS MO.     1
DPTR FM NORMAL     1    [PRESSURE DATA]
TOTAL FM JAN 1     1    HIGHEST SLP M ON M
DPTR FM NORMAL    -1    LOWEST  SLP 29.44 ON 17

[REMARKS]
