000
CXUS56 KSTO 271355
CF6MYV
PRELIMINARY LOCAL CLIMATOLOGICAL DATA (WS FORM: F-6)

                                          STATION:   MARYSVILLE AIRPORT CA
                                          MONTH:     AUGUST
                                          YEAR:      2016
                                          LATITUDE:   39  5 N
                                          LONGITUDE: 121 34 W

  TEMPERATURE IN F:       :PCPN:    SNOW:  WIND      :SUNSHINE: SKY     :PK WND
================================================================================
1   2   3   4   5  6A  6B    7    8   9   10  11  12  13   14  15   16   17  18
                                     12Z  AVG MX 2MIN
DY MAX MIN AVG DEP HDD CDD  WTR  SNW DPTH SPD SPD DIR MIN PSBL S-S WX    SPD DR
================================================================================

 1  95  58  77   0   0  12 0.00  0.0    0  7.1 15 140   M    M   0        18 140
 2  95  55  75  -2   0  10 0.00  0.0    0  4.3  9 170   M    M   0        12 220
 3 100  64  82   5   0  17 0.00  0.0    0  5.6 14 160   M    M   0        23 150
 4  91  57  74  -3   0   9 0.00  0.0    0  9.4 14 160   M    M   0        27 220
 5  87  55  71  -6   0   6 0.00  0.0    0  6.3 13 140   M    M   2        27 300
 6  91  58  75  -2   0  10 0.00  0.0    0  6.9 15 140   M    M   0        20 210
 7  92  57  75  -2   0  10 0.00  0.0    0  5.4 13 140   M    M   0        16 150
 8  95  58  77   0   0  12 0.00  0.0    0  6.3 14 140   M    M   0 8      19 330
 9  96  55  76  -1   0  11 0.00  0.0    0  4.2 10 260   M    M   0        13 270
10  94  63  79   3   0  14 0.00  0.0    0  4.6 10 220   M    M   0        14 250
11  96  59  78   2   0  13 0.00  0.0    0  5.8 14 150   M    M   0        18 140
12  99  61  80   4   0  15 0.00  0.0    0  3.5  9 170   M    M   0        12 320
13 102  62  82   6   0  17 0.00  0.0    0  4.3 10 140   M    M   1 8      12 140
14 103  61  82   6   0  17 0.00  0.0    0  5.2 13 210   M    M   0        16 200
15  97  61  79   3   0  14 0.00  0.0    0  5.4 10 190   M    M   0        16 150
16  98  61  80   4   0  15 0.00  0.0    0  5.5 12 170   M    M   0        16 160
17 100  63  82   6   0  17 0.00  0.0    0  7.3 16 180   M    M   0        20 180
18  99  62  81   5   0  16 0.00  0.0    0  5.3 13 200   M    M   0        19 150
19  95  66  81   5   0  16 0.00  0.0    0  7.6 13 180   M    M   0        23 170
20  95  61  78   2   0  13 0.00  0.0    0  6.2 16 160   M    M   0        23 150
21  92  60  76   0   0  11 0.00  0.0    0  7.7 16 160   M    M   0        20 170
22  92  60  76   0   0  11 0.00  0.0    0  6.5 17 160   M    M   0 8      22 160
23  90  58  74  -1   0   9 0.00  0.0    0  8.2 14 160   M    M   0        20 200
24  90  54  72  -3   0   7 0.00  0.0    0  4.1 10 140   M    M   0 8      18 130
25  92  55  74  -1   0   9 0.00  0.0    0  6.1 12 150   M    M   0        28 150
26  89  55  72  -3   0   7 0.00  0.0    0  7.8 15 140   M    M   0        18 140
================================================================================
SM 2465 1539         0 318  0.00     0.0 156.6          M        3
================================================================================
AV 94.8 59.2                               6.0 FASTST   M    M   0    MAX(MPH)
                                 MISC ---->  # 17 160               # 28  150
================================================================================
NOTES:
# LAST OF SEVERAL OCCURRENCES

COLUMN 17 PEAK WIND IN M.P.H.

PRELIMINARY LOCAL CLIMATOLOGICAL DATA (WS FORM: F-6) , PAGE 2

                                          STATION:  MARYSVILLE AIRPORT CA
                                          MONTH:    AUGUST
                                          YEAR:     2016
                                          LATITUDE:   39  5 N
                                          LONGITUDE: 121 34 W

[TEMPERATURE DATA]      [PRECIPITATION DATA]       SYMBOLS USED IN COLUMN 16

AVERAGE MONTHLY: 77.0   TOTAL FOR MONTH:   0.00    1 = FOG OR MIST
DPTR FM NORMAL:   0.8   DPTR FM NORMAL:   -0.10    2 = FOG REDUCING VISIBILITY
HIGHEST:   103 ON 14    GRTST 24HR  0.00 ON 26-26      TO 1/4 MILE OR LESS
LOWEST:     54 ON 24                               3 = THUNDER
                        SNOW, ICE PELLETS, HAIL    4 = ICE PELLETS
                        TOTAL MONTH:   0.0 INCH    5 = HAIL
                        GRTST 24HR     0.0         6 = FREEZING RAIN OR DRIZZLE
                        GRTST DEPTH:   0           7 = DUSTSTORM OR SANDSTORM:
                                                       VSBY 1/2 MILE OR LESS
                                                   8 = SMOKE OR HAZE
[NO. OF DAYS WITH]      [WEATHER - DAYS WITH]      9 = BLOWING SNOW
                                                   X = TORNADO
MAX 32 OR BELOW:   0    0.01 INCH OR MORE:   0
MAX 90 OR ABOVE:  24    0.10 INCH OR MORE:   0
MIN 32 OR BELOW:   0    0.50 INCH OR MORE:   0
MIN  0 OR BELOW:   0    1.00 INCH OR MORE:   0

[HDD (BASE 65) ]
TOTAL THIS MO.     0    CLEAR  (SCALE 0-3)  26
DPTR FM NORMAL     0    PTCLDY (SCALE 4-7)   0
TOTAL FM JUL 1     0    CLOUDY (SCALE 8-10)  0
DPTR FM NORMAL     0

[CDD (BASE 65) ]
TOTAL THIS MO.   318
DPTR FM NORMAL    27    [PRESSURE DATA]
TOTAL FM JAN 1  1266    HIGHEST SLP M ON M
DPTR FM NORMAL   208    LOWEST  SLP 29.71 ON 17

[REMARKS]
