000
CXUS56 KMTR 291000
CF6NUQ
PRELIMINARY LOCAL CLIMATOLOGICAL DATA (WS FORM: F-6)

                                          STATION:   MOFFETT FIELD
                                          MONTH:     JULY
                                          YEAR:      2015
                                          LATITUDE:   37 25 N
                                          LONGITUDE: 122  3 W

  TEMPERATURE IN F:       :PCPN:    SNOW:  WIND      :SUNSHINE: SKY     :PK WND
================================================================================
1   2   3   4   5  6A  6B    7    8   9   10  11  12  13   14  15   16   17  18
                                     12Z  AVG MX 2MIN
DY MAX MIN AVG DEP HDD CDD  WTR  SNW DPTH SPD SPD DIR MIN PSBL S-S WX    SPD DR
================================================================================

 1  82  63  73   5   0   8    T  0.0    0  4.9 16 350   M    M   0        21 320
 2  78  64  71   3   0   6    T  0.0    0  6.9 16 350   M    M   0        20 360
 3  78  62  70   2   0   5    T  0.0    0  8.2 21 350   M    M   3        25 340
 4  76  63  70   2   0   5 0.00  0.0    0  7.2 20 350   M    M   4        23 350
 5  78  61  70   2   0   5 0.00  0.0    0  9.2 22 360   M    M   3        25 360
 6  77  63  70   2   0   5 0.00  0.0    0  8.8 23 360   M    M   3        26 350
 7  78  60  69   1   0   4 0.00  0.0    0  8.3 25 350   M    M   3        29 350
 8  74  59  67  -1   0   2 0.00  0.0    0  7.3 22  10   M    M   4        26  10
 9  71  61  66  -2   0   1    T  0.0    0  5.5 16 350   M    M  10        20 280
10  73  62  68   0   0   3    T  0.0    0  6.5 20 350   M    M   5        23 360
11  77  57  67  -1   0   2 0.00  0.0    0  6.9 24 350   M    M   1        29 350
12  76  62  69   1   0   4 0.00  0.0    0  8.1 26 360   M    M   0        31 350
13  78  58  68   0   0   3 0.00  0.0    0  7.9 23 350   M    M   1        28 360
14  74  59  67  -1   0   2 0.00  0.0    0  7.8 22 350   M    M   1        26 350
15  81  59  70   2   0   5 0.00  0.0    0  6.3 16 350   M    M   1        21 340
16  81  59  70   2   0   5 0.00  0.0    0  7.2 18 340   M    M   1        25 350
17  79  62  71   3   0   6 0.00  0.0    0  6.9 16 350   M    M   3        21 350
18  79  61  70   2   0   5 0.00  0.0    0  8.5 22 350   M    M   3        26 360
19  89  65  77   9   0  12 0.00  0.0    0  5.6 18 350   M    M   3        21 350
20  86  65  76   8   0  11 0.00  0.0    0  9.4 23 350   M    M   0        28 350
21  75  63  69   1   0   4 0.00  0.0    0  8.5 21 350   M    M   3        26 360
22  74  60  67  -1   0   2 0.00  0.0    0  8.2 25 360   M    M   0        30 360
23  74  57  66  -2   0   1 0.00  0.0    0  7.6 20 350   M    M   2        24 350
24  75  56  66  -2   0   1 0.00  0.0    0  7.6 23 350   M    M   0        25 350
25  72  59  66  -2   0   1 0.00  0.0    0  8.2 23 350   M    M   1        31 340
26  79  59  69   1   0   4 0.00  0.0    0  6.9 22 360   M    M   2        26 350
27  85  59  72   4   0   7 0.00  0.0    0  6.9 23 350   M    M   0        26 350
28  92  60  76   8   0  11 0.00  0.0    0  3.8 17 350   M    M   0 1      22 350
================================================================================
SM 2191 1698         0 130    T      0.0 205.1          M       57
================================================================================
AV 78.2 60.6                               7.3 FASTST   M    M   2    MAX(MPH)
                                 MISC ---->  # 26 360               # 31  350
================================================================================
NOTES:
# LAST OF SEVERAL OCCURRENCES

COLUMN 17 PEAK WIND IN M.P.H.

PRELIMINARY LOCAL CLIMATOLOGICAL DATA (WS FORM: F-6) , PAGE 2

                                          STATION:  MOFFETT FIELD
                                          MONTH:    JULY
                                          YEAR:     2015
                                          LATITUDE:   37 25 N
                                          LONGITUDE: 122  3 W

[TEMPERATURE DATA]      [PRECIPITATION DATA]       SYMBOLS USED IN COLUMN 16

AVERAGE MONTHLY: 69.4   TOTAL FOR MONTH:      T    1 = FOG OR MIST
DPTR FM NORMAL:   1.4   DPTR FM NORMAL:   -0.02    2 = FOG REDUCING VISIBILITY
HIGHEST:    92 ON 28    GRTST 24HR    T  ON 10-10      TO 1/4 MILE OR LESS
LOWEST:     56 ON 24                               3 = THUNDER
                        SNOW, ICE PELLETS, HAIL    4 = ICE PELLETS
                        TOTAL MONTH:   0.0 INCH    5 = HAIL
                        GRTST 24HR     0.0         6 = FREEZING RAIN OR DRIZZLE
                        GRTST DEPTH:   0           7 = DUSTSTORM OR SANDSTORM:
                                                       VSBY 1/2 MILE OR LESS
                                                   8 = SMOKE OR HAZE
[NO. OF DAYS WITH]      [WEATHER - DAYS WITH]      9 = BLOWING SNOW
                                                   X = TORNADO
MAX 32 OR BELOW:   0    0.01 INCH OR MORE:   0
MAX 90 OR ABOVE:   1    0.10 INCH OR MORE:   0
MIN 32 OR BELOW:   0    0.50 INCH OR MORE:   0
MIN  0 OR BELOW:   0    1.00 INCH OR MORE:   0

[HDD (BASE 65) ]
TOTAL THIS MO.     0    CLEAR  (SCALE 0-3)  22
DPTR FM NORMAL     0    PTCLDY (SCALE 4-7)   5
TOTAL FM JUL 1     0    CLOUDY (SCALE 8-10)  1
DPTR FM NORMAL     0

[CDD (BASE 65) ]
TOTAL THIS MO.   130
DPTR FM NORMAL    42    [PRESSURE DATA]
TOTAL FM JAN 1   226    HIGHEST SLP M ON M
DPTR FM NORMAL    17    LOWEST  SLP 29.78 ON 17

[REMARKS]
