000
CXUS51 KOKX 010701
CF6NYC
PRELIMINARY LOCAL CLIMATOLOGICAL DATA (WS FORM: F-6)

                                          STATION:   CENTRAL PARK NY
                                          MONTH:     FEBRUARY
                                          YEAR:      2015
                                          LATITUDE:   40 46 N
                                          LONGITUDE:  73 58 W

  TEMPERATURE IN F:       :PCPN:    SNOW:  WIND      :SUNSHINE: SKY     :PK WND
================================================================================
1   2   3   4   5  6A  6B    7    8   9   10  11  12  13   14  15   16   17  18
                                     12Z  AVG MX 2MIN
DY MAX MIN AVG DEP HDD CDD  WTR  SNW DPTH SPD SPD DIR MIN PSBL S-S WX    SPD DR
================================================================================

 1  36  20  28  -5  37   0 0.03  0.3    6  3.7 12 250   M    M   7 18     17 260
 2  34  14  24  -9  41   0 1.02  3.3    7  9.8 22  70   M    M   9 1268   32 310
 3  26  13  20 -13  45   0 0.00  0.0    8  7.2 17 310   M    M   0        27 310
 4  43  24  34   0  31   0 0.00  0.0    8  4.2 13 260   M    M   6        19 250
 5  42  14  28  -6  37   0 0.00  0.0    8  8.4 20 360   M    M   5        30 310
 6  27  12  20 -14  45   0 0.00  0.0    8  7.2 17 270   M    M   1        26 240
 7  40  25  33  -1  32   0 0.02    T    8  3.9 12 260   M    M   8 8      18 250
 8  37  29  33  -1  32   0 0.00  0.0    8  8.6 18  70   M    M   9 18     26  60
 9  29  25  27  -7  38   0 0.09    T    8 11.0 20  60   M    M  10 8      29  50
10  40  26  33  -1  32   0 0.01  0.1    8 10.4 18  30   M    M   7 8      27  20
11  34  22  28  -6  37   0 0.00  0.0    8  6.5 18  50   M    M   0        26  60
12  40  16  28  -7  37   0    T    T    8  7.3 22 310   M    M   9 8      39 320
13  21   8  15 -20  50   0 0.00  0.0    8  9.1 22 310   M    M   0        37 300
14  32  16  24 -11  41   0 0.02  0.9    8  5.3 14  10   M    M   8 8      23 250
15  25   4  15 -20  50   0    T    T    9 14.6 23 300   M    M   5 8      42 310
16  21   3  12 -23  53   0 0.00  0.0    9  6.9 21 310   M    M   1        36 320
17  27  14  21 -15  44   0 0.14  3.3   12  4.7 12  50   M    M   6 8      16  30
18  33  19  26 -10  39   0    T    T    9  4.2 15 250   M    M   3 8      21 260
19  27   8  18 -18  47   0 0.00  0.0    9 11.4 20 280   M    M   4        31 280
20  19   2  11 -25  54   0 0.00  0.0    9 10.3 22 290   M    M   0        36 290
21  32  13  23 -13  42   0 0.61  3.0    9  4.4 14 200   M    M   5 168    23 180
22  43  32  38   2  27   0 0.10  1.0   13  2.9 12 290   M    M   5 168    17 280
23  38   8  23 -14  42   0 0.00  0.0   12 11.2 17 310   M    M   3        29 320
24  24   4  14 -23  51   0 0.00  0.0   12  5.8 14 170   M    M   1        23 180
25  37  20  29  -8  36   0 0.00  0.0   12  6.4 15 280   M    M   0        24 280
26  32  21  27 -10  38   0 0.00  0.0   11  7.1 15  50   M    M   6 8      20  50
27  30  18  24 -14  41   0 0.00  0.0   11  6.1 13 310   M    M   2        20 300
28  29  13  21 -17  44   0 0.00  0.0   11  3.6 12 350   M    M   0        18 350
================================================================================
SM  898  443      1143   0  2.04    11.9 202.2          M      120
================================================================================
AV 32.1 15.8                               7.2 FASTST   M    M   4    MAX(MPH)
                                 MISC ---->  # 23 300               # 42  310
================================================================================
NOTES:
# LAST OF SEVERAL OCCURRENCES

COLUMN 17 PEAK WIND IN M.P.H.

PRELIMINARY LOCAL CLIMATOLOGICAL DATA (WS FORM: F-6) , PAGE 2

                                          STATION:  CENTRAL PARK NY
                                          MONTH:    FEBRUARY
                                          YEAR:     2015
                                          LATITUDE:   40 46 N
                                          LONGITUDE:  73 58 W

[TEMPERATURE DATA]      [PRECIPITATION DATA]       SYMBOLS USED IN COLUMN 16

AVERAGE MONTHLY: 23.9   TOTAL FOR MONTH:   2.04    1 = FOG OR MIST
DPTR FM NORMAL: -11.4   DPTR FM NORMAL:   -1.05    2 = FOG REDUCING VISIBILITY
HIGHEST:    43 ON 22, 4 GRTST 24HR  1.05 ON  1- 2      TO 1/4 MILE OR LESS
LOWEST:      2 ON 20                               3 = THUNDER
                        SNOW, ICE PELLETS, HAIL    4 = ICE PELLETS
                        TOTAL MONTH:  11.9 INCHES  5 = HAIL
                        GRTST 24HR   3.3 ON   M    6 = FREEZING RAIN OR DRIZZLE
                        GRTST DEPTH:  13 ON 22     7 = DUSTSTORM OR SANDSTORM:
                                                       VSBY 1/2 MILE OR LESS
                                                   8 = SMOKE OR HAZE
[NO. OF DAYS WITH]      [WEATHER - DAYS WITH]      9 = BLOWING SNOW
                                                   X = TORNADO
MAX 32 OR BELOW:  15    0.01 INCH OR MORE:   9
MAX 90 OR ABOVE:   0    0.10 INCH OR MORE:   4
MIN 32 OR BELOW:  28    0.50 INCH OR MORE:   2
MIN  0 OR BELOW:   0    1.00 INCH OR MORE:   1

[HDD (BASE 65) ]
TOTAL THIS MO.  1143    CLEAR  (SCALE 0-3)  11
DPTR FM NORMAL   310    PTCLDY (SCALE 4-7)  13
TOTAL FM JUL 1  3759    CLOUDY (SCALE 8-10)  4
DPTR FM NORMAL   237

[CDD (BASE 65) ]
TOTAL THIS MO.     0
DPTR FM NORMAL     0    [PRESSURE DATA]
TOTAL FM JAN 1     0    HIGHEST SLP M ON M
DPTR FM NORMAL     0    LOWEST  SLP 29.38 ON  2

[REMARKS]
#FINAL-02-15#
