000
CXUS51 KOKX 170701
CF6NYC
PRELIMINARY LOCAL CLIMATOLOGICAL DATA (WS FORM: F-6)

                                          STATION:   CENTRAL PARK NY
                                          MONTH:     SEPTEMBER
                                          YEAR:      2014
                                          LATITUDE:   40 46 N
                                          LONGITUDE:  73 58 W

  TEMPERATURE IN F:       :PCPN:    SNOW:  WIND      :SUNSHINE: SKY     :PK WND
================================================================================
1   2   3   4   5  6A  6B    7    8   9   10  11  12  13   14  15   16   17  18
                                     12Z  AVG MX 2MIN
DY MAX MIN AVG DEP HDD CDD  WTR  SNW DPTH SPD SPD DIR MIN PSBL S-S WX    SPD DR
================================================================================

 1  88  75  82   9   0  17 0.00  0.0    0  3.0 10 250   M    M   5        15 250
 2  92  77  85  13   0  20 0.00  0.0    0  5.3 15 250   M    M   1        35 260
 3  86  72  79   7   0  14 0.00  0.0    0  3.4 13 290   M    M   0        21 280
 4  87  69  78   6   0  13 0.00  0.0    0  2.7 10 240   M    M   0        19 170
 5  87  72  80   8   0  15 0.00  0.0    0  3.0 10 240   M    M   4 18     17 200
 6  91  67  79   8   0  14 0.11  0.0    0  4.6 13 310   M    M   3 18     22 250
 7  81  65  73   2   0   8 0.00  0.0    0  4.7 12  50   M    M   2        17  50
 8  75  65  70  -1   0   5 0.00  0.0    0  7.7 14  70   M    M   1        21  60
 9  73  63  68  -2   0   3 0.00  0.0    0  7.9 15  70   M    M   8        23  50
10  80  63  72   2   0   7 0.00  0.0    0  5.8 14  70   M    M   5        18  60
11  83  69  76   6   0  11 0.00  0.0    0  4.7 12  20   M    M   7        21 340
12  78  62  70   0   0   5 0.00  0.0    0  5.1 12  50   M    M   2        18  40
13  69  58  64  -5   1   0 0.26  0.0    0  5.1 12 120   M    M   8 1      18  50
14  71  53  62  -7   3   0 0.00  0.0    0  3.2 10 360   M    M   1        17 330
15  71  55  63  -5   2   0 0.00  0.0    0  3.0  9  50   M    M   0        14  50
16  70  58  64  -4   1   0 0.37  0.0    0  2.2  9 310   M    M   7 18     16 290
================================================================================
SM 1282 1043         7 132  0.74     0.0  71.4          M       54
================================================================================
AV 80.1 65.2                               4.5 FASTST   M    M   3    MAX(MPH)
                                 MISC ---->  # 15 250               # 35  260
================================================================================
NOTES:
# LAST OF SEVERAL OCCURRENCES

COLUMN 17 PEAK WIND IN M.P.H.

PRELIMINARY LOCAL CLIMATOLOGICAL DATA (WS FORM: F-6) , PAGE 2

                                          STATION:  CENTRAL PARK NY
                                          MONTH:    SEPTEMBER
                                          YEAR:     2014
                                          LATITUDE:   40 46 N
                                          LONGITUDE:  73 58 W

[TEMPERATURE DATA]      [PRECIPITATION DATA]       SYMBOLS USED IN COLUMN 16

AVERAGE MONTHLY: 72.7   TOTAL FOR MONTH:   0.74    1 = FOG OR MIST
DPTR FM NORMAL:   2.2   DPTR FM NORMAL:   -1.43    2 = FOG REDUCING VISIBILITY
HIGHEST:    92 ON  2    GRTST 24HR  0.62 ON 31- 1      TO 1/4 MILE OR LESS
LOWEST:     53 ON 14                               3 = THUNDER
                        SNOW, ICE PELLETS, HAIL    4 = ICE PELLETS
                        TOTAL MONTH:   0.0 INCH    5 = HAIL
                        GRTST 24HR     0.0         6 = FREEZING RAIN OR DRIZZLE
                        GRTST DEPTH:   0           7 = DUSTSTORM OR SANDSTORM:
                                                       VSBY 1/2 MILE OR LESS
                                                   8 = SMOKE OR HAZE
[NO. OF DAYS WITH]      [WEATHER - DAYS WITH]      9 = BLOWING SNOW
                                                   X = TORNADO
MAX 32 OR BELOW:   0    0.01 INCH OR MORE:   3
MAX 90 OR ABOVE:   2    0.10 INCH OR MORE:   3
MIN 32 OR BELOW:   0    0.50 INCH OR MORE:   0
MIN  0 OR BELOW:   0    1.00 INCH OR MORE:   0

[HDD (BASE 65) ]
TOTAL THIS MO.     7    CLEAR  (SCALE 0-3)   9
DPTR FM NORMAL     0    PTCLDY (SCALE 4-7)   6
TOTAL FM JUL 1     7    CLOUDY (SCALE 8-10)  1
DPTR FM NORMAL    -2

[CDD (BASE 65) ]
TOTAL THIS MO.   132
DPTR FM NORMAL    36    [PRESSURE DATA]
TOTAL FM JAN 1  1070    HIGHEST SLP M ON M
DPTR FM NORMAL    20    LOWEST  SLP 29.79 ON  2

[REMARKS]
