000
CXUS51 KOKX 230702
CF6NYC
PRELIMINARY LOCAL CLIMATOLOGICAL DATA (WS FORM: F-6)

                                          STATION:   CENTRAL PARK NY
                                          MONTH:     MAY
                                          YEAR:      2017
                                          LATITUDE:   40 46 N
                                          LONGITUDE:  73 58 W

  TEMPERATURE IN F:       :PCPN:    SNOW:  WIND      :SUNSHINE: SKY     :PK WND
================================================================================
1   2   3   4   5  6A  6B    7    8   9   10  11  12  13   14  15   16   17  18
                                     12Z  AVG MX 2MIN
DY MAX MIN AVG DEP HDD CDD  WTR  SNW DPTH SPD SPD DIR MIN PSBL S-S WX    SPD DR
================================================================================

 1  74  49  62   4   3   0 0.00  0.0    0  5.2 12 180   M    M   6 18     21 180
 2  75  62  69  11   0   4    T  0.0    0  7.8 20 270   M    M   6 1      32 240
 3  65  51  58  -1   7   0 0.00  0.0    0  8.2 18 310   M    M   5        31 310
 4  64  47  56  -3   9   0 0.00  0.0    0  5.3 13 170   M    M   0        22 160
 5  59  51  55  -4  10   0 3.02  0.0    0  6.4 16  70   M    M  10 12     23  50
 6  67  52  60   0   5   0 0.18  0.0    0  6.1 15 180   M    M   8 1      26 170
 7  56  47  52  -8  13   0 0.01  0.0    0  5.5 14 280   M    M   9        22 270
 8  57  44  51  -9  14   0 0.00  0.0    0  5.9 15 290   M    M   5        26 290
 9  63  47  55  -5  10   0 0.00  0.0    0  4.4 12  50   M    M   4        17  60
10  63  49  56  -5   9   0 0.00  0.0    0  3.3  7 330   M    M   4         M  M
11  62  51  57  -4   8   0 0.00  0.0    0  3.6  7 170   M    M   1         M  M
12  65  48  57  -4   8   0 0.00  0.0    0  4.1 12  80   M    M   2        17 160
13  53  45  49 -13  16   0 1.61  0.0    0  7.7 18  50   M    M  10 1      31  50
14  67  46  57  -5   8   0 0.02  0.0    0  5.3 15 310   M    M   6        30 290
15  68  53  61  -1   4   0 0.00  0.0    0  8.9 18 300   M    M   4        34 310
16  79  56  68   6   0   3 0.00  0.0    0  4.3 12 300   M    M   0 8      18 290
17  90  65  78  15   0  13 0.00  0.0    0  5.6 12 250   M    M   0        23 240
18  92  75  84  21   0  19 0.00  0.0    0  5.5 14 250   M    M   1        23 200
19  91  66  79  16   0  14 0.00  0.0    0  6.2 16  40   M    M   1        25  40
20  65  55  60  -4   5   0 0.01  0.0    0  4.0 16  60   M    M   5 8      23  60
21  69  52  61  -3   4   0 0.00  0.0    0  4.0 12 170   M    M   2        19 170
22  61  53  57  -7   8   0 0.59  0.0    0  2.6 10 140   M    M  10 1      16 140
================================================================================
SM 1505 1164       141  53  5.44     0.0 119.9          M       99
================================================================================
AV 68.4 52.9                               5.5 FASTST   M    M   5    MAX(MPH)
                                 MISC ---->  # 20 270               # 34  310
================================================================================
NOTES:
# LAST OF SEVERAL OCCURRENCES

COLUMN 17 PEAK WIND IN M.P.H.

PRELIMINARY LOCAL CLIMATOLOGICAL DATA (WS FORM: F-6) , PAGE 2

                                          STATION:  CENTRAL PARK NY
                                          MONTH:    MAY
                                          YEAR:     2017
                                          LATITUDE:   40 46 N
                                          LONGITUDE:  73 58 W

[TEMPERATURE DATA]      [PRECIPITATION DATA]       SYMBOLS USED IN COLUMN 16

AVERAGE MONTHLY: 60.7   TOTAL FOR MONTH:   5.44    1 = FOG OR MIST
DPTR FM NORMAL:  -0.5   DPTR FM NORMAL:    2.59    2 = FOG REDUCING VISIBILITY
HIGHEST:    92 ON 18    GRTST 24HR  3.02 ON  5- 5      TO 1/4 MILE OR LESS
LOWEST:     44 ON  8                               3 = THUNDER
                        SNOW, ICE PELLETS, HAIL    4 = ICE PELLETS
                        TOTAL MONTH:   0.0 INCH    5 = HAIL
                        GRTST 24HR     0.0         6 = FREEZING RAIN OR DRIZZLE
                        GRTST DEPTH:   0           7 = DUSTSTORM OR SANDSTORM:
                                                       VSBY 1/2 MILE OR LESS
                                                   8 = SMOKE OR HAZE
[NO. OF DAYS WITH]      [WEATHER - DAYS WITH]      9 = BLOWING SNOW
                                                   X = TORNADO
MAX 32 OR BELOW:   0    0.01 INCH OR MORE:   7
MAX 90 OR ABOVE:   3    0.10 INCH OR MORE:   4
MIN 32 OR BELOW:   0    0.50 INCH OR MORE:   3
MIN  0 OR BELOW:   0    1.00 INCH OR MORE:   2

[HDD (BASE 65) ]
TOTAL THIS MO.   141    CLEAR  (SCALE 0-3)   8
DPTR FM NORMAL    26    PTCLDY (SCALE 4-7)   9
TOTAL FM JUL 1  4178    CLOUDY (SCALE 8-10)  5
DPTR FM NORMAL  -530

[CDD (BASE 65) ]
TOTAL THIS MO.    53
DPTR FM NORMAL    23    [PRESSURE DATA]
TOTAL FM JAN 1    87    HIGHEST SLP M ON M
DPTR FM NORMAL    45    LOWEST  SLP 29.35 ON  6

[REMARKS]
