000
CXUS55 KPSR 011005
CF6NYL
PRELIMINARY LOCAL CLIMATOLOGICAL DATA (WS FORM: F-6)

                                          STATION:   YUMA AZ
                                          MONTH:     FEBRUARY
                                          YEAR:      2015
                                          LATITUDE:   32 39 N
                                          LONGITUDE: 114 37 W

  TEMPERATURE IN F:       :PCPN:    SNOW:  WIND      :SUNSHINE: SKY     :PK WND
================================================================================
1   2   3   4   5  6A  6B    7    8   9   10  11  12  13   14  15   16   17  18
                                     12Z  AVG MX 2MIN
DY MAX MIN AVG DEP HDD CDD  WTR  SNW DPTH SPD SPD DIR MIN PSBL S-S WX    SPD DR
================================================================================

 1  76  53  65   5   0   0 0.00  0.0    0  4.6 10  10   M    M   0        14  10
 2  80  50  65   5   0   0 0.00  0.0    0  5.8 15  20   M    M   3        18  30
 3  82  53  68   8   0   3 0.00  0.0    0  6.4 14  30   M    M   3        16  30
 4  84  53  69   9   0   4 0.00  0.0    0  4.2 12  30   M    M   1        14  30
 5  85  53  69   9   0   4 0.00  0.0    0  5.3 18  40   M    M   1        21  40
 6  85  55  70   9   0   5 0.00  0.0    0  3.4  9 180   M    M   2 8      12 180
 7  85  53  69   8   0   4 0.00  0.0    0  2.2  8 210   M    M   0        10  20
 8  87  57  72  11   0   7 0.00  0.0    0  4.5 10  30   M    M   0        13  30
 9  90  59  75  14   0  10 0.00  0.0    0  3.4 10  30   M    M   0        14  50
10  85  59  72  11   0   7 0.00  0.0    0  8.2 18 360   M    M   1        24 360
11  84  57  71  10   0   6 0.00  0.0    0 11.4 25 360   M    M   1        36 360
12  84  59  72  11   0   7 0.00  0.0    0 10.8 30  80   M    M   1 8      36  80
13  84  58  71   9   0   6 0.00  0.0    0  6.5 22  60   M    M   1 8      27  70
14  88  56  72  10   0   7 0.00  0.0    0  6.3 15 150   M    M   0        18 140
15  82  63  73  11   0   8 0.00  0.0    0  8.0 17 160   M    M   0 8      20 160
16  82  56  69   7   0   4 0.00  0.0    0  6.0 14 210   M    M   0        18 230
17  82  57  70   8   0   5 0.00  0.0    0  4.7 13  80   M    M   0        16  80
18  84  53  69   7   0   4 0.00  0.0    0  4.2 15  30   M    M   4        18  30
19  85  56  71   8   0   6 0.00  0.0    0  3.1  9  30   M    M   6        10  40
20  81  59  70   7   0   5 0.00  0.0    0  3.3  7 150   M    M   6         M  M
21  81  54  68   5   0   3 0.00  0.0    0  4.9 18 160   M    M   4        23 160
22  73  58  66   3   0   1 0.00  0.0    0  8.0 17 310   M    M   1        23 310
23  73  58  66   3   0   1 0.00  0.0    0  7.9 18 360   M    M   7        25 340
24  72  51  62  -2   3   0 0.00  0.0    0 11.6 24 360   M    M   2        31 330
25  78  46  62  -2   3   0 0.00  0.0    0  3.4 12 240   M    M   2 8      14 260
26  82  51  67   3   0   2 0.00  0.0    0  4.1 13 210   M    M   3        15 210
27  78  52  65   1   0   0 0.00  0.0    0  5.7 14 290   M    M   4 8      18 310
28  76  53  65   1   0   0 0.00  0.0    0  7.4 16 300   M    M   5        21 310
================================================================================
SM 2288 1542         6 109  0.00     0.0 165.3          M       58
================================================================================
AV 81.7 55.1                               5.9 FASTST   M    M   2    MAX(MPH)
                                 MISC ---->  # 30  80               # 36  360
================================================================================
NOTES:
# LAST OF SEVERAL OCCURRENCES

COLUMN 17 PEAK WIND IN M.P.H.

PRELIMINARY LOCAL CLIMATOLOGICAL DATA (WS FORM: F-6) , PAGE 2

                                          STATION:  YUMA AZ
                                          MONTH:    FEBRUARY
                                          YEAR:     2015
                                          LATITUDE:   32 39 N
                                          LONGITUDE: 114 37 W

[TEMPERATURE DATA]      [PRECIPITATION DATA]       SYMBOLS USED IN COLUMN 16

AVERAGE MONTHLY: 68.4   TOTAL FOR MONTH:   0.00    1 = FOG OR MIST
DPTR FM NORMAL:   6.5   DPTR FM NORMAL:   -0.39    2 = FOG REDUCING VISIBILITY
HIGHEST:    90 ON  9    GRTST 24HR  0.00 ON 28-28      TO 1/4 MILE OR LESS
LOWEST:     46 ON 25                               3 = THUNDER
                        SNOW, ICE PELLETS, HAIL    4 = ICE PELLETS
                        TOTAL MONTH:   0.0 INCH    5 = HAIL
                        GRTST 24HR     0.0         6 = FREEZING RAIN OR DRIZZLE
                        GRTST DEPTH:   0           7 = DUSTSTORM OR SANDSTORM:
                                                       VSBY 1/2 MILE OR LESS
                                                   8 = SMOKE OR HAZE
[NO. OF DAYS WITH]      [WEATHER - DAYS WITH]      9 = BLOWING SNOW
                                                   X = TORNADO
MAX 32 OR BELOW:   0    0.01 INCH OR MORE:   0
MAX 90 OR ABOVE:   1    0.10 INCH OR MORE:   0
MIN 32 OR BELOW:   0    0.50 INCH OR MORE:   0
MIN  0 OR BELOW:   0    1.00 INCH OR MORE:   0

[HDD (BASE 65) ]
TOTAL THIS MO.     6    CLEAR  (SCALE 0-3)  20
DPTR FM NORMAL  -109    PTCLDY (SCALE 4-7)   8
TOTAL FM JUL 1    60    CLOUDY (SCALE 8-10)  0
DPTR FM NORMAL  -563

[CDD (BASE 65) ]
TOTAL THIS MO.   109
DPTR FM NORMAL    79    [PRESSURE DATA]
TOTAL FM JAN 1   111    HIGHEST SLP 30.22 ON 12
DPTR FM NORMAL    75    LOWEST  SLP 29.57 ON 27

[REMARKS]
#FINAL-02-15#
