000
CXUS54 KMAF 011100
CF6ODO
PRELIMINARY LOCAL CLIMATOLOGICAL DATA (WS FORM: F-6)

                                          STATION:   Odessa Schleymeyer
                                          MONTH:     JULY
                                          YEAR:      2014
                                          LATITUDE:   31 55 N
                                          LONGITUDE: 102 23 W

  TEMPERATURE IN F:       :PCPN:    SNOW:  WIND      :SUNSHINE: SKY     :PK WND
================================================================================
1   2   3   4   5  6A  6B    7    8   9   10  11  12  13   14  15   16   17  18
                                     12Z  AVG MX 2MIN
DY MAX MIN AVG DEP HDD CDD  WTR  SNW DPTH SPD SPD DIR MIN PSBL S-S WX    SPD DR
================================================================================

 1  95  75  85   2   0  20 0.00  0.0    0 15.4 28 130   M    M   1        34 130
 2  94  74  84   1   0  19 0.00  0.0    0 13.7 24 120   M    M   1        31 130
 3  89  71  80  -3   0  15 0.49  0.0    0 10.7 23 110   M    M   2 3      31 150
 4  93  68  81  -2   0  16 0.00  0.0    0 13.8 24 140   M    M   0        30 170
 5  94  71  83   0   0  18 0.00  0.0    0 13.3 22 190   M    M   0        28 160
 6  92  69  81  -2   0  16 0.00  0.0    0 10.5 17 160   M    M   0        23 150
 7  95  72  84   1   0  19 0.00  0.0    0 11.5 23 150   M    M   1        29 150
 8  96  71  84   1   0  19 0.00  0.0    0 10.7 20 140   M    M   1        25 140
 9  94  73  84   1   0  19 0.00  0.0    0 12.7 23 140   M    M   1        31 150
10  93  72  83   0   0  18 0.00  0.0    0 14.1 23 170   M    M   0        33 140
11  86  69  78  -5   0  13 0.00  0.0    0 15.0 28 150   M    M   3        34 140
12  92  72  82  -1   0  17 0.00  0.0    0 15.6 24 160   M    M   2        32 150
13  95  70  83   0   0  18 0.00  0.0    0 11.6 22 170   M    M   1        32 140
14  97  72  85   2   0  20 0.00  0.0    0  9.1 20 140   M    M   0        26 150
15  89  72  81  -2   0  16    T  0.0    0 11.3 26 120   M    M   4 3      32 120
16  95  70  83   0   0  18 0.00  0.0    0 10.0 25 160   M    M   2        32 160
17  84  70  77  -6   0  12 0.05  0.0    0 12.2 22  70   M    M   5 3      26  60
18  87  67  77  -7   0  12 0.00  0.0    0  9.7 17 130   M    M   6 8      22 360
19  95  69  82  -2   0  17 0.00  0.0    0 13.1 21 170   M    M   3 8      25 150
20 100  75  88   4   0  23 0.00  0.0    0 11.5 18 170   M    M   1        23 140
21 100  78  89   5   0  24 0.00  0.0    0 13.4 21 140   M    M   0 8      28 120
22  97  78  88   4   0  23 0.00  0.0    0  9.8 29 120   M    M   0 8      37 120
23  98  74  86   2   0  21 0.00  0.0    0  8.2 21  80   M    M   1        27  80
24  99  73  86   2   0  21 0.06  0.0    0  9.3 32 140   M    M   1 8      37 130
25  98  74  86   2   0  21 0.00  0.0    0  9.7 18 180   M    M   0 8      24 160
26 100  76  88   4   0  23 0.00  0.0    0 12.9 22 130   M    M   0        28 160
27 100  73  87   3   0  22 0.00  0.0    0 11.6 20 110   M    M   0        30 130
28  97  77  87   3   0  22 0.00  0.0    0 11.5 26  90   M    M   1        34  80
29  97  73  85   1   0  20 0.00  0.0    0  9.8 20  90   M    M   1        24  90
30 102  75  89   5   0  24 0.08  0.0    0 10.9 32  10   M    M   0 38     43 360
31  84  69  77  -7   0  12 0.00  0.0    0 11.7 22  40   M    M   3        27  40
================================================================================
SM 2927 2242         0 578  0.68     0.0 364.3          M       41
================================================================================
AV 94.4 72.3                              11.8 FASTST   M    M   1    MAX(MPH)
                                 MISC ---->  # 32 140               # 43  360
================================================================================
NOTES:
# LAST OF SEVERAL OCCURRENCES

COLUMN 17 PEAK WIND IN M.P.H.

PRELIMINARY LOCAL CLIMATOLOGICAL DATA (WS FORM: F-6) , PAGE 2

                                          STATION:  Odessa Schleymeyer
                                          MONTH:    JULY
                                          YEAR:     2014
                                          LATITUDE:   31 55 N
                                          LONGITUDE: 102 23 W

[TEMPERATURE DATA]      [PRECIPITATION DATA]       SYMBOLS USED IN COLUMN 16

AVERAGE MONTHLY: 83.4   TOTAL FOR MONTH:   0.68    1 = FOG OR MIST
DPTR FM NORMAL:   0.1   DPTR FM NORMAL:   -1.11    2 = FOG REDUCING VISIBILITY
HIGHEST:   102 ON 30    GRTST 24HR  0.49 ON  3- 3      TO 1/4 MILE OR LESS
LOWEST:     67 ON 18                               3 = THUNDER
                        SNOW, ICE PELLETS, HAIL    4 = ICE PELLETS
                        TOTAL MONTH:   0.0 INCH    5 = HAIL
                        GRTST 24HR     0.0         6 = FREEZING RAIN OR DRIZZLE
                        GRTST DEPTH:   0           7 = DUSTSTORM OR SANDSTORM:
                                                       VSBY 1/2 MILE OR LESS
                                                   8 = SMOKE OR HAZE
[NO. OF DAYS WITH]      [WEATHER - DAYS WITH]      9 = BLOWING SNOW
                                                   X = TORNADO
MAX 32 OR BELOW:   0    0.01 INCH OR MORE:   4
MAX 90 OR ABOVE:  25    0.10 INCH OR MORE:   1
MIN 32 OR BELOW:   0    0.50 INCH OR MORE:   0
MIN  0 OR BELOW:   0    1.00 INCH OR MORE:   0

[HDD (BASE 65) ]
TOTAL THIS MO.     0    CLEAR  (SCALE 0-3)  28
DPTR FM NORMAL     0    PTCLDY (SCALE 4-7)   3
TOTAL FM JUL 1     0    CLOUDY (SCALE 8-10)  0
DPTR FM NORMAL     0

[CDD (BASE 65) ]
TOTAL THIS MO.   578
DPTR FM NORMAL    11    [PRESSURE DATA]
TOTAL FM JAN 1  1143    HIGHEST SLP 30.12 ON  4
DPTR FM NORMAL  -343    LOWEST  SLP 29.68 ON  1

[REMARKS]
#FINAL-07-14#
