000
CXUS54 KMAF 011100
CF6ODO
PRELIMINARY LOCAL CLIMATOLOGICAL DATA (WS FORM: F-6)

                                          STATION:   Odessa Schleymeyer
                                          MONTH:     FEBRUARY
                                          YEAR:      2015
                                          LATITUDE:   31 55 N
                                          LONGITUDE: 102 23 W

  TEMPERATURE IN F:       :PCPN:    SNOW:  WIND      :SUNSHINE: SKY     :PK WND
================================================================================
1   2   3   4   5  6A  6B    7    8   9   10  11  12  13   14  15   16   17  18
                                     12Z  AVG MX 2MIN
DY MAX MIN AVG DEP HDD CDD  WTR  SNW DPTH SPD SPD DIR MIN PSBL S-S WX    SPD DR
================================================================================

 1  51  35  43  -4  22   0 0.00  0.0    0 11.4 25  50   M    M   7 12     30  50
 2  52  30  41  -6  24   0 0.00  0.0    0 10.8 23 190   M    M   2        26 200
 3  58  35  47   0  18   0 0.00  0.0    0  8.7 18 190   M    M   1 12     22 190
 4  74  32  53   6  12   0 0.00  0.0    0 13.7 32  40   M    M   7 128    44  20
 5  45  30  38  -9  27   0 0.00  0.0    0  7.7 17  20   M    M   7 1      23  10
 6  69  30  50   2  15   0 0.00  0.0    0  6.7 16 220   M    M   0 18     20 240
 7  81  38  60  12   5   0 0.00  0.0    0 10.6 21 270   M    M   0        28 270
 8  78  50  64  16   1   0 0.00  0.0    0  9.7 24 360   M    M   0        30 340
 9  77  39  58  10   7   0 0.00  0.0    0  7.6 18 180   M    M   0        23 180
10  81  49  65  17   0   0 0.00  0.0    0  8.9 16 250   M    M   0        22 260
11  63  42  53   5  12   0 0.00  0.0    0 16.8 33  40   M    M   3 8      42  30
12  49  40  45  -4  20   0 0.00  0.0    0  9.5 24  30   M    M  10        31  50
13  69  38  54   5  11   0 0.00  0.0    0  6.4 18 220   M    M   2        21 220
14  72  40  56   7   9   0 0.00  0.0    0  6.7 20 190   M    M   0        26 190
15  77  38  58   9   7   0 0.00  0.0    0 14.0 30  50   M    M   1        37  40
16  48  31  40 -10  25   0    T    M    0 13.6 29  30   M    M   4        36  30
17  49  32  41  -9  24   0 0.01    M    0  7.0 21 120   M    M   7 1      26 110
18  69  32  51   1  14   0 0.00  0.0    0  8.6 17 200   M    M   0        20 200
19  72  36  54   4  11   0 0.00  0.0    0 10.2 20 200   M    M   0        24 210
20  78  45  62  11   3   0 0.00  0.0    0 12.5 22 270   M    M   0        28 250
21  66  42  54   3  11   0 0.00  0.0    0 10.0 21  20   M    M   0        26  10
22  52  22  37 -14  28   0 0.13    M    0 18.4 30  50   M    M   7 168    35  40
23  24  20  22 -29  43   0    T    M    0 10.0 21  50   M    M  10 16     24  50
24  37  24  31 -21  34   0 0.00  0.0    0  5.0 16 290   M    M   8 18     19 290
25  64  31  48  -4  17   0 0.04    M    0  9.8 23 330   M    M   2 1      28 330
26  48  27  38 -14  27   0    T    M    0 18.5 29  50   M    M   8        35  50
27  27  19  23 -30  42   0 0.02    M    0 13.2 20  70   M    M  10 18     23  70
28  31  19  25 -28  40   0 0.00  0.0    0  9.2 13 120   M    M  10 1      15  90
================================================================================
SM 1661  946       509   0  0.20     0.0 295.2          M      106
================================================================================
AV 59.3 33.8                              10.5 FASTST   M    M   4    MAX(MPH)
                                 MISC ---->  # 33  40               # 44   20
================================================================================
NOTES:
# LAST OF SEVERAL OCCURRENCES

COLUMN 17 PEAK WIND IN M.P.H.

PRELIMINARY LOCAL CLIMATOLOGICAL DATA (WS FORM: F-6) , PAGE 2

                                          STATION:  Odessa Schleymeyer
                                          MONTH:    FEBRUARY
                                          YEAR:     2015
                                          LATITUDE:   31 55 N
                                          LONGITUDE: 102 23 W

[TEMPERATURE DATA]      [PRECIPITATION DATA]       SYMBOLS USED IN COLUMN 16

AVERAGE MONTHLY: 46.6   TOTAL FOR MONTH:   0.20    1 = FOG OR MIST
DPTR FM NORMAL:  -2.9   DPTR FM NORMAL:   -0.52    2 = FOG REDUCING VISIBILITY
HIGHEST:    81 ON 10, 7 GRTST 24HR  0.52 ON 31- 1      TO 1/4 MILE OR LESS
LOWEST:     19 ON 28,27                            3 = THUNDER
                        SNOW, ICE PELLETS, HAIL    4 = ICE PELLETS
                        TOTAL MONTH:   0.0 INCH    5 = HAIL
                        GRTST 24HR     0.0         6 = FREEZING RAIN OR DRIZZLE
                        GRTST DEPTH:   0           7 = DUSTSTORM OR SANDSTORM:
                                                       VSBY 1/2 MILE OR LESS
                                                   8 = SMOKE OR HAZE
[NO. OF DAYS WITH]      [WEATHER - DAYS WITH]      9 = BLOWING SNOW
                                                   X = TORNADO
MAX 32 OR BELOW:   3    0.01 INCH OR MORE:   4
MAX 90 OR ABOVE:   0    0.10 INCH OR MORE:   1
MIN 32 OR BELOW:  14    0.50 INCH OR MORE:   0
MIN  0 OR BELOW:   0    1.00 INCH OR MORE:   0

[HDD (BASE 65) ]
TOTAL THIS MO.   509    CLEAR  (SCALE 0-3)  15
DPTR FM NORMAL    71    PTCLDY (SCALE 4-7)   9
TOTAL FM JUL 1  2192    CLOUDY (SCALE 8-10)  4
DPTR FM NORMAL    85

[CDD (BASE 65) ]
TOTAL THIS MO.     0
DPTR FM NORMAL    -3    [PRESSURE DATA]
TOTAL FM JAN 1     0    HIGHEST SLP 30.56 ON 23
DPTR FM NORMAL    -3    LOWEST  SLP 29.63 ON 20

[REMARKS]
#FINAL-02-15#
