000
CXUS55 KGGW 180800
CF6OLF
PRELIMINARY LOCAL CLIMATOLOGICAL DATA (WS FORM: F-6)

                                          STATION:   WOLF POINT MT
                                          MONTH:     OCTOBER
                                          YEAR:      2017
                                          LATITUDE:   48  5 N
                                          LONGITUDE: 105 35 W

  TEMPERATURE IN F:       :PCPN:    SNOW:  WIND      :SUNSHINE: SKY     :PK WND
================================================================================
1   2   3   4   5  6A  6B    7    8   9   10  11  12  13   14  15   16   17  18
                                     12Z  AVG MX 2MIN
DY MAX MIN AVG DEP HDD CDD  WTR  SNW DPTH SPD SPD DIR MIN PSBL S-S WX    SPD DR
================================================================================

 1  58  45  52   2  13   0 0.42    M    0 11.4 21 310   M    M   8 1      26 310
 2  50  38  44  -6  21   0 0.02    M    0 18.8 35 250   M    M   6 1      46 250
 3  48  33  41  -9  24   0    T    M    0 15.2 26 340   M    M  10 1      33 340
 4  57  30  44  -5  21   0 0.00  0.0    0  5.4 13 260   M    M   2        16 250
 5  58  31  45  -4  20   0 0.00  0.0    0  5.2 12 260   M    M   1        15 250
 6  69  28  49   1  16   0 0.00  0.0    0  4.9 18 260   M    M   0        22 270
 7  66  36  51   3  14   0 0.00  0.0    0 12.5 31 270   M    M   2        38 270
 8  56  29  43  -4  22   0 0.00  0.0    0 12.6 28 310   M    M   2        35 320
 9  60  20  40  -7  25   0 0.00  0.0    0  5.9 18 220   M    M   0        25 200
10  69  25  47   1  18   0 0.00  0.0    0  3.3 15 100   M    M   0        19  90
11  64  30  47   1  18   0 0.00  0.0    0  3.5 20 330   M    M   0        27 330
12  54  25  40  -6  25   0 0.00  0.0    0  7.9 22 290   M    M   3        27 290
13  53  23  38  -7  27   0 0.00  0.0    0  8.0 18  80   M    M   5        23  80
14  50  31  41  -4  24   0 0.00  0.0    0  6.8 17  20   M    M   5        21  20
15  61  33  47   3  18   0 0.00  0.0    0  8.6 21 270   M    M   1 8      27 270
16  71  30  51   7  14   0 0.00  0.0    0  6.8 23 280   M    M   0        29 270
17  80  32  56  13   9   0 0.00  0.0    0 11.5 45 320   M    M   0 8      57 320
================================================================================
SM 1024  519       329   0  0.44     0.0 148.3          M       45
================================================================================
AV 60.2 30.5                               8.7 FASTST   M    M   3    MAX(MPH)
                                 MISC ---->  # 45 320               # 57  320
================================================================================
NOTES:
# LAST OF SEVERAL OCCURRENCES

COLUMN 17 PEAK WIND IN M.P.H.

PRELIMINARY LOCAL CLIMATOLOGICAL DATA (WS FORM: F-6) , PAGE 2

                                          STATION:  WOLF POINT MT
                                          MONTH:    OCTOBER
                                          YEAR:     2017
                                          LATITUDE:   48  5 N
                                          LONGITUDE: 105 35 W

[TEMPERATURE DATA]      [PRECIPITATION DATA]       SYMBOLS USED IN COLUMN 16

AVERAGE MONTHLY: 45.4   TOTAL FOR MONTH:   0.44    1 = FOG OR MIST
DPTR FM NORMAL:  -1.5   DPTR FM NORMAL:   -0.04    2 = FOG REDUCING VISIBILITY
HIGHEST:    80 ON 17    GRTST 24HR  0.42 ON  1- 1      TO 1/4 MILE OR LESS
LOWEST:     20 ON  9                               3 = THUNDER
                        SNOW, ICE PELLETS, HAIL    4 = ICE PELLETS
                        TOTAL MONTH:   0.0 INCH    5 = HAIL
                        GRTST 24HR     0.0         6 = FREEZING RAIN OR DRIZZLE
                        GRTST DEPTH:   0           7 = DUSTSTORM OR SANDSTORM:
                                                       VSBY 1/2 MILE OR LESS
                                                   8 = SMOKE OR HAZE
[NO. OF DAYS WITH]      [WEATHER - DAYS WITH]      9 = BLOWING SNOW
                                                   X = TORNADO
MAX 32 OR BELOW:   0    0.01 INCH OR MORE:   2
MAX 90 OR ABOVE:   0    0.10 INCH OR MORE:   1
MIN 32 OR BELOW:  12    0.50 INCH OR MORE:   0
MIN  0 OR BELOW:   0    1.00 INCH OR MORE:   0

[HDD (BASE 65) ]
TOTAL THIS MO.   329    CLEAR  (SCALE 0-3)  12
DPTR FM NORMAL    21    PTCLDY (SCALE 4-7)   4
TOTAL FM JUL 1   570    CLOUDY (SCALE 8-10)  1
DPTR FM NORMAL   -61

[CDD (BASE 65) ]
TOTAL THIS MO.     0
DPTR FM NORMAL     0    [PRESSURE DATA]
TOTAL FM JAN 1   663    HIGHEST SLP M ON M
DPTR FM NORMAL   215    LOWEST  SLP 29.44 ON  7

[REMARKS]
