000
CXUS55 KGGW 270800
CF6OLF
PRELIMINARY LOCAL CLIMATOLOGICAL DATA (WS FORM: F-6)

                                          STATION:   WOLF POINT MT
                                          MONTH:     DECEMBER
                                          YEAR:      2014
                                          LATITUDE:   48  5 N
                                          LONGITUDE: 105 35 W

  TEMPERATURE IN F:       :PCPN:    SNOW:  WIND      :SUNSHINE: SKY     :PK WND
================================================================================
1   2   3   4   5  6A  6B    7    8   9   10  11  12  13   14  15   16   17  18
                                     12Z  AVG MX 2MIN
DY MAX MIN AVG DEP HDD CDD  WTR  SNW DPTH SPD SPD DIR MIN PSBL S-S WX    SPD DR
================================================================================

 1  19 -21  -1 -21  66   0 0.00  0.0    0  4.0 12  60   M    M   0        13  50
 2  26  -3  12  -7  53   0 0.00  0.0    0  8.0 17 290   M    M   1        21 290
 3  23  -5   9 -10  56   0 0.00  0.0    0  3.6 12  60   M    M   0        13  60
 4  22  -2  10  -8  55   0 0.00  0.0    0  1.9 10 220   M    M   1        11 230
 5  22   2  12  -6  53   0 0.00  0.0    0  6.2 13  90   M    M   6 1      15  80
 6  32  13  23   5  42   0    T    M    0  6.0 12  70   M    M   1 18     14  80
 7  39  15  27  10  38   0 0.02    M    0 10.4 26 300   M    M   3 1      34 300
 8  26  17  22   5  43   0 0.00  0.0    0  5.7 13  90   M    M   7 1      15  90
 9  40  13  27  10  38   0 0.00  0.0    0  2.3  9  70   M    M   1 1      11  70
10  47  19  33  17  32   0 0.00  0.0    0  1.7  7 260   M    M   0         9 260
11  45  25  35  19  30   0 0.00  0.0    0  4.2 10  90   M    M   0        12  80
12  49  21  35  19  30   0 0.00  0.0    0  2.7  9  60   M    M   0        11  40
13  44  30  37  22  28   0 0.00  0.0    0  5.5 16 330   M    M   1        20 330
14  34  28  31  16  34   0    T    M    0 14.1 22 360   M    M  10        28 360
15  29  27  28  13  37   0 0.00  0.0    0  7.5 21  20   M    M  10        29  20
16  27  20  24  10  41   0 0.00  0.0    0  6.5 13 110   M    M  10        17 140
17  25  18  22   8  43   0 0.00  0.0    0  7.4 13 110   M    M  10        15 120
18  34  17  26  12  39   0 0.00  0.0    0  2.6  9  90   M    M   7 12     10  90
19  41  14  28  14  37   0 0.00  0.0    0  2.6 10  70   M    M   2 1      12  70
20  46  17  32  18  33   0    T    M    0  4.3 21 270   M    M   3 1      27 270
21  37  16  27  14  38   0 0.05    M    0  7.1 21 290   M    M   7 1      28 300
22  35  23  29  16  36   0 0.07    M    0 11.8 22 330   M    M  10 1      28 310
23  34  11  23  10  42   0 0.01    M    0  5.0 14 260   M    M   5 18     17 300
24  38  19  29  16  36   0    T    M    0  4.7 10 250   M    M   7        13 240
25  29  14  22   9  43   0 0.00  0.0    0  8.9 18 340   M    M   9        21 340
26  21  12  17   5  48   0 0.00  0.0    0  5.8 13  90   M    M   9        14  80
================================================================================
SM  864  360      1071   0  0.15     0.0 150.5          M      120
================================================================================
AV 33.2 13.8                               5.8 FASTST   M    M   5    MAX(MPH)
                                 MISC ---->  # 26 300               # 34  300
================================================================================
NOTES:
# LAST OF SEVERAL OCCURRENCES

COLUMN 17 PEAK WIND IN M.P.H.

PRELIMINARY LOCAL CLIMATOLOGICAL DATA (WS FORM: F-6) , PAGE 2

                                          STATION:  WOLF POINT MT
                                          MONTH:    DECEMBER
                                          YEAR:     2014
                                          LATITUDE:   48  5 N
                                          LONGITUDE: 105 35 W

[TEMPERATURE DATA]      [PRECIPITATION DATA]       SYMBOLS USED IN COLUMN 16

AVERAGE MONTHLY: 23.5   TOTAL FOR MONTH:   0.15    1 = FOG OR MIST
DPTR FM NORMAL:   8.0   DPTR FM NORMAL:   -0.09    2 = FOG REDUCING VISIBILITY
HIGHEST:    49 ON 12    GRTST 24HR  0.11 ON 21-22      TO 1/4 MILE OR LESS
LOWEST:    -21 ON  1                               3 = THUNDER
                        SNOW, ICE PELLETS, HAIL    4 = ICE PELLETS
                        TOTAL MONTH:   0.0 INCH    5 = HAIL
                        GRTST 24HR     0.0         6 = FREEZING RAIN OR DRIZZLE
                        GRTST DEPTH:   0           7 = DUSTSTORM OR SANDSTORM:
                                                       VSBY 1/2 MILE OR LESS
                                                   8 = SMOKE OR HAZE
[NO. OF DAYS WITH]      [WEATHER - DAYS WITH]      9 = BLOWING SNOW
                                                   X = TORNADO
MAX 32 OR BELOW:  12    0.01 INCH OR MORE:   4
MAX 90 OR ABOVE:   0    0.10 INCH OR MORE:   0
MIN 32 OR BELOW:  26    0.50 INCH OR MORE:   0
MIN  0 OR BELOW:   4    1.00 INCH OR MORE:   0

[HDD (BASE 65) ]
TOTAL THIS MO.  1071    CLEAR  (SCALE 0-3)  13
DPTR FM NORMAL  -214    PTCLDY (SCALE 4-7)   6
TOTAL FM JUL 1  3167    CLOUDY (SCALE 8-10)  7
DPTR FM NORMAL  -222

[CDD (BASE 65) ]
TOTAL THIS MO.     0
DPTR FM NORMAL     0    [PRESSURE DATA]
TOTAL FM JAN 1   493    HIGHEST SLP M ON M
DPTR FM NORMAL    45    LOWEST  SLP 29.37 ON 21

[REMARKS]
