000
CXUS55 KGGW 220800
CF6OLF
PRELIMINARY LOCAL CLIMATOLOGICAL DATA (WS FORM: F-6)

                                          STATION:   WOLF POINT MT
                                          MONTH:     APRIL
                                          YEAR:      2014
                                          LATITUDE:   48  5 N
                                          LONGITUDE: 105 35 W

  TEMPERATURE IN F:       :PCPN:    SNOW:  WIND      :SUNSHINE: SKY     :PK WND
================================================================================
1   2   3   4   5  6A  6B    7    8   9   10  11  12  13   14  15   16   17  18
                                     12Z  AVG MX 2MIN
DY MAX MIN AVG DEP HDD CDD  WTR  SNW DPTH SPD SPD DIR MIN PSBL S-S WX    SPD DR
================================================================================

 1  36  11  24 -14  41   0 0.00  0.0    0  7.4 15 110   M    M   0        20 100
 2  36  14  25 -13  40   0 0.00  0.0    0  9.0 16 120   M    M   7        20 110
 3  48  20  34  -5  31   0 0.00  0.0    0  6.5 16 320   M    M   6        23 300
 4  65  20  43   4  22   0 0.00  0.0    0  8.7 23 260   M    M   1 18     31 270
 5  31  26  29 -11  36   0 0.00  0.0    0  1.2  4 240   M    M   2         M  M
 6   M   M   M   M   M   M    M    M    M   M   M   M   M    M   M         M  M
 7  62  27  45   4  20   0 0.00  0.0    M 10.9 23 310   M    M   4        29 310
 8  74  26  50   9  15   0 0.00  0.0    0  7.5 24 270   M    M   1 8      40 300
 9  64  31  48   6  17   0 0.00  0.0    M 12.7 33 280   M    M   2        42 330
10  62  28  45   3  20   0 0.00  0.0    0  8.2 25 300   M    M   5        33 300
11  61  25  43   1  22   0    T    M    0  6.2 22 240   M    M   6        28 240
12  42  27  35  -8  30   0 0.00  0.0    0 14.0 25 310   M    M   7        30 320
13  47  13  30 -13  35   0 0.00  0.0    0  8.6 22 310   M    M   6        28 310
14  43  15  29 -14  36   0 0.00  0.0    0  6.1 14  10   M    M   1        17  10
15  60  26  43  -1  22   0 0.00  0.0    0  9.8 23  70   M    M   3        28  50
16  36  23  30 -14  35   0 0.00  0.0    0 11.2 17  80   M    M   8        23  90
17  57  27  42  -3  23   0    T    M    0 12.2 22 110   M    M   8        27 110
18  60  35  48   3  17   0 0.17    M    0 12.4 29 310   M    M   6 1      37 310
19  63  34  49   4  16   0    T    M    0 12.4 25 280   M    M   3        30 290
20  69  31  50   4  15   0 0.00  0.0    0 14.1 36 300   M    M   1        45 290
21  68  27  48   2  17   0 0.00  0.0    0  3.7 13 250   M    M   0        17 240
================================================================================
SM 1084  486       510   0  0.17     0.0 182.8          M       77
================================================================================
AV 54.2 24.3                               9.1 FASTST   M    M   4    MAX(MPH)
                                 MISC ---->  # 36 300               # 45  290
================================================================================
NOTES:
# LAST OF SEVERAL OCCURRENCES

COLUMN 17 PEAK WIND IN M.P.H.

PRELIMINARY LOCAL CLIMATOLOGICAL DATA (WS FORM: F-6) , PAGE 2

                                          STATION:  WOLF POINT MT
                                          MONTH:    APRIL
                                          YEAR:     2014
                                          LATITUDE:   48  5 N
                                          LONGITUDE: 105 35 W

[TEMPERATURE DATA]      [PRECIPITATION DATA]       SYMBOLS USED IN COLUMN 16

AVERAGE MONTHLY: 39.2   TOTAL FOR MONTH:   0.17    1 = FOG OR MIST
DPTR FM NORMAL:  -2.9   DPTR FM NORMAL:   -0.36    2 = FOG REDUCING VISIBILITY
HIGHEST:    74 ON  8    GRTST 24HR  0.17 ON 18-18      TO 1/4 MILE OR LESS
LOWEST:     11 ON  1                               3 = THUNDER
                        SNOW, ICE PELLETS, HAIL    4 = ICE PELLETS
                        TOTAL MONTH:   0.0 INCH    5 = HAIL
                        GRTST 24HR     0.0         6 = FREEZING RAIN OR DRIZZLE
                        GRTST DEPTH:   0           7 = DUSTSTORM OR SANDSTORM:
                                                       VSBY 1/2 MILE OR LESS
                                                   8 = SMOKE OR HAZE
[NO. OF DAYS WITH]      [WEATHER - DAYS WITH]      9 = BLOWING SNOW
                                                   X = TORNADO
MAX 32 OR BELOW:   1    0.01 INCH OR MORE:   1
MAX 90 OR ABOVE:   0    0.10 INCH OR MORE:   1
MIN 32 OR BELOW:  18    0.50 INCH OR MORE:   0
MIN  0 OR BELOW:   0    1.00 INCH OR MORE:   0

[HDD (BASE 65) ]
TOTAL THIS MO.   510    CLEAR  (SCALE 0-3)  10
DPTR FM NORMAL    31    PTCLDY (SCALE 4-7)   9
TOTAL FM JUL 1  8468    CLOUDY (SCALE 8-10)  1
DPTR FM NORMAL   299

[CDD (BASE 65) ]
TOTAL THIS MO.     0
DPTR FM NORMAL     0    [PRESSURE DATA]
TOTAL FM JAN 1     0    HIGHEST SLP M ON M
DPTR FM NORMAL     0    LOWEST  SLP 29.53 ON 15

[REMARKS]
