037
CXUS55 KSEW 230930
CF6OLM
PRELIMINARY LOCAL CLIMATOLOGICAL DATA (WS FORM: F-6)

                                          STATION:   OLYMPIA WA AIRPORT
                                          MONTH:     FEBRUARY
                                          YEAR:      2018
                                          LATITUDE:   46 58 N
                                          LONGITUDE: 122 54 W

  TEMPERATURE IN F:       :PCPN:    SNOW:  WIND      :SUNSHINE: SKY     :PK WND
================================================================================
1   2   3   4   5  6A  6B    7    8   9   10  11  12  13   14  15   16   17  18
                                     12Z  AVG MX 2MIN
DY MAX MIN AVG DEP HDD CDD  WTR  SNW DPTH SPD SPD DIR MIN PSBL S-S WX    SPD DR
================================================================================

 1  46  41  44   4  21   0 0.55  0.0    0  4.3 12 180   M    M  10 1      13 220
 2  53  46  50  10  15   0 0.33  0.0    0  9.8 18 200   M    M   9 1      23 190
 3  53  47  50  10  15   0    T  0.0    0  9.6 15 220   M    M  10 1      22 210
 4  55  47  51  11  14   0 0.01  0.0    0 12.3 18 210   M    M   9 1      27 260
 5  51  45  48   8  17   0 0.00  0.0    0 10.6 18 220   M    M   7 1      24 220
 6  50  42  46   5  19   0 0.00  0.0    0  6.0 12 220   M    M  10 1      13 230
 7  56  43  50   9  15   0 0.00  0.0    0  7.2 13 210   M    M   6        18 220
 8  53  41  47   6  18   0 0.03  0.0    0 10.8 17 180   M    M   6 1      23 250
 9  49  31  40  -1  25   0 0.00  0.0    0  2.3 12 220   M    M   6        14 220
10  48  26  37  -4  28   0    T  0.0    0  1.6 10  60   M    M   1 1      13  20
11  46  26  36  -5  29   0 0.00  0.0    0  3.7 13  50   M    M   6 1      16  20
12  47  22  35  -6  30   0 0.00  0.0    0  3.0 12 360   M    M   0        17  30
13  50  21  36  -5  29   0 0.20  0.0    0  3.0 14 210   M    M   3 1      20 210
14  46  33  40  -1  25   0 0.14    T    0  6.5 16 190   M    M   9 1      21 180
15  47  30  39  -2  26   0 0.03  0.0    0  4.9 13 280   M    M   8 1      17 280
16  47  40  44   3  21   0 0.29  0.0    0  9.5 17 180   M    M   9 1      23 180
17  48  37  43   2  22   0 0.66  0.0    0 12.7 25 250   M    M   9 1      36 270
18  37  31  34  -7  31   0 0.21    M    M  9.9 22  20   M    M   9 1      29  10
19  39  26  33  -8  32   0 0.00  0.0    0  5.8 14  50   M    M   4        21  30
20  32  22  27 -14  38   0 0.19    M    M  4.6 12  30   M    M   8 1      14  60
21  32  13  23 -18  42   0 0.01    M    M  4.6 12 190   M    M   6 12     14 210
22  38  17  28 -14  37   0 0.01    M    0  7.6 21  20   M    M   3 1      27  20
================================================================================
SM 1023  727       549   0  2.66    T    150.3          M      148
================================================================================
AV 46.5 33.1                               6.8 FASTST   M    M   7    MAX(MPH)
                                 MISC ---->  # 25 250               # 36  270
================================================================================
NOTES:
# LAST OF SEVERAL OCCURRENCES

COLUMN 17 PEAK WIND IN M.P.H.

PRELIMINARY LOCAL CLIMATOLOGICAL DATA (WS FORM: F-6) , PAGE 2

                                          STATION:  OLYMPIA WA AIRPORT
                                          MONTH:    FEBRUARY
                                          YEAR:     2018
                                          LATITUDE:   46 58 N
                                          LONGITUDE: 122 54 W

[TEMPERATURE DATA]      [PRECIPITATION DATA]       SYMBOLS USED IN COLUMN 16

AVERAGE MONTHLY: 39.8   TOTAL FOR MONTH:   2.66    1 = FOG OR MIST
DPTR FM NORMAL:  -1.0   DPTR FM NORMAL:   -1.54    2 = FOG REDUCING VISIBILITY
HIGHEST:    56 ON  7    GRTST 24HR  0.66 ON 17-17      TO 1/4 MILE OR LESS
LOWEST:     13 ON 21                               3 = THUNDER
                        SNOW, ICE PELLETS, HAIL    4 = ICE PELLETS
                        TOTAL MONTH:    T          5 = HAIL
                        GRTST 24HR    T  ON 14-14  6 = FREEZING RAIN OR DRIZZLE
                        GRTST DEPTH:   0           7 = DUSTSTORM OR SANDSTORM:
                                                       VSBY 1/2 MILE OR LESS
                                                   8 = SMOKE OR HAZE
[NO. OF DAYS WITH]      [WEATHER - DAYS WITH]      9 = BLOWING SNOW
                                                   X = TORNADO
MAX 32 OR BELOW:   2    0.01 INCH OR MORE:  13
MAX 90 OR ABOVE:   0    0.10 INCH OR MORE:   8
MIN 32 OR BELOW:  11    0.50 INCH OR MORE:   2
MIN  0 OR BELOW:   0    1.00 INCH OR MORE:   0

[HDD (BASE 65) ]
TOTAL THIS MO.   549    CLEAR  (SCALE 0-3)   4
DPTR FM NORMAL    20    PTCLDY (SCALE 4-7)   7
TOTAL FM JUL 1  3399    CLOUDY (SCALE 8-10) 11
DPTR FM NORMAL  -181

[CDD (BASE 65) ]
TOTAL THIS MO.     0
DPTR FM NORMAL     0    [PRESSURE DATA]
TOTAL FM JAN 1     0    HIGHEST SLP M ON M
DPTR FM NORMAL     0    LOWEST  SLP 29.62 ON 18

[REMARKS]
