000
CXUS53 KOAX 311000
CF6OMA
PRELIMINARY LOCAL CLIMATOLOGICAL DATA (WS FORM: F-6)

                                          STATION:   OMAHA EPPLEY, NEBRASKA
                                          MONTH:     AUGUST
                                          YEAR:      2015
                                          LATITUDE:   41 17 N
                                          LONGITUDE:  95 54 W

  TEMPERATURE IN F:       :PCPN:    SNOW:  WIND      :SUNSHINE: SKY     :PK WND
================================================================================
1   2   3   4   5  6A  6B    7    8   9   10  11  12  13   14  15   16   17  18
                                     12Z  AVG MX 2MIN
DY MAX MIN AVG DEP HDD CDD  WTR  SNW DPTH SPD SPD DIR MIN PSBL S-S WX    SPD DR
================================================================================

 1  85  68  77   1   0  12    T  0.0    0  5.9 21 190   M    M   5        31  20
 2  97  72  85   9   0  20 0.01  0.0    0  9.2 18 170   M    M   4 3      23 240
 3  83  66  75  -1   0  10    T  0.0    0  4.7 15 120   M    M   7        17 130
 4  79  66  73  -3   0   8 0.51  0.0    0  7.9 21 140   M    M   9 13     24 140
 5  82  67  75  -1   0  10 0.00  0.0    0  5.9 12 120   M    M   7 18     13 120
 6  82  68  75  -1   0  10    T  0.0    0 10.4 24 170   M    M   7 18     31 170
 7  93  70  82   6   0  17 0.00  0.0    0  6.1 12  90   M    M   4 18     14  90
 8  87  71  79   3   0  14 1.25  0.0    0  8.5 18 160   M    M   7 13     23 140
 9  89  70  80   4   0  15 0.58  0.0    0  5.9 26 270   M    M   7 13     32 270
10  84  65  75  -1   0  10 0.00  0.0    0  7.8 16 360   M    M   4 3      21 350
11  86  61  74  -2   0   9 0.00  0.0    0  3.7  9 330   M    M   2 1      15 350
12  86  67  77   2   0  12 0.00  0.0    0  5.9 14 160   M    M   1 1      19 160
13  88  67  78   3   0  13 0.00  0.0    0  9.6 18 180   M    M   4        23 180
14  88  70  79   4   0  14 0.00  0.0    0  8.7 15 150   M    M   3        21 130
15  88  68  78   3   0  13 0.00  0.0    0 11.4 22 160   M    M   2        27 160
16  88  69  79   4   0  14 0.00  0.0    0 12.4 22 160   M    M   6        27 180
17  75  68  72  -3   0   7 0.58  0.0    0  5.2 17 140   M    M  10 138    19 140
18  73  58  66  -9   0   1 3.58  0.0    0 11.0 25 300   M    M   8 13     31 300
19  75  53  64 -10   1   0 0.00  0.0    0 14.2 26 310   M    M   5        34 280
20  83  54  69  -5   0   4 0.00  0.0    0  7.8 17 190   M    M   2        24 160
21  84  61  73  -1   0   8 0.00  0.0    0 16.1 26 160   M    M   2        33 180
22  88  62  75   1   0  10 1.52  0.0    0 17.0 29 150   M    M   8 13     37 160
23  73  55  64 -10   1   0 0.00  0.0    0 10.8 22 270   M    M   2        28 270
24  79  51  65  -9   0   0 0.00  0.0    0  5.1 14 300   M    M   0        18 320
25  78  50  64  -9   1   0 0.00  0.0    0  3.3  9 350   M    M   3 1      10  30
26  78  54  66  -7   0   1    T  0.0    0  8.0 21 160   M    M   3        26 170
27  84  65  75   2   0  10 0.08  0.0    0 15.6 29 170   M    M   8 3      39 170
28  79  63  71  -1   0   6 0.84  0.0    0 12.4 33 130   M    M   9 13     44 130
29  73  61  67  -5   0   2    T  0.0    0  6.2 14 350   M    M  10 1      18 350
30  77  61  69  -3   0   4 0.00  0.0    0  8.0 16 170   M    M   6 18     20 160
================================================================================
SM 2484 1901         3 254  8.95     0.0 264.7          M      155
================================================================================
AV 82.8 63.4                               8.8 FASTST   M    M   5    MAX(MPH)
                                 MISC ---->  # 33 130               # 44  130
================================================================================
NOTES:
# LAST OF SEVERAL OCCURRENCES

COLUMN 17 PEAK WIND IN M.P.H.

PRELIMINARY LOCAL CLIMATOLOGICAL DATA (WS FORM: F-6) , PAGE 2

                                          STATION:  OMAHA EPPLEY, NEBRASKA
                                          MONTH:    AUGUST
                                          YEAR:     2015
                                          LATITUDE:   41 17 N
                                          LONGITUDE:  95 54 W

[TEMPERATURE DATA]      [PRECIPITATION DATA]       SYMBOLS USED IN COLUMN 16

AVERAGE MONTHLY: 73.1   TOTAL FOR MONTH:   8.95    1 = FOG OR MIST
DPTR FM NORMAL:  -1.6   DPTR FM NORMAL:    5.24    2 = FOG REDUCING VISIBILITY
HIGHEST:    97 ON  2    GRTST 24HR  3.83 ON 17-18      TO 1/4 MILE OR LESS
LOWEST:     50 ON 25                               3 = THUNDER
                        SNOW, ICE PELLETS, HAIL    4 = ICE PELLETS
                        TOTAL MONTH:   0.0 INCH    5 = HAIL
                        GRTST 24HR     0.0         6 = FREEZING RAIN OR DRIZZLE
                        GRTST DEPTH:   0           7 = DUSTSTORM OR SANDSTORM:
                                                       VSBY 1/2 MILE OR LESS
                                                   8 = SMOKE OR HAZE
[NO. OF DAYS WITH]      [WEATHER - DAYS WITH]      9 = BLOWING SNOW
                                                   X = TORNADO
MAX 32 OR BELOW:   0    0.01 INCH OR MORE:   9
MAX 90 OR ABOVE:   2    0.10 INCH OR MORE:   7
MIN 32 OR BELOW:   0    0.50 INCH OR MORE:   7
MIN  0 OR BELOW:   0    1.00 INCH OR MORE:   3

[HDD (BASE 65) ]
TOTAL THIS MO.     3    CLEAR  (SCALE 0-3)  10
DPTR FM NORMAL     1    PTCLDY (SCALE 4-7)  15
TOTAL FM JUL 1     4    CLOUDY (SCALE 8-10)  5
DPTR FM NORMAL     1

[CDD (BASE 65) ]
TOTAL THIS MO.   254
DPTR FM NORMAL   -41    [PRESSURE DATA]
TOTAL FM JAN 1   942    HIGHEST SLP M ON M
DPTR FM NORMAL   -30    LOWEST  SLP 29.65 ON 18

[REMARKS]
