000
CXAK56 PAFG 281345
CF6OME
PRELIMINARY LOCAL CLIMATOLOGICAL DATA (WS FORM: F-6)

                                          STATION:   NOME AK
                                          MONTH:     MAY
                                          YEAR:      2017
                                          LATITUDE:   64 30 N
                                          LONGITUDE: 165 26 W

  TEMPERATURE IN F:       :PCPN:    SNOW:  WIND      :SUNSHINE: SKY     :PK WND
================================================================================
1   2   3   4   5  6A  6B    7    8   9   10  11  12  13   14  15   16   17  18
                                     12Z  AVG MX 2MIN
DY MAX MIN AVG DEP HDD CDD  WTR  SNW DPTH SPD SPD DIR MIN PSBL S-S WX    SPD DR
================================================================================

 1  47  35  41  11  24   0 0.00  0.0    0  7.1 13 340   M    M   5        16 350
 2  43  30  37   7  28   0 0.00  0.0    0  4.8 13 340   M    M   2        13 340
 3  40  26  33   2  32   0 0.00  0.0    0  5.1 15 270   M    M   1        18 270
 4  32  28  30  -1  35   0    T    T    0  6.8 14 230   M    M  10 1      16 240
 5  41  29  35   3  30   0 0.00  0.0    0  5.5 16  30   M    M   8        19  30
 6  53  32  43  11  22   0 0.00  0.0    0 13.8 20  90   M    M   7        29 100
 7  54  39  47  14  18   0 0.00  0.0    0 19.7 35  30   M    M   5 8      42  30
 8  42  31  37   4  28   0 0.00  0.0    0  5.8 16 350   M    M   7        20 360
 9  40  26  33  -1  32   0 0.00  0.0    0  4.9 16 240   M    M   2        18 240
10  43  27  35   1  30   0 0.00  0.0    0  4.7 14 140   M    M   4        16 150
11  53  32  43   8  22   0 0.00  0.0    0  6.7 14 140   M    M   2        17 100
12  60  36  48  13  17   0 0.00  0.0    0  8.6 14 270   M    M   0        18 200
13  56  31  44   8  21   0 0.00  0.0    0  8.0 21 130   M    M   6 12     26 130
14  35  27  31  -5  34   0 0.00  0.0    0 10.4 26 250   M    M   6 12     33 250
15  35  25  30  -7  35   0 0.00  0.0    0  6.6 13 270   M    M   4        15 270
16  57  29  43   6  22   0    T  0.0    0  5.8 15 350   M    M   7        17 350
17  51  32  42   4  23   0 0.00  0.0    0 10.7 22 250   M    M   3        24 250
18  43  30  37  -1  28   0 0.00  0.0    0  5.8 10 240   M    M   1        16 190
19  45  32  39   1  26   0    T  0.0    0  4.7 13 260   M    M   7        14 260
20  53  33  43   4  22   0 0.00  0.0    0  8.8 20 250   M    M   4        23 270
21  48  29  39   0  26   0 0.00  0.0    0  5.6 14 170   M    M   3 1      16 160
22  53  36  45   5  20   0 0.15  0.0    0  8.2 21 130   M    M   8 1      26 120
23  42  35  39  -1  26   0 0.04  0.0    0  8.3 20 120   M    M   9 1      23 130
24  40  33  37  -3  28   0 0.39    T    0 13.9 26 250   M    M  10 1      32 230
25  36  32  34  -7  31   0 0.01    T    0 16.0 24 240   M    M  10 1      29 260
26  38  31  35  -6  30   0 0.30  0.4    0 12.4 22 130   M    M  10 1      26 120
27  40  35  38  -3  27   0 0.05  0.0    0  8.4 17 130   M    M   9 1      20 130
================================================================================
SM 1220  841       717   0  0.94     0.4 227.1          M      150
================================================================================
AV 45.2 31.2                               8.4 FASTST   M    M   6    MAX(MPH)
                                 MISC ---->  # 35  30               # 42   30
================================================================================
NOTES:
# LAST OF SEVERAL OCCURRENCES

COLUMN 17 PEAK WIND IN M.P.H.

PRELIMINARY LOCAL CLIMATOLOGICAL DATA (WS FORM: F-6) , PAGE 2

                                          STATION:  NOME AK
                                          MONTH:    MAY
                                          YEAR:     2017
                                          LATITUDE:   64 30 N
                                          LONGITUDE: 165 26 W

[TEMPERATURE DATA]      [PRECIPITATION DATA]       SYMBOLS USED IN COLUMN 16

AVERAGE MONTHLY: 38.2   TOTAL FOR MONTH:   0.94    1 = FOG OR MIST
DPTR FM NORMAL:   2.2   DPTR FM NORMAL:    0.19    2 = FOG REDUCING VISIBILITY
HIGHEST:    60 ON 12    GRTST 24HR  0.39 ON 24-24      TO 1/4 MILE OR LESS
LOWEST:     25 ON 15                               3 = THUNDER
                        SNOW, ICE PELLETS, HAIL    4 = ICE PELLETS
                        TOTAL MONTH:   0.4 INCH    5 = HAIL
                        GRTST 24HR   0.4 ON 26-26  6 = FREEZING RAIN OR DRIZZLE
                        GRTST DEPTH:   0           7 = DUSTSTORM OR SANDSTORM:
                                                       VSBY 1/2 MILE OR LESS
                                                   8 = SMOKE OR HAZE
[NO. OF DAYS WITH]      [WEATHER - DAYS WITH]      9 = BLOWING SNOW
                                                   X = TORNADO
MAX 32 OR BELOW:   1    0.01 INCH OR MORE:   6
MAX 90 OR ABOVE:   0    0.10 INCH OR MORE:   3
MIN 32 OR BELOW:  19    0.50 INCH OR MORE:   0
MIN  0 OR BELOW:   0    1.00 INCH OR MORE:   0

[HDD (BASE 65) ]
TOTAL THIS MO.   717    CLEAR  (SCALE 0-3)   8
DPTR FM NORMAL   -67    PTCLDY (SCALE 4-7)  13
TOTAL FM JUL 1 12529    CLOUDY (SCALE 8-10)  6
DPTR FM NORMAL  -565

[CDD (BASE 65) ]
TOTAL THIS MO.     0
DPTR FM NORMAL     0    [PRESSURE DATA]
TOTAL FM JAN 1     0    HIGHEST SLP M ON M
DPTR FM NORMAL     0    LOWEST  SLP 29.57 ON 25

[REMARKS]
