000
CXUS56 KBOI 251002
CF6ONO
PRELIMINARY LOCAL CLIMATOLOGICAL DATA (WS FORM: F-6)

                                          STATION:   ONTARIO OR
                                          MONTH:     JUNE
                                          YEAR:      2017
                                          LATITUDE:   44  1 N
                                          LONGITUDE: 117  1 W

  TEMPERATURE IN F:       :PCPN:    SNOW:  WIND      :SUNSHINE: SKY     :PK WND
================================================================================
1   2   3   4   5  6A  6B    7    8   9   10  11  12  13   14  15   16   17  18
                                     12Z  AVG MX 2MIN
DY MAX MIN AVG DEP HDD CDD  WTR  SNW DPTH SPD SPD DIR MIN PSBL S-S WX    SPD DR
================================================================================

 1  75  56  66   2   0   1 0.05    M    M  5.7 24 310   M    M   4        30 310
 2  83  50  67   3   0   2 0.00    M    M  2.8  8 310   M    M   1        12 340
 3  85  55  70   6   0   5 0.00    M    M  2.3 10 330   M    M   0        13 340
 4  88  57  73   8   0   8 0.12    M    M 10.6 38 310   M    M   3 8      48 310
 5  79  49  64  -1   1   0 0.00    M    M  4.7 18 320   M    M   0        24 320
 6  87  47  67   2   0   2 0.00    M    M  4.1  9 250   M    M   0        12 350
 7  92  52  72   7   0   7 0.00    M    M  3.8 13 230   M    M   0        15 230
 8  73  55  64  -2   1   0 0.03    M    M  7.2 22 250   M    M   2        28 260
 9  73  50  62  -4   3   0    T    M    M  8.1 26 200   M    M   4        35 200
10  68  48  58  -8   7   0    T    M    M  7.2 28 310   M    M   3        32 310
11  76  43  60  -6   5   0 0.23    M    M  9.4 22 310   M    M   5 1      28 240
12  67  54  61  -6   4   0 0.16    M    M 12.1 30 320   M    M   8        37 320
13  73  49  61  -6   4   0 0.00    M    M  8.0 20 280   M    M   2        24 280
14  78  46  62  -5   3   0 0.00    M    M  4.2 13 100   M    M   0        19 100
15  80  51  66  -2   0   1 0.00    M    M  2.7  9  20   M    M   6        12 100
16  76  60  68   0   0   3    T    M    M  5.2 16 320   M    M   9        22 320
17  81  52  67  -1   0   2 0.00    M    M  4.2 12 300   M    M   1        14 300
18  88  54  71   3   0   6 0.00    M    M  3.9 12  40   M    M   2        18  30
19  97  59  78   9   0  13    T    M    M  3.8 15 190   M    M   0        22 250
20  98  65  82  13   0  17 0.01    M    M  8.8 40 150   M    M   0        47 150
21  90  64  77   8   0  12 0.00    M    M 17.7 29 320   M    M   0        34 320
22  86  60  73   3   0   8 0.00    M    M 10.4 23 320   M    M   0        28 320
23  88  55  72   2   0   7 0.00    M    M  4.0 12 310   M    M   0 8      15 300
24  93  58  76   6   0  11 0.00    M    M  4.3 10  40   M    M   0        14  40
================================================================================
SM 1974 1289        28 105  0.60    M    155.2          M       50
================================================================================
AV 82.3 53.7                               6.5 FASTST   M    M   2    MAX(MPH)
                                 MISC ---->  # 40 150               # 48  310
================================================================================
NOTES:
# LAST OF SEVERAL OCCURRENCES

COLUMN 17 PEAK WIND IN M.P.H.

PRELIMINARY LOCAL CLIMATOLOGICAL DATA (WS FORM: F-6) , PAGE 2

                                          STATION:  ONTARIO OR
                                          MONTH:    JUNE
                                          YEAR:     2017
                                          LATITUDE:   44  1 N
                                          LONGITUDE: 117  1 W

[TEMPERATURE DATA]      [PRECIPITATION DATA]       SYMBOLS USED IN COLUMN 16

AVERAGE MONTHLY: 68.0   TOTAL FOR MONTH:   0.60    1 = FOG OR MIST
DPTR FM NORMAL:   1.1   DPTR FM NORMAL:    0.00    2 = FOG REDUCING VISIBILITY
HIGHEST:    98 ON 20    GRTST 24HR  0.23 ON 11-11      TO 1/4 MILE OR LESS
LOWEST:     43 ON 11                               3 = THUNDER
                        SNOW, ICE PELLETS, HAIL    4 = ICE PELLETS
                        TOTAL MONTH:    M          5 = HAIL
                        GRTST 24HR    M  ON   M    6 = FREEZING RAIN OR DRIZZLE
                        GRTST DEPTH:  M  ON   M    7 = DUSTSTORM OR SANDSTORM:
                                                       VSBY 1/2 MILE OR LESS
                                                   8 = SMOKE OR HAZE
[NO. OF DAYS WITH]      [WEATHER - DAYS WITH]      9 = BLOWING SNOW
                                                   X = TORNADO
MAX 32 OR BELOW:   0    0.01 INCH OR MORE:   6
MAX 90 OR ABOVE:   5    0.10 INCH OR MORE:   3
MIN 32 OR BELOW:   0    0.50 INCH OR MORE:   0
MIN  0 OR BELOW:   0    1.00 INCH OR MORE:   0

[HDD (BASE 65) ]
TOTAL THIS MO.    28    CLEAR  (SCALE 0-3)  18
DPTR FM NORMAL   -19    PTCLDY (SCALE 4-7)   5
TOTAL FM JUL 1  6046    CLOUDY (SCALE 8-10)  1
DPTR FM NORMAL    49

[CDD (BASE 65) ]
TOTAL THIS MO.   105
DPTR FM NORMAL     9    [PRESSURE DATA]
TOTAL FM JAN 1   145    HIGHEST SLP M ON M
DPTR FM NORMAL    13    LOWEST  SLP 29.56 ON  7

[REMARKS]
