000
CXUS56 KBOI 201002
CF6ONO
PRELIMINARY LOCAL CLIMATOLOGICAL DATA (WS FORM: F-6)

                                          STATION:   ONTARIO OR
                                          MONTH:     JANUARY
                                          YEAR:      2017
                                          LATITUDE:   44  1 N
                                          LONGITUDE: 117  1 W

  TEMPERATURE IN F:       :PCPN:    SNOW:  WIND      :SUNSHINE: SKY     :PK WND
================================================================================
1   2   3   4   5  6A  6B    7    8   9   10  11  12  13   14  15   16   17  18
                                     12Z  AVG MX 2MIN
DY MAX MIN AVG DEP HDD CDD  WTR  SNW DPTH SPD SPD DIR MIN PSBL S-S WX    SPD DR
================================================================================

 1  17  13  15 -11  50   0 0.03    M    M  5.6 14 240   M    M  10 1      15 240
 2  19  13  16 -10  49   0 0.01    M    M  2.1  9 240   M    M  10 1      10 240
 3  24  18  21  -5  44   0 0.09    M    M  1.6  8 240   M    M  10 18      9 360
 4  26  21  24  -2  41   0 0.24    M    M  5.0 13 340   M    M  10 12     16 340
 5  21 -12   5 -21  60   0 0.00    M    M  2.7  8 320   M    M   3         8 320
 6   8 -19  -5 -32  70   0    T    M    M  3.5 10 230   M    M   6 128    12 240
 7  12 -20  -4 -31  69   0 0.28    M    M  4.5 14 250   M    M   6 18     17 260
 8  31  12  22  -5  43   0 0.56    M    M  5.4 15 280   M    M  10 126    16 270
 9  41  20  31   4  34   0    T    M    M  5.1 14 170   M    M   4 12     17 260
10  34  30  32   5  33   0 0.51    M    M  6.0 13 160   M    M  10 12     16 160
11  41  21  31   4  34   0 0.19    M    M  4.2 15 300   M    M   6 1      19 290
12  28   7  18  -9  47   0 0.00    M    M  3.9 13 240   M    M   3        14 240
13  15  -1   7 -20  58   0 0.00    M    M  3.2  8 160   M    M   7 12     10 240
14  14   9  12 -15  53   0    T    M    M  4.3  9 250   M    M   7 18     12 240
15  13  -5   4 -23  61   0    T    M    M  4.4  9 240   M    M   6 18     11 240
16   7 -10  -1 -28  66   0    T    M    M  2.4  9 240   M    M   5 18      9 240
17   9  -7   1 -26  64   0    T    M    M  2.6  9 260   M    M   4 128    11 240
18  22   6  14 -14  51   0 0.84    M    M  3.9 12 240   M    M   9 128    13 240
19  33  22  28   0  37   0 0.43    M    M  6.2 12 250   M    M  10 128    14 250
================================================================================
SM  415  118       964   0  3.18    M     76.6          M      136
================================================================================
AV 21.8  6.2                               4.0 FASTST   M    M   7    MAX(MPH)
                                 MISC ---->  # 15 280               # 19  290
================================================================================
NOTES:
# LAST OF SEVERAL OCCURRENCES

COLUMN 17 PEAK WIND IN M.P.H.

PRELIMINARY LOCAL CLIMATOLOGICAL DATA (WS FORM: F-6) , PAGE 2

                                          STATION:  ONTARIO OR
                                          MONTH:    JANUARY
                                          YEAR:     2017
                                          LATITUDE:   44  1 N
                                          LONGITUDE: 117  1 W

[TEMPERATURE DATA]      [PRECIPITATION DATA]       SYMBOLS USED IN COLUMN 16

AVERAGE MONTHLY: 14.0   TOTAL FOR MONTH:   3.18    1 = FOG OR MIST
DPTR FM NORMAL: -12.8   DPTR FM NORMAL:    2.37    2 = FOG REDUCING VISIBILITY
HIGHEST:    41 ON 11, 9 GRTST 24HR  1.20 ON 18-19      TO 1/4 MILE OR LESS
LOWEST:    -20 ON  7                               3 = THUNDER
                        SNOW, ICE PELLETS, HAIL    4 = ICE PELLETS
                        TOTAL MONTH:    M          5 = HAIL
                        GRTST 24HR    M  ON   M    6 = FREEZING RAIN OR DRIZZLE
                        GRTST DEPTH:  M  ON   M    7 = DUSTSTORM OR SANDSTORM:
                                                       VSBY 1/2 MILE OR LESS
                                                   8 = SMOKE OR HAZE
[NO. OF DAYS WITH]      [WEATHER - DAYS WITH]      9 = BLOWING SNOW
                                                   X = TORNADO
MAX 32 OR BELOW:  15    0.01 INCH OR MORE:  10
MAX 90 OR ABOVE:   0    0.10 INCH OR MORE:   7
MIN 32 OR BELOW:  19    0.50 INCH OR MORE:   3
MIN  0 OR BELOW:   7    1.00 INCH OR MORE:   0

[HDD (BASE 65) ]
TOTAL THIS MO.   964    CLEAR  (SCALE 0-3)   2
DPTR FM NORMAL   240    PTCLDY (SCALE 4-7)   9
TOTAL FM JUL 1  3462    CLOUDY (SCALE 8-10)  8
DPTR FM NORMAL   157

[CDD (BASE 65) ]
TOTAL THIS MO.     0
DPTR FM NORMAL     0    [PRESSURE DATA]
TOTAL FM JAN 1     0    HIGHEST SLP M ON M
DPTR FM NORMAL     0    LOWEST  SLP 29.43 ON 11

[REMARKS]
